NOAA-Style Climate Reports


Report for 2022 July
                   MONTHLY CLIMATOLOGICAL SUMMARY for JUL. 2022

NAME: Veriaweather   CITY: Veria   STATE: Imathia 
ELEV:   158 m  LAT:  40° 31' 23" N  LONG:  22° 12' 19" E

                   TEMPERATURE (°C), RAIN  (mm), WIND SPEED (km/hr)

                                      HEAT  COOL        AVG
    MEAN                              DEG   DEG         WIND                 DOM
DAY TEMP  HIGH   TIME   LOW    TIME   DAYS  DAYS  RAIN  SPEED HIGH   TIME    DIR
------------------------------------------------------------------------------------
 1  26.9  32.9   13:15  22.9    4:45   0.0   8.6   0.0   4.7  43.5   17:00   WSW
 2  29.2  36.9   15:10  22.1    4:45   0.0  10.9   0.0   4.0  35.4   19:15   WNW
 3  28.6  34.8   15:25  23.8    6:15   0.0  10.1   0.0   1.8  20.9   19:30   WNW
 4  28.5  35.1   16:35  22.9    4:40   0.0  10.2   0.0   2.4  19.3   13:50   WNW
 5  29.1  35.3   15:05  22.8    4:30   0.0  10.8   0.5   2.7  32.2   21:45    NW
 6  28.4  34.3   14:50  21.5    3:00   0.0  10.1   0.0   3.1  30.6   22:30   WNW
 7  28.8  33.7   16:30  24.8    4:10   0.0  10.5   0.0   1.9  27.4    4:45    NE
 8  23.8  30.2   11:35  18.4   23:10   0.0   5.5   7.6   0.5  17.7   22:15     E
 9  19.2  23.1   12:35  17.8    6:10   0.0   0.9   7.9   4.0  29.0   13:45   NNE
10  24.0  30.3   17:35  17.7    3:20   0.1   5.8   0.0   5.3  32.2    2:25     W
11  24.9  29.5   14:15  20.3    5:20   0.0   6.6   0.0   2.3  22.5    3:45    NE
12  23.9  29.2   16:40  18.7    4:20   0.0   5.6   0.0   2.4  20.9   11:05     W
13  24.4  29.2   13:15  20.7    3:30   0.0   9.1   0.0   2.9  24.1   17:30   ENE
14  26.0  31.8   15:25  19.6    4:30   0.0   7.7   0.0   4.2  20.9    3:20   WNW
15  27.7  34.1   16:30  21.2    4:00   0.0   9.4   0.0   3.5  20.9   19:05   WNW
16  29.9  36.6   15:15  22.9    3:15   0.0  11.6   0.0   3.5  20.9    4:30   WNW
17  30.1  35.5   14:40  25.2    4:55   0.0  11.8   0.0   3.2  27.4   20:15   WNW
18  27.1  32.4   14:35  21.2   23:40   0.0   8.8   0.0   2.1  19.3   11:00     S
19  25.8  31.6   15:05  20.3    4:05   0.0   7.5   0.0   1.9  20.9   12:10   WNW
20  26.5  32.3   14:00  21.4    4:15   0.0   8.2   0.0   3.1  20.9   18:50   WNW
21  29.0  35.7   16:10  21.2    3:45   0.0  10.7   0.0   3.4  24.1   12:10   WNW
22  30.9  38.4   16:50  24.6    3:50   0.0  12.6   0.0   2.4  19.3   12:45   WNW
23  30.3  37.9   14:10  23.4    2:40   0.0  12.0   0.0   1.4  16.1    3:50    NE
24  30.8  38.1   13:55  24.3    3:50   0.0  12.5   0.0   1.4  24.1   21:45    NE
25  30.4  36.1   16:15  24.7   23:55   0.0  12.1   0.0   2.3  22.5    4:10   WNW
26  28.5  34.4   13:50  23.1    3:00   0.0  10.2   0.0   1.3  17.7   13:15   WSW
27  29.6  36.2   15:10  23.0    4:20   0.0  11.3   0.0   0.6  16.1   20:10   ESE
28  29.6  36.2   13:30  25.1    1:45   0.0  11.3   0.0   4.7  46.7   16:25     W
29  29.3  35.6   14:15  23.6    4:00   0.0  11.0   0.0   1.3  17.7    0:05   WNW
30  29.1  35.2   13:20  23.4    4:05   0.0  10.8   0.0   1.9  20.9   15:45    NE
31  29.1  35.1   15:10  23.2    4:30   0.0  10.8   0.0   1.1  17.7    8:20     S
-------------------------------------------------------------------------------------
    27.7  38.4    22    17.7    10     0.1 294.8  16.0   2.6  46.7    28     WNW

Max >=  32.0: 23
Max <=   0.0:  0
Min <=   0.0:  0
Min <= -18.0:  0
Max Rain: 7.87 ON 09/07/22
Days of Rain: 3 (> .2 mm) 2 (> 2 mm) 0 (> 20 mm)
Heat Base:  18.3  Cool Base:  18.3  Method: Integration