NOAA-Style Climate Reports


Report for 2022 April
                   MONTHLY CLIMATOLOGICAL SUMMARY for APR. 2022

NAME: Veriaweather   CITY: Veria   STATE: Imathia 
ELEV:   158 m  LAT:  40° 31' 23" N  LONG:  22° 12' 19" E

                   TEMPERATURE (°C), RAIN  (mm), WIND SPEED (km/hr)

                                      HEAT  COOL        AVG
    MEAN                              DEG   DEG         WIND                 DOM
DAY TEMP  HIGH   TIME   LOW    TIME   DAYS  DAYS  RAIN  SPEED HIGH   TIME    DIR
------------------------------------------------------------------------------------
 1  15.7  19.6   15:55  12.6    1:20   2.6   0.1   1.5   3.2  66.0   21:35     W
 2  15.8  19.8   12:25  13.1   00:00   2.6   0.1   0.0  15.1  69.2   17:55     W
 3  13.7  17.4   16:55   9.2    5:05   4.7   0.0   0.0  10.0  51.5   17:20     W
 4  10.6  13.6   16:00   7.4    7:05   7.8   0.0   3.6   2.1  22.5    2:35    NW
 5  10.5  14.4   18:00   7.8    5:30   7.8   0.0   0.0   1.0  16.1   21:20    NW
 6  14.2  21.2   16:25   8.0    5:45   4.6   0.5   0.0   2.4  17.7   17:35   WNW
 7  13.7  18.3   19:05   9.2    7:20   4.7   0.0   2.0   3.5  30.6   20:45    NE
 8  19.2  26.2   17:15  13.2    6:55   1.4   2.3   0.0   4.7  33.8   12:25   WNW
 9  19.9  27.9   16:20  12.8    6:50   1.3   2.8   0.0   2.9  32.2   23:00    NW
10  16.2  20.4    0:05   9.6   20:05   2.5   0.3   1.3  10.6  48.3    5:30   WNW
11  12.4  16.4   16:55   9.8   23:30   5.8   0.0   0.0  11.7  54.7    4:10    NE
12  13.2  20.5   18:05   7.2    7:15   5.4   0.2   0.0   3.4  19.3   12:45   WNW
13  13.6  20.9   17:50   7.1    7:25   5.0   0.3   0.0   2.1  17.7   16:40   WNW
14  14.3  21.9   16:05   8.4    6:45   4.6   0.6   0.0   1.9  20.9   15:40   ESE
15  16.2  24.7   17:40   9.3    5:10   3.4   1.3   0.0   1.8  16.1    5:05    NE
16  16.8  21.9   18:05  11.7    6:15   2.3   0.8   0.0   1.1  14.5    0:55     N
17  12.3  16.6    0:35   8.6   21:45   6.0   0.0   5.6   1.3  20.9    2:45   WNW
18   8.2   9.2    5:00   7.2   23:55  10.1   0.0   6.9   0.5  12.9   10:50   NNE
19   9.8  13.8   14:55   6.8    4:00   8.5   0.0   1.0   1.4  17.7   12:50   NNE
20  10.9  15.8   18:20   6.7    5:50   7.3   0.0   0.0   3.7  22.5   16:10    NE
21  10.9  14.2   16:55   8.1    7:10   7.4   0.0   0.0   1.6  16.1    2:15    SW
22  12.6  14.3   18:10  10.7    7:05   5.7   0.0   0.0   1.8  16.1   14:35    SW
23  17.8  25.2   17:05  10.8    6:15   2.4   1.9   0.0   2.3  20.9    3:50   WNW
24  19.9  26.7   15:30  13.4    6:50   1.2   2.8   0.0   2.6  20.9    5:50    NW
25  20.0  27.8   17:05  14.1    5:15   1.2   2.9   0.0   1.3  17.7   14:55    NE
26  21.1  27.7   17:45  14.3    7:15   0.7   3.4   0.0   4.3  24.1    5:10   WNW
27  20.4  27.4   15:35  14.0    7:00   1.0   3.1   0.0   2.1  19.3   16:05    NW
28  20.2  26.9   16:00  14.2    5:45   1.0   2.9   0.0   2.1  29.0   22:20    NW
29  18.9  22.9   16:10  14.2    6:50   0.8   1.5   0.0   1.3  16.1   14:40   NNE
30  17.2  21.3   18:10  14.6    7:35   1.5   0.4   0.5   1.3  24.1   23:00    NE
-------------------------------------------------------------------------------------
    15.2  27.9     9     6.7    20   121.3  28.2  22.4   3.5  69.2     2      NE

Max >=  32.0:  0
Max <=   0.0:  0
Min <=   0.0:  0
Min <= -18.0:  0
Max Rain: 6.86 ON 18/04/22
Days of Rain: 8 (> .2 mm) 4 (> 2 mm) 0 (> 20 mm)
Heat Base:  18.3  Cool Base:  18.3  Method: Integration