NOAA-Style Climate Reports


Report for 2022 March
                   MONTHLY CLIMATOLOGICAL SUMMARY for MAR. 2022

NAME: Veriaweather   CITY: Veria   STATE: Imathia 
ELEV:   158 m  LAT:  40° 31' 23" N  LONG:  22° 12' 19" E

                   TEMPERATURE (°C), RAIN  (mm), WIND SPEED (km/hr)

                                      HEAT  COOL        AVG
    MEAN                              DEG   DEG         WIND                 DOM
DAY TEMP  HIGH   TIME   LOW    TIME   DAYS  DAYS  RAIN  SPEED HIGH   TIME    DIR
------------------------------------------------------------------------------------
 1   2.3   5.3    0:05   1.1    6:50  16.0   0.0  17.5   0.0   0.0     ---   ---
 2   4.6   8.4   14:15   1.5    2:15  13.7   0.0   3.6   0.0   0.0     ---   ---
 3   6.1  11.6   14:50   1.9    5:50  12.2   0.0   0.0   0.0   0.0     ---   ---
 4   7.6  12.1   16:45   4.2    7:30  10.7   0.0   2.0   0.0   0.0     ---   ---
 5   5.8   6.7    1:10   5.3   22:20  12.5   0.0   9.1   0.0   0.0     ---   ---
 6   5.3   6.5   16:40   4.2    6:55  13.0   0.0   7.4   0.0   0.0     ---   ---
 7   6.8  10.8   16:00   4.4   23:55  11.4   0.0   3.0   0.0   0.0     ---   ---
 8   3.6   4.8   13:35   1.4   00:00  14.7   0.0   9.9   0.0   0.0     ---   ---
 9   3.1   6.9   15:55   0.7    5:35  15.2   0.0   8.6   0.0   0.0     ---   ---
10   3.9   8.0   15:35  -0.2    7:15  14.4   0.0   0.0   0.0   0.0     ---   ---
11   2.5   6.9   12:35  -1.4    5:10  15.8   0.0   0.0   0.0   0.0     ---   ---
12   2.8   8.2   17:05  -1.4    5:45  15.5   0.0   0.0   0.0   0.0     ---   ---
13   4.3  10.4   16:20  -0.9    6:55  14.0   0.0   0.0   0.0   0.0     ---   ---
14   6.7  13.2   15:45   1.5    6:55  11.6   0.0   0.0   0.0   0.0     ---   ---
15   7.9  15.4   14:40   1.8    6:45  10.4   0.0   0.0   0.0   0.0     ---   ---
16   8.9  14.2   16:10   4.9    6:25   9.4   0.0   0.0   0.0   0.0     ---   ---
17  10.1  15.2   13:00   6.6   00:00   8.2   0.0   2.5   0.0   0.0     ---   ---
18   4.2   6.6    0:05   3.1   13:30  14.1   0.0   1.0   0.0   0.0     ---   ---
19   4.7   8.7   16:00   1.5    6:10  13.6   0.0   0.0   0.0   0.0     ---   ---
20   5.1   9.4   15:05   0.6    7:00  13.3   0.0   0.0   0.0   0.0     ---   ---
21   6.2  11.7   15:40   1.3    5:50  12.1   0.0   0.0   0.0   0.0     ---   ---
22  10.7  17.0   16:30   3.8    2:40   7.6   0.0   0.0   0.0   0.0     ---   ---
23  11.8  18.2   17:25   5.7    5:10   6.5   0.0   0.0   0.0   0.0     ---   ---
24  14.7  22.1   16:30   7.4    4:00   4.3   0.7   0.0   0.0   0.0     ---   ---
25  17.8  24.1   14:55  11.8    5:35   2.0   1.4   0.0   0.0   0.0     ---   ---
26  14.6  20.6   16:35   9.5   23:55   4.0   0.3   0.0   0.0   0.0     ---   ---
27  14.1  23.2   17:00   6.8    7:20   4.8   0.8   0.0   0.0   0.0     ---   ---
28  13.2  16.8   13:55   9.6    6:35   5.1   0.0   0.0   0.0   0.0     ---   ---
29  13.0  17.9   15:45   7.6    7:45   5.3   0.0   0.0   0.0   0.0     ---   ---
30  13.6  19.2   16:30   8.3    7:15   4.8   0.0   0.0   0.0   0.0     ---   ---
31  13.7  15.6   13:45  11.8    4:40   4.6   0.0   0.8   0.0   0.0     ---   ---
-------------------------------------------------------------------------------------
     8.1  24.1    25    -1.4    12   320.8   3.2  65.5   0.0   0.0     ---   ---

Max >=  32.0:  0
Max <=   0.0:  0
Min <=   0.0:  4
Min <= -18.0:  0
Max Rain: 17.53 ON 01/03/22
Days of Rain: 11 (> .2 mm) 9 (> 2 mm) 0 (> 20 mm)
Heat Base:  18.3  Cool Base:  18.3  Method: Integration