NOAA-Style Climate Reports


Report for 2022 February
                   MONTHLY CLIMATOLOGICAL SUMMARY for FEB. 2022

NAME: Veriaweather   CITY: Veria   STATE: Imathia 
ELEV:   158 m  LAT:  40° 31' 23" N  LONG:  22° 12' 19" E

                   TEMPERATURE (°C), RAIN  (mm), WIND SPEED (km/hr)

                                      HEAT  COOL        AVG
    MEAN                              DEG   DEG         WIND                 DOM
DAY TEMP  HIGH   TIME   LOW    TIME   DAYS  DAYS  RAIN  SPEED HIGH   TIME    DIR
------------------------------------------------------------------------------------
 1   6.1   8.3   12:30   4.3   23:15  12.3   0.0   3.6   0.0   0.0     ---   ---
 2   5.9   7.6   21:55   3.8    4:35  12.4   0.0   0.3   0.0   0.0     ---   ---
 3   7.3   9.8   12:35   2.8   00:00  11.0   0.0   0.0   0.0   0.0     ---   ---
 4   5.6  12.4   13:50   1.7    6:45  12.7   0.0   0.0   0.0   0.0     ---   ---
 5   7.3  13.6   13:40   1.6    6:05  11.0   0.0   0.0   0.0   0.0     ---   ---
 6  10.7  17.1   14:15   6.1    5:50   7.7   0.0   0.0   0.0   0.0     ---   ---
 7   8.4  11.4   11:30   5.7    3:00   9.9   0.0   1.3   0.0   0.0     ---   ---
 8   6.7   8.6   12:40   5.6   21:05  11.6   0.0   0.0   0.0   0.0     ---   ---
 9   9.9  14.7   13:15   4.7    5:05   8.4   0.0   0.0   0.0   0.0     ---   ---
10   9.8  16.7   15:00   5.7    6:55   8.5   0.0   0.0   0.0   0.0     ---   ---
11   9.5  16.7   15:10   4.6    5:10   8.8   0.0   0.0   0.0   0.0     ---   ---
12  10.6  16.0   14:55   5.6    3:50   7.7   0.0   1.3   0.0   0.0     ---   ---
13   8.6  10.1   13:50   7.5    7:20   9.7   0.0   5.3   0.0   0.0     ---   ---
14   8.6  12.5   14:50   5.8   00:00   9.7   0.0   0.0   0.0   0.0     ---   ---
15   8.8  14.1   14:25   4.6    4:10   9.5   0.0   0.0   0.0   0.0     ---   ---
16   9.8  11.8   13:10   7.0    0:35   8.5   0.0   0.0   0.0   0.0     ---   ---
17  13.2  18.7   16:00   9.6   00:00   4.7   0.0   0.0   0.0   0.0     ---   ---
18  12.6  18.0   15:40   8.0    2:30   5.7   0.0   0.0   0.0   0.0     ---   ---
19  11.7  19.0   15:35   6.6    7:20   6.6   0.0   0.0   0.0   0.0     ---   ---
20  11.8  15.8   16:10   8.0    7:15   6.5   0.0   0.0   0.0   0.0     ---   ---
21  12.7  18.3   14:30   8.4    4:20   5.6   0.0   0.0   0.0   0.0     ---   ---
22  10.3  14.7   14:25   7.6   21:30   8.0   0.0  11.9   0.0   0.0     ---   ---
23   9.9  12.7   13:25   6.9    2:15   8.3   0.0   0.3   0.0   0.0     ---   ---
24  10.2  14.2   16:15   6.2   00:00   8.1   0.0   0.0   0.0   0.0     ---   ---
25   8.7  15.7   15:10   3.6    7:05   9.6   0.0   0.0   0.0   0.0     ---   ---
26   8.8  13.7   14:20   4.1    4:05   9.5   0.0   0.3   0.0   0.0     ---   ---
27   5.1   9.1    0:05   1.4   12:35  13.2   0.0  40.4   0.0   0.0     ---   ---
28   5.8   8.0   12:30   4.6    4:10  12.5   0.0   0.0   0.0   0.0     ---   ---
-------------------------------------------------------------------------------------
     9.1  19.0    19     1.4    27   257.6   0.0  64.5   0.0   0.0     ---   ---

Max >=  32.0:  0
Max <=   0.0:  0
Min <=   0.0:  0
Min <= -18.0:  0
Max Rain: 40.39 ON 27/02/22
Days of Rain: 9 (> .2 mm) 4 (> 2 mm) 1 (> 20 mm)
Heat Base:  18.3  Cool Base:  18.3  Method: Integration