NOAA-Style Climate Reports


Report for 2021 December
                   MONTHLY CLIMATOLOGICAL SUMMARY for DEC. 2021

NAME: Veriaweather   CITY: Veria   STATE: Imathia 
ELEV:   158 m  LAT:  40° 31' 23" N  LONG:  22° 12' 19" E

                   TEMPERATURE (°C), RAIN  (mm), WIND SPEED (km/hr)

                                      HEAT  COOL        AVG
    MEAN                              DEG   DEG         WIND                 DOM
DAY TEMP  HIGH   TIME   LOW    TIME   DAYS  DAYS  RAIN  SPEED HIGH   TIME    DIR
------------------------------------------------------------------------------------
 1   6.5  13.1   15:35   2.3    7:05  11.8   0.0   0.0   0.0   0.0     ---   ---
 2   8.6  14.1   14:20   4.9    5:25   9.7   0.0   0.0   0.0   0.0     ---   ---
 3  10.7  14.4   12:50   7.4    5:05   7.6   0.0   0.0   0.0   0.0     ---   ---
 4  11.1  16.3   14:00   8.3   00:00   7.2   0.0   0.0   0.0   0.0     ---   ---
 5  10.3  16.1   15:00   6.6    7:25   8.0   0.0   0.0   0.0   0.0     ---   ---
 6  11.4  14.1   12:45   9.9    8:10   6.9   0.0   4.3   0.0   0.0     ---   ---
 7   8.9  10.9    0:20   5.6   00:00   9.4   0.0   1.5   0.0   0.0     ---   ---
 8   7.3  13.8   14:45   3.9    6:05  11.0   0.0   0.0   0.0   0.0     ---   ---
 9   7.4  11.4   13:10   4.1    6:25  10.8   0.0   0.3   0.0   0.0     ---   ---
10  10.8  14.4   14:40   8.5    0:45   7.5   0.0   0.8   0.0   0.0     ---   ---
11   8.7   9.9   20:50   7.4    4:50   9.6   0.0  12.4   0.0   0.0     ---   ---
12   9.5  12.9   14:00   6.2   22:10   8.8   0.0   0.3   0.0   0.0     ---   ---
13   5.9   7.9   12:05   4.5    7:00  12.4   0.0   3.0   0.0   0.0     ---   ---
14   6.7   8.9   16:10   5.2    1:55  11.6   0.0   2.5   0.0   0.0     ---   ---
15   7.3  11.9   13:25   5.2    8:25  11.0   0.0   0.3   0.0   0.0     ---   ---
16   6.9  11.9   12:35   4.4    3:20  11.3   0.0   0.0   0.0   0.0     ---   ---
17   8.1  13.7   14:25   3.9    6:25  10.2   0.0   0.0   0.0   0.0     ---   ---
18   6.8   9.0   14:00   5.4   22:05  11.4   0.0   0.0   0.0   0.0     ---   ---
19   6.1  11.0   15:00   3.4    7:45  12.2   0.0   0.0   0.0   0.0     ---   ---
20   7.9  12.8   14:30   3.8    8:20  10.4   0.0   0.0   0.0   0.0     ---   ---
21   5.2  10.8   15:00   1.1   00:00  13.2   0.0   0.0   0.0   0.0     ---   ---
22   2.7   8.6   15:10  -0.8    6:20  15.6   0.0   0.0   0.0   0.0     ---   ---
23   2.2   7.6   15:25  -0.7    7:35  16.1   0.0   0.0   0.0   0.0     ---   ---
24   3.3   8.8   15:35  -0.3    7:35  15.0   0.0   0.0   0.0   0.0     ---   ---
25   6.4  12.6   15:45   2.4    7:35  11.9   0.0   0.0   0.0   0.0     ---   ---
26   8.2  10.1   13:55   6.2    5:35  10.1   0.0   0.0   0.0   0.0     ---   ---
27   9.6  11.3   14:45   7.4    3:35   8.8   0.0   0.0   0.0   0.0     ---   ---
28  10.5  13.0   13:55   8.3    4:50   7.8   0.0   0.0   0.0   0.0     ---   ---
29  11.0  12.8   11:25   8.6    6:45   7.3   0.0   0.0   0.0   0.0     ---   ---
30  11.8  13.7   14:35   9.7    5:05   6.5   0.0   0.0   0.0   0.0     ---   ---
31  12.3  17.9   13:40   7.9    7:35   6.0   0.0   0.0   0.0   0.0     ---   ---
-------------------------------------------------------------------------------------
     8.1  17.9    31    -0.8    22   317.1   0.0  25.4   0.0   0.0     ---   ---

Max >=  32.0:  0
Max <=   0.0:  0
Min <=   0.0:  3
Min <= -18.0:  0
Max Rain: 12.45 ON 11/12/21
Days of Rain: 9 (> .2 mm) 4 (> 2 mm) 0 (> 20 mm)
Heat Base:  18.3  Cool Base:  18.3  Method: Integration