NOAA-Style Climate Reports


Report for 2021 November
                   MONTHLY CLIMATOLOGICAL SUMMARY for NOV. 2021

NAME: Veriaweather   CITY: Veria   STATE: Imathia 
ELEV:   158 m  LAT:  40° 31' 23" N  LONG:  22° 12' 19" E

                   TEMPERATURE (°C), RAIN  (mm), WIND SPEED (km/hr)

                                      HEAT  COOL        AVG
    MEAN                              DEG   DEG         WIND                 DOM
DAY TEMP  HIGH   TIME   LOW    TIME   DAYS  DAYS  RAIN  SPEED HIGH   TIME    DIR
------------------------------------------------------------------------------------
 1  13.2  19.2   15:40   9.3    7:00   5.1   0.1   0.0   3.9  17.7    1:45   WNW
 2  12.5  16.8   16:25  10.7    8:45   5.8   0.0   5.1   1.6  17.7   11:40     N
 3  14.9  20.7   15:45  11.0    6:40   3.7   0.3   0.0   1.1  12.9    9:35     N
 4  15.9  17.6   14:30  14.8    4:50   2.3   0.0   0.0   0.2   8.0   10:05     N
 5  16.6  17.6   16:00  15.8    7:25   1.7   0.0   0.0   0.5  12.9   22:45     N
 6  18.4  26.0   14:55  14.0    6:50   1.4   1.6   0.0   2.1  16.1   21:15     N
 7  18.2  23.1   14:45  15.5    6:25   1.1   1.0   0.0   2.9  17.7   23:30     N
 8  15.9  20.0   14:00  12.6    7:35   2.5   0.1   0.0   1.4  16.1    0:30     N
 9  15.9  18.1   14:05  11.9   00:00   2.4   0.0   0.0   1.6  19.3   23:45     N
10  11.2  13.3    3:35   9.6   23:15   7.1   0.0   0.3   2.4  17.7    1:10     N
11  10.3  14.8   15:20   7.3    7:25   8.0   0.0   0.0   3.2  16.1   19:30   NNW
12   9.9  15.4   15:40   5.8    6:20   8.4   0.0   0.0   3.1  14.5    0:35    NW
13  10.3  16.7   14:55   6.5    6:15   8.0   0.0   0.0   4.5  17.7    3:55    NW
14  10.9  15.2   13:30   8.1    4:25   7.4   0.0   0.0   3.7  17.7    0:15   WNW
15  11.8  13.0   12:45  10.0    2:55   6.5   0.0   0.0   1.8  16.1    0:15   WNW
16  12.2  13.4   15:30  11.4    2:10   6.1   0.0   0.0   0.8  16.1   12:20     N
17  11.5  12.4   13:30  10.8    3:20   6.8   0.0   1.0   0.2   8.0   13:35     N
18  12.1  15.1   11:50   8.9    7:35   6.2   0.0   0.0   1.0  12.9    7:50     N
19  10.8  14.4   14:55   8.4   20:40   7.5   0.0   0.0   3.4  27.4   21:05     N
20  12.6  18.8   15:00   8.4    6:05   5.7   0.0   0.0   8.5  29.0    0:25   WNW
21  12.1  18.0   14:45   8.0    7:25   6.2   0.0   0.0   4.0  19.3    1:30   WNW
22  11.8  15.3   13:15   8.2    5:25   6.5   0.0   1.5   2.1  16.1    3:20   WNW
23  13.1  15.9   14:30  10.8    7:30   5.3   0.0   4.3   0.3  12.9   14:50   WNW
24  10.0  11.6    0:05   9.3    7:50   8.3   0.0   6.1   0.5  12.9    1:45    NW
25   9.1  10.0    1:20   8.5    8:40   9.2   0.0   0.0   0.6  11.3   12:45    NW
26   8.3   9.4   20:45   7.5    9:55  10.0   0.0   5.8   1.9  17.7   12:35     N
27  10.9  14.7   14:45   7.7    0:05   7.4   0.0   0.0   1.1  14.5    0:20     N
28  12.9  15.2   14:20  11.1    3:10   5.3   0.0   8.1   3.2  30.6    5:25   NNE
29  12.3  14.6    8:10  10.2   23:55   6.0   0.0   4.1   0.2   9.7    0:30   NNE
30   7.9  12.2    7:05   3.4   00:00  10.4   0.0   0.8   0.0   0.0     ---   ---
-------------------------------------------------------------------------------------
    12.5  26.0     6     3.4    30   178.3   3.0  37.1   2.1  30.6    28       N

Max >=  32.0:  0
Max <=   0.0:  0
Min <=   0.0:  0
Min <= -18.0:  0
Max Rain: 8.13 ON 28/11/21
Days of Rain: 10 (> .2 mm) 6 (> 2 mm) 0 (> 20 mm)
Heat Base:  18.3  Cool Base:  18.3  Method: Integration