NOAA-Style Climate Reports


Report for 2021 October
                   MONTHLY CLIMATOLOGICAL SUMMARY for OCT. 2021

NAME: Veriaweather   CITY: Veria   STATE: Imathia 
ELEV:   158 m  LAT:  40° 31' 23" N  LONG:  22° 12' 19" E

                   TEMPERATURE (°C), RAIN  (mm), WIND SPEED (km/hr)

                                      HEAT  COOL        AVG
    MEAN                              DEG   DEG         WIND                 DOM
DAY TEMP  HIGH   TIME   LOW    TIME   DAYS  DAYS  RAIN  SPEED HIGH   TIME    DIR
------------------------------------------------------------------------------------
 1  16.6  18.6   13:10  14.7   00:00   1.8   0.0   0.0   2.3  19.3   22:40    NE
 2  16.6  23.0   16:25  11.9    7:40   2.6   0.8   0.0   3.7  19.3   20:40   WNW
 3  17.0  23.8   15:25  11.9    7:30   2.4   1.1   0.0   3.1  17.7    2:20   WNW
 4  17.9  25.1   15:25  13.1    6:15   1.9   1.5   0.0   3.9  16.1    1:10   WNW
 5  17.9  24.1   15:15  12.8    7:40   1.7   1.4   0.0   2.4  17.7    2:20   WNW
 6  17.6  20.5   16:30  15.6    3:05   1.0   0.3   0.0   1.0  12.9   11:00    NE
 7  14.2  17.1    0:05  13.1    8:50   4.1   0.0  20.8   3.9  19.3   11:40    NE
 8  13.3  13.8    5:45  12.6   11:15   5.0   0.0  27.2   0.0   8.0    0:10    NE
 9  12.9  13.2   17:45  12.8    5:05   5.3   0.0  19.3   0.0   0.0     ---   ---
10  13.5  14.1   17:20  12.9    1:15   4.8   0.0  14.7   0.0   0.0     ---   ---
11  15.7  18.9   15:05  13.8    0:05   2.6   0.0  11.7   0.8  16.1   21:35    NE
12  13.9  17.3   16:10  11.2   00:00   4.4   0.0   5.3   3.1  22.5   22:15    NE
13  13.6  19.1   14:25   9.5    7:15   4.7   0.0   0.5   3.9  24.1    0:15     W
14  10.3  13.0    0:05   9.1   11:50   8.0   0.0  18.0   0.6  12.9   11:05     W
15  10.9  12.8   20:35   8.9    1:10   7.4   0.0  20.3   1.0  24.1   23:25     W
16  14.0  16.9   13:40  11.6    0:15   4.3   0.0   1.3   4.8  27.4    2:10     W
17  14.8  18.3   14:35  12.0    1:25   3.5   0.0   0.0   2.6  29.0    3:15   WNW
18  16.1  20.0   16:30  13.5    5:30   2.4   0.2   0.0   1.3  14.5   20:50   WNW
19  15.9  21.5   15:55  11.8    8:00   2.9   0.5   0.0   4.3  19.3    8:15   WNW
20  14.8  20.7   15:35  10.5    7:45   3.8   0.2   0.0   3.2  16.1    3:00   WNW
21  14.8  20.7   16:50  10.7    7:50   3.7   0.3   0.0   3.7  17.7   20:30   WNW
22  16.1  22.7   16:35  11.2    7:20   3.0   0.7   0.0   3.2  16.1    4:00   WNW
23  16.6  22.4   14:45  11.7    8:20   2.4   0.7   0.3   1.8  17.7    0:25   WNW
24  15.4  17.5   14:55  13.4   00:00   2.9   0.0   0.0   2.6  19.3   20:05   WNW
25  11.6  15.4   17:35   9.0   00:00   6.7   0.0   1.3   3.5  24.1   21:25    NE
26  11.2  16.9   15:25   7.7    7:00   7.1   0.0   0.0   4.0  20.9    0:05   WNW
27  11.7  18.7   16:20   7.7    7:45   6.7   0.0   0.0   5.6  20.9    1:00   WNW
28  12.4  18.8   16:10   8.2    7:00   5.9   0.0   0.0   4.3  20.9   23:25   WNW
29  12.7  19.5   16:40   8.8    8:00   5.7   0.0   0.0   4.3  22.5   20:20   WNW
30  12.8  19.2   15:25   8.2    8:25   5.5   0.0   0.0   3.7  17.7   20:10   WNW
31  13.8  18.7   12:50  10.3    5:20   4.5   0.0   0.0   1.4  14.5   20:50   WNW
-------------------------------------------------------------------------------------
    14.4  25.1     4     7.7    26   128.6   7.9 140.7   2.7  29.0    17     WNW

Max >=  32.0:  0
Max <=   0.0:  0
Min <=   0.0:  0
Min <= -18.0:  0
Max Rain: 27.18 ON 08/10/21
Days of Rain: 12 (> .2 mm) 8 (> 2 mm) 3 (> 20 mm)
Heat Base:  18.3  Cool Base:  18.3  Method: Integration