NOAA-Style Climate Reports


Report for 2021 Αύγουστος
                   MONTHLY CLIMATOLOGICAL SUMMARY for AUG. 2021

NAME: Veriaweather   CITY: Veria   STATE: Imathia 
ELEV:   158 m  LAT:  40° 31' 23" N  LONG:  22° 12' 19" E

                   TEMPERATURE (°C), RAIN  (mm), WIND SPEED (km/hr)

                                      HEAT  COOL        AVG
    MEAN                              DEG   DEG         WIND                 DOM
DAY TEMP  HIGH   TIME   LOW    TIME   DAYS  DAYS  RAIN  SPEED HIGH   TIME    DIR
------------------------------------------------------------------------------------
 1  31.7  38.9   16:25  26.1    8:25   0.0  13.4   0.0   0.0   0.0     ---   ---
 2  32.4  40.3   17:30  25.1    7:20   0.0  14.1   0.0   0.0   0.0     ---   ---
 3  34.8  40.0   17:45  29.1    7:30   0.0  16.5   0.0   0.0   0.0     ---   ---
 4  34.2  40.7   17:30  28.5    6:10   0.0  15.9   0.0   0.0   0.0     ---   ---
 5  31.3  37.1   17:40  26.3    7:05   0.0  13.0   0.0   0.0   0.0     ---   ---
 6  31.7  35.6   16:55  27.8    0:10   0.0  13.4   0.0   0.0   0.0     ---   ---
 7  29.3  35.4   17:05  23.3    6:50   0.0  11.0   0.0   0.0   0.0     ---   ---
 8  28.2  34.4   17:10  22.2    6:45   0.0   9.9   0.0   0.0   0.0     ---   ---
 9  30.2  39.7   18:05  23.1    6:00   0.0  11.8   0.0   0.0   0.0     ---   ---
10  31.1  39.4   17:00  24.1    5:50   0.0  12.8   0.0   0.0   0.0     ---   ---
11  29.2  36.1   18:25  24.0   22:40   0.0  10.9   5.6   0.0   0.0     ---   ---
12  28.4  35.5   16:45  21.8    5:30   0.0  10.2   0.0   0.0   0.0     ---   ---
13  29.3  35.6   16:30  24.3    6:45   0.0  11.0   0.0   0.0   0.0     ---   ---
14  28.1  34.3   19:00  23.1    6:30   0.0   9.8   0.0   0.0   0.0     ---   ---
15  27.9  34.3   17:45  22.4    6:25   0.0   9.6   0.0   0.0   0.0     ---   ---
16  28.0  34.7   17:10  22.1    6:25   0.0   9.7   0.0   0.0   0.0     ---   ---
17  28.2  35.1   16:50  22.2    7:00   0.0   9.8   0.0   0.0   0.0     ---   ---
18  28.2  34.7   17:00  23.5    6:55   0.0   9.9   5.8   0.5  35.4   22:05    NW
19  25.8  31.4   18:00  21.5    8:20   0.0   7.5   0.0   1.8  20.9   18:50   WNW
20  25.7  29.6   16:15  22.7    7:00   0.0   7.3   0.0   1.6  20.9   13:50     W
21  24.9  28.8   17:50  22.7    7:45   0.0   6.7   0.0   1.4  19.3   23:15   NNE
22  26.7  33.2   16:30  21.1    7:20   0.0   8.4   0.0   4.0  22.5    2:20   WNW
23  27.2  33.4   18:00  21.7    5:15   0.0   8.9   0.0   1.8  19.3   18:10   WNW
24  27.1  33.6   17:20  21.6    5:35   0.0   8.8   0.0   2.1  17.7    2:30   WNW
25  26.2  33.1   16:15  21.8    5:55   0.0   7.9   0.8   2.4  38.6   16:40    NE
26  24.9  29.7   14:50  21.3    6:20   0.0   6.6   0.5   3.4  45.1   17:55   WNW
27  26.2  33.1   17:45  21.1    6:30   0.0   7.9   0.0   1.8  17.7   14:15   WNW
28  27.4  32.9   17:40  22.8    7:10   0.0   9.1   0.0   2.4  22.5   17:25   WNW
29  27.3  33.2   17:00  22.3    7:25   0.0   9.1   0.0   2.9  22.5   16:30   WNW
30  25.9  32.1   16:45  20.0    7:35   0.0   7.6   0.0   2.4  24.1   23:45   WNW
31  25.7  31.9   17:30  20.0    7:45   0.0   7.4   0.0   3.4  25.7    0:15   WNW
-------------------------------------------------------------------------------------
    28.5  40.7     4    20.0    30     0.0 315.7  12.7   1.0  45.1    26     WNW

Max >=  32.0: 26
Max <=   0.0:  0
Min <=   0.0:  0
Min <= -18.0:  0
Max Rain: 5.84 ON 18/08/21
Days of Rain: 4 (> .2 mm) 2 (> 2 mm) 0 (> 20 mm)
Heat Base:  18.3  Cool Base:  18.3  Method: Integration