NOAA-Style Climate Reports


Report for 2021 Ιούνιος
                   MONTHLY CLIMATOLOGICAL SUMMARY for JUN. 2021

NAME: Veriaweather   CITY: Veria   STATE: Imathia 
ELEV:   158 m  LAT:  40° 31' 23" N  LONG:  22° 12' 19" E

                   TEMPERATURE (°C), RAIN  (mm), WIND SPEED (km/hr)

                                      HEAT  COOL        AVG
    MEAN                              DEG   DEG         WIND                 DOM
DAY TEMP  HIGH   TIME   LOW    TIME   DAYS  DAYS  RAIN  SPEED HIGH   TIME    DIR
------------------------------------------------------------------------------------
 1  17.2  22.3   14:05  12.7    6:00   1.9   0.8   0.3   0.0   0.0     ---   ---
 2  19.6  26.1   18:35  13.0    6:20   1.3   2.6   0.0   0.0   0.0     ---   ---
 3  21.5  28.4   17:10  14.4    5:05   0.8   4.0   0.8   0.0   0.0     ---   ---
 4  21.5  27.9   18:30  15.3    6:30   0.6   3.8   2.8   0.0   0.0     ---   ---
 5  22.4  29.1   15:15  15.2    5:50   0.5   4.6   0.0   0.0   0.0     ---   ---
 6  23.3  30.8   16:30  16.2    6:35   0.3   5.2   0.0   0.0   0.0     ---   ---
 7  22.7  28.3   12:55  18.9   00:00   0.0   4.4   3.6   0.0   0.0     ---   ---
 8  21.2  25.2   16:55  17.2    6:35   0.2   3.0   0.0   0.0   0.0     ---   ---
 9  22.7  29.6   15:50  17.8    5:40   0.0   4.4   0.0   0.0   0.0     ---   ---
10  22.6  29.8   15:30  17.8   00:00   0.0   4.3  13.0   0.0   0.0     ---   ---
11  21.3  27.7   14:10  17.5    2:10   0.1   3.1   1.5   0.0   0.0     ---   ---
12  20.6  27.5   17:20  16.8    6:05   0.3   2.6   3.3   0.0   0.0     ---   ---
13  22.8  30.6   14:30  17.6    6:25   0.1   4.6   0.0   0.0   0.0     ---   ---
14  21.4  24.9   16:05  16.4   00:00   0.1   3.2   0.5   0.0   0.0     ---   ---
15  19.8  25.8   16:00  13.0    6:30   1.3   2.7   0.0   0.0   0.0     ---   ---
16  24.6  31.7   19:10  17.8    4:05   0.0   6.3   0.0   0.0   0.0     ---   ---
17  24.2  31.2   15:25  20.6   23:40   0.0   5.9   3.0   0.0   0.0     ---   ---
18  24.6  30.6   15:35  18.9    5:40   0.0   6.3   0.0   0.0   0.0     ---   ---
19  25.7  31.2   15:45  21.8    6:10   0.0   7.4   0.3   0.0   0.0     ---   ---
20  26.4  33.6   16:35  21.1    6:25   0.0   8.1   0.0   0.0   0.0     ---   ---
21  25.8  31.9   16:45  20.0    5:45   0.0   7.5   0.0   0.0   0.0     ---   ---
22  26.7  33.5   18:10  21.1    6:40   0.0   8.3   0.0   0.0   0.0     ---   ---
23  30.2  39.3   18:15  21.9    6:30   0.0  11.9   0.0   0.5  16.1   20:30     W
24  32.0  40.5   17:15  25.1    6:40   0.0  13.7   0.0   1.4  20.9    0:45   WNW
25  31.0  40.3   16:10  24.8    6:55   0.0  12.7   2.5   1.6  45.1   17:40   WNW
26  32.8  40.2   15:55  26.1   00:00   0.0  14.5   0.0   5.1  37.0   20:55   WNW
27  29.4  36.3   17:45  23.2    5:30   0.0  11.1   0.0   2.1  20.9   14:35   WNW
28  29.9  36.1   17:00  23.7    4:55   0.0  11.6   0.0   1.1  20.9   16:00   WNW
29  29.1  34.8   16:35  23.1    6:10   0.0  10.8   0.0   1.3  19.3   16:50    NE
30  28.9  34.8   15:55  23.2    6:30   0.0  10.6   0.0   1.4  20.9   18:50    NE
-------------------------------------------------------------------------------------
    24.7  40.5    24    12.7     1     7.5 200.0  31.5   0.5  45.1    25     WNW

Max >=  32.0: 10
Max <=   0.0:  0
Min <=   0.0:  0
Min <= -18.0:  0
Max Rain: 12.95 ON 10/06/21
Days of Rain: 11 (> .2 mm) 6 (> 2 mm) 0 (> 20 mm)
Heat Base:  18.3  Cool Base:  18.3  Method: Integration