NOAA-Style Climate Reports


Report for 2021 Μάϊος
                   MONTHLY CLIMATOLOGICAL SUMMARY for MAY. 2021

NAME: Veriaweather   CITY: Veria   STATE: Imathia 
ELEV:   158 m  LAT:  40° 31' 23" N  LONG:  22° 12' 19" E

                   TEMPERATURE (°C), RAIN  (mm), WIND SPEED (km/hr)

                                      HEAT  COOL        AVG
    MEAN                              DEG   DEG         WIND                 DOM
DAY TEMP  HIGH   TIME   LOW    TIME   DAYS  DAYS  RAIN  SPEED HIGH   TIME    DIR
------------------------------------------------------------------------------------
 1  20.8  25.9   14:50  16.2    1:55   0.4   2.9   0.0   0.0   0.0     ---   ---
 2  23.6  31.6   14:35  16.6    2:25   0.2   5.6   0.0   0.0   0.0     ---   ---
 3  24.3  29.8   11:10  19.1   23:50   0.0   6.0   0.0   0.0   0.0     ---   ---
 4  20.3  25.1   10:55  16.2    3:35   0.5   2.5   0.0   0.0   0.0     ---   ---
 5  20.5  25.2   14:45  16.2    2:20   0.4   2.6   0.0   0.0   0.0     ---   ---
 6  22.3  28.2   12:35  16.0    3:40   0.3   4.2   0.0   0.0   0.0     ---   ---
 7  20.5  24.9   15:10  16.4    3:15   0.2   2.4   0.0   0.0   0.0     ---   ---
 8  21.3  27.8   12:20  15.3   00:00   0.4   3.4   0.0   0.0   0.0     ---   ---
 9  17.7  22.8   12:35  13.0    3:25   1.7   1.1   0.0   0.0   0.0     ---   ---
10  18.3  24.5   13:05  12.5    3:25   1.8   1.8   0.0   0.0   0.0     ---   ---
11  19.2  26.4   14:15  12.6    3:10   1.4   2.3   0.0   0.0   0.0     ---   ---
12  18.7  23.6   14:05  13.8    3:00   1.1   1.5   0.0   0.0   0.0     ---   ---
13  20.9  26.3   10:25  13.7    3:05   0.7   3.3   0.0   0.0   0.0     ---   ---
14  22.0  26.8   14:20  17.2    2:15   0.1   3.8   0.0   0.0   0.0     ---   ---
15  16.2  19.2    1:35  12.6   23:00   2.2   0.0   4.3   0.0   0.0     ---   ---
16  20.1  26.7   15:05  12.2    1:05   1.3   3.1   0.0   0.0   0.0     ---   ---
17  23.0  28.7   13:40  17.1    1:30   0.1   4.8   0.0   0.0   0.0     ---   ---
18  23.2  28.2   12:25  17.4   00:00   0.0   4.9   0.0   0.0   0.0     ---   ---
19  22.0  27.9   12:45  16.1    3:05   0.2   3.9   0.0   0.0   0.0     ---   ---
20  20.7  25.5   12:05  14.3   23:25   0.4   2.9   0.0   0.0   0.0     ---   ---
21  18.5  23.1   15:55  13.0    3:55   1.3   1.5   0.0   0.0   0.0     ---   ---
22  20.4  26.7   13:30  14.2    3:05   0.9   3.0   0.0   0.0   0.0     ---   ---
23  22.1  29.6   13:50  14.4    3:10   0.6   4.4   0.0   0.0   0.0     ---   ---
24  25.4  33.6   13:05  16.8    3:10   0.1   7.3   0.0   0.0   0.0     ---   ---
25  24.4  29.8   14:10  19.6    3:10   0.0   6.1   0.0   0.0   0.0     ---   ---
26  24.9  31.2   12:45  19.1    2:50   0.0   6.6   0.0   0.0   0.0     ---   ---
27  23.4  31.3   12:25  17.3   00:00   0.1   5.2  13.0   0.0   0.0     ---   ---
28  21.4  27.7   10:30  16.1   23:25   0.4   3.4   0.3   0.0   0.0     ---   ---
29  22.1  27.9   14:45  15.4    2:00   0.4   4.3   0.0   0.0   0.0     ---   ---
30  20.8  25.4   13:20  16.4   00:00   0.2   2.4   1.3   0.0   0.0     ---   ---
31  17.8  23.8   15:20  13.8    3:55   1.5   1.0   3.3   0.0   0.0     ---   ---
-------------------------------------------------------------------------------------
    21.2  33.6    24    12.2    16    18.7 108.1  22.1   0.0   0.0     ---   ---

Max >=  32.0:  1
Max <=   0.0:  0
Min <=   0.0:  0
Min <= -18.0:  0
Max Rain: 12.95 ON 27/05/21
Days of Rain: 5 (> .2 mm) 3 (> 2 mm) 0 (> 20 mm)
Heat Base:  18.3  Cool Base:  18.3  Method: Integration