NOAA-Style Climate Reports


Report for 2021 Απρίλιος
                   MONTHLY CLIMATOLOGICAL SUMMARY for APR. 2021

NAME: Veriaweather   CITY: Veria   STATE: Imathia 
ELEV:   158 m  LAT:  40° 31' 23" N  LONG:  22° 12' 19" E

                   TEMPERATURE (°C), RAIN  (mm), WIND SPEED (km/hr)

                                      HEAT  COOL        AVG
    MEAN                              DEG   DEG         WIND                 DOM
DAY TEMP  HIGH   TIME   LOW    TIME   DAYS  DAYS  RAIN  SPEED HIGH   TIME    DIR
------------------------------------------------------------------------------------
 1  13.2  21.5   16:45   7.0    5:30   5.6   0.5   0.0   0.0   0.0     ---   ---
 2  13.4  20.6   16:10   7.2    7:15   5.2   0.3   0.0   0.0   0.0     ---   ---
 3  15.8  22.8   17:45  10.5    5:00   3.1   0.7   0.3   0.0   0.0     ---   ---
 4  12.7  18.0    0:15   7.8   23:15   5.6   0.0   0.0   0.0   0.0     ---   ---
 5  10.7  15.4   15:10   8.1    0:05   7.7   0.0   0.0   0.0   0.0     ---   ---
 6  11.9  16.9   14:35   8.2    3:45   6.2   0.0   0.0   0.0   0.0     ---   ---
 7  12.6  17.1    6:20   6.9   21:30   5.7   0.0   0.0   0.0   0.0     ---   ---
 8   8.6  12.9   14:15   5.4    5:35   9.7   0.0   0.5   0.0   0.0     ---   ---
 9  10.1  16.0   14:40   4.4    4:10   8.3   0.0   0.0   0.0   0.0     ---   ---
10  11.1  17.5   14:50   4.6    4:10   7.2   0.0   0.0   0.0   0.0     ---   ---
11  12.8  20.7   13:35   5.9    3:50   5.7   0.2   0.0   0.0   0.0     ---   ---
12  14.4  22.3   13:20   7.8    3:40   4.4   0.5   0.0   0.0   0.0     ---   ---
13  13.7  18.1   13:40  11.2   21:15   4.6   0.0   0.0   0.0   0.0     ---   ---
14  14.8  21.4   13:20   8.2   00:00   4.1   0.6   0.0   0.0   0.0     ---   ---
15  12.7  19.1   13:30   6.3    3:45   5.7   0.0   0.0   0.0   0.0     ---   ---
16  11.1  16.3   11:50   7.6    3:50   7.2   0.0   1.5   0.0   0.0     ---   ---
17  10.3  11.5   14:15   8.8    2:05   8.0   0.0   0.3   0.0   0.0     ---   ---
18  13.5  18.6   13:00  10.6    5:20   4.8   0.0   0.5   0.0   0.0     ---   ---
19  12.6  14.9    9:50   9.6   00:00   5.7   0.0   3.8   0.0   0.0     ---   ---
20  13.6  18.8   10:00   7.6    2:40   4.8   0.0   1.0   0.0   0.0     ---   ---
21  14.9  20.7   10:45   8.7    3:25   3.7   0.3   0.0   0.0   0.0     ---   ---
22  15.4  21.5   11:55   9.3    3:00   3.3   0.4   0.0   0.0   0.0     ---   ---
23  13.4  14.7    9:05  12.6   22:40   4.9   0.0   5.6   0.0   0.0     ---   ---
24  12.1  13.9   10:50  11.0   17:45   6.3   0.0   5.6   0.0   0.0     ---   ---
25  15.5  21.6   13:35  10.9   23:40   3.4   0.7   0.3   0.0   0.0     ---   ---
26  15.7  22.7   13:55   9.6    3:25   3.4   0.7   0.0   0.0   0.0     ---   ---
27  15.8  20.3   14:05  13.1    2:00   2.7   0.3   0.0   0.0   0.0     ---   ---
28  17.3  22.9   12:40  11.2    3:50   2.2   1.1   0.0   0.0   0.0     ---   ---
29  19.6  26.4   14:10  13.4    2:20   1.2   2.5   0.0   0.0   0.0     ---   ---
30  20.6  28.1   13:25  14.0    3:40   0.9   3.2   0.0   0.0   0.0     ---   ---
-------------------------------------------------------------------------------------
    13.7  28.1    30     4.4     9   151.2  12.1  19.3   0.0   0.0     ---   ---

Max >=  32.0:  0
Max <=   0.0:  0
Min <=   0.0:  0
Min <= -18.0:  0
Max Rain: 5.59 ON 23/04/21
Days of Rain: 10 (> .2 mm) 3 (> 2 mm) 0 (> 20 mm)
Heat Base:  18.3  Cool Base:  18.3  Method: Integration