NOAA-Style Climate Reports


Report for 2021 Μάρτιος
                   MONTHLY CLIMATOLOGICAL SUMMARY for MAR. 2021

NAME: Veriaweather   CITY: Veria   STATE: Imathia 
ELEV:   158 m  LAT:  40° 31' 23" N  LONG:  22° 12' 19" E

                   TEMPERATURE (°C), RAIN  (mm), WIND SPEED (km/hr)

                                      HEAT  COOL        AVG
    MEAN                              DEG   DEG         WIND                 DOM
DAY TEMP  HIGH   TIME   LOW    TIME   DAYS  DAYS  RAIN  SPEED HIGH   TIME    DIR
------------------------------------------------------------------------------------
 1  10.4  17.3   15:00   5.1    7:20   7.9   0.0   0.0   3.9  37.0   20:20   WNW
 2  10.2  16.1   15:55   5.4    6:50   8.1   0.0   0.0   2.6  19.3   15:05   NNW
 3  12.3  20.6   16:25   6.6    6:35   6.2   0.2   0.0   6.1  29.0    3:15   WNW
 4  11.9  19.6   15:20   6.0    7:10   6.4   0.1   0.0   2.3  16.1   19:40   WNW
 5  12.5  20.2   15:30   6.3    5:55   5.9   0.1   0.0   2.3  16.1    6:25    NW
 6  12.7  15.5   16:50   7.2   21:55   5.6   0.0   0.0   3.7  22.5   12:20   WNW
 7   7.6  13.0   15:40   4.3    3:50  10.7   0.0   0.0   2.6  17.7   12:45   WSW
 8   9.1  15.5   14:50   3.8    5:15   9.3   0.0   0.0   2.9  16.1    2:10   WNW
 9  11.1  14.1   13:45   8.2    5:20   7.3   0.0   0.0   1.4  16.1   22:25     W
10   9.4  11.0   12:15   6.1   23:45   8.9   0.0   4.1   0.0   0.0     ---   ---
11   7.4  12.8   16:40   4.6    7:50  10.8   0.0   0.0   0.0   0.0     ---   ---
12   8.4  15.6   16:15   3.2    5:50   9.9   0.0   0.0   0.8  16.1   20:05    NW
13  11.1  17.5   16:35   6.1    3:50   7.2   0.0   0.0   1.6  14.5    4:00    NW
14  11.6  16.8   16:30   7.2    5:35   6.7   0.0   0.0   1.9  14.5    2:20    NW
15  11.8  17.1   14:50   8.4    6:30   6.5   0.0   0.0   5.0  46.7   16:45    NW
16  10.5  13.7   16:25   7.9    2:50   7.8   0.0   0.0   1.8  37.0    5:55     W
17  10.2  12.6   11:20   7.1   23:40   8.1   0.0   0.0   0.0   0.0     ---   ---
18   9.8  15.1   15:10   5.3    7:00   8.5   0.0   0.0   0.0   0.0     ---   ---
19   9.6  13.7   15:35   6.7    1:30   8.7   0.0   0.0   0.0   0.0     ---   ---
20   6.8   8.9    0:05   5.6   22:50  11.5   0.0  13.7   0.0   0.0     ---   ---
21   5.2   5.9    0:05   4.7   11:50  13.1   0.0   9.7   0.0   0.0     ---   ---
22   6.8   8.9   17:35   4.6    1:30  11.5   0.0   3.3   0.0   0.0     ---   ---
23   6.7   9.3   16:20   5.2    6:45  11.6   0.0   0.3   0.0   0.0     ---   ---
24   7.5  10.9   14:10   4.7    3:40  10.8   0.0   0.0   0.0   0.0     ---   ---
25   6.8  11.8   15:20   1.8    5:40  11.5   0.0   0.0   0.0   0.0     ---   ---
26   9.6  16.6   16:00   4.2    6:25   8.7   0.0   0.0   0.0   0.0     ---   ---
27  11.6  19.1   16:10   5.6    5:15   6.7   0.0   0.0   0.0   0.0     ---   ---
28  13.9  22.2   16:15   6.9    7:25   4.7   0.5   0.0   0.0   0.0     ---   ---
29  15.4  20.6   14:10  10.7    7:25   3.2   0.3   0.0   0.0   0.0     ---   ---
30  14.6  20.6   17:10   9.2    4:35   4.1   0.3   0.0   0.0   0.0     ---   ---
31  13.6  20.2   17:35   8.3    6:50   4.8   0.1   0.0   0.0   0.0     ---   ---
-------------------------------------------------------------------------------------
    10.2  22.2    28     1.8    25   252.6   1.6  31.0   1.3  46.7    15     WNW

Max >=  32.0:  0
Max <=   0.0:  0
Min <=   0.0:  0
Min <= -18.0:  0
Max Rain: 13.72 ON 20/03/21
Days of Rain: 5 (> .2 mm) 4 (> 2 mm) 0 (> 20 mm)
Heat Base:  18.3  Cool Base:  18.3  Method: Integration