NOAA-Style Climate Reports


Report for 2021 Φεβρουάριος
                   MONTHLY CLIMATOLOGICAL SUMMARY for FEB. 2021

NAME: Veriaweather   CITY: Veria   STATE: Imathia 
ELEV:   158 m  LAT:  40° 31' 23" N  LONG:  22° 12' 19" E

                   TEMPERATURE (°C), RAIN  (mm), WIND SPEED (km/hr)

                                      HEAT  COOL        AVG
    MEAN                              DEG   DEG         WIND                 DOM
DAY TEMP  HIGH   TIME   LOW    TIME   DAYS  DAYS  RAIN  SPEED HIGH   TIME    DIR
------------------------------------------------------------------------------------
 1  11.7  15.4   11:35   8.5    3:35   6.6   0.0   0.0   2.3  19.3   19:25    NW
 2  12.7  17.4   13:25   9.8    1:10   5.6   0.0   0.0   1.9  16.1   17:30   WNW
 3  12.6  19.2   12:20   8.9   23:55   5.8   0.0   0.0   3.2  19.3    3:25   WNW
 4  12.5  19.7   12:50   7.4    4:30   5.8   0.0   0.0   4.3  22.5   18:40   WNW
 5  13.4  19.6   12:05   8.6   23:05   5.0   0.1   0.0   1.8  14.5    2:50   WNW
 6  11.9  18.6   12:55   8.4    2:00   6.4   0.0   0.0   2.3  16.1    2:00    NW
 7   9.3  10.4   23:50   7.6    3:15   8.9   0.0   0.0   0.5   9.7   20:10    NW
 8  12.4  15.3   15:05  10.0    2:55   5.8   0.0   5.1   2.4  30.6   10:45    NW
 9  13.4  15.2    8:15  11.6    4:40   4.9   0.0   0.3   6.9  49.9   15:55   WNW
10  15.2  19.3   11:50  11.2   23:25   3.2   0.1   0.0   0.2  16.1    0:05   WNW
11  10.9  16.1    9:50   5.2   00:00   7.4   0.0   0.8   0.0   0.0     ---   ---
12   4.1   8.9   11:20   1.7    4:05  14.2   0.0   0.0   0.0   0.0     ---   ---
13  -1.4   2.4    0:05  -3.4   23:00  19.7   0.0   0.0   0.0   0.0     ---   ---
14  -2.9  -1.9    9:35  -4.4    4:45  21.3   0.0   0.3   1.3  12.9   10:55    NE
15   0.6   3.7   13:00  -3.4    4:10  17.7   0.0  10.9   6.1  30.6   17:40    NE
16   1.7   6.9   13:10  -2.0   23:20  16.6   0.0   1.3   5.6  25.7   17:20   WNW
17   2.4   6.5   13:15  -3.3    2:25  15.9   0.0   0.0   3.9  25.7   23:55   WNW
18   9.4  14.4   13:25   4.7    1:30   8.9   0.0   0.0   9.2  40.2    9:05   WNW
19  10.8  16.1   11:40   6.0    3:00   4.8   0.0   0.0   3.1  27.4    2:10     W
20   ---   ---     ---   ---     ---   0.0   0.0   0.0   0.0   0.0     ---   ---
21   ---   ---     ---   ---     ---   0.0   0.0   0.0   0.0   0.0     ---   ---
22   ---   ---     ---   ---     ---   0.0   0.0   0.0   0.0   0.0     ---   ---
23   ---   ---     ---   ---     ---   0.0   0.0   0.0   0.0   0.0     ---   ---
24   9.9  12.7   16:45   8.6   21:25   2.6   0.0   0.0   1.1  19.3   23:30    NW
25  13.3  20.9   10:55   8.0    1:35   5.3   0.3   0.0   2.7  17.7   15:10   WNW
26  13.5  20.9   11:20   8.2    1:30   5.1   0.3   0.0   2.3  16.1    2:10    NW
27  16.3  23.3   16:20   8.7    1:40   2.3   0.7   0.0   1.9  27.4   19:55    NW
28  11.4  14.9   14:10   6.6   23:50   6.9   0.0   0.0   3.2  22.5   13:20   SSW
-------------------------------------------------------------------------------------
     9.4  23.3    27    -4.4    14   206.7   1.5  18.5   2.4  49.9     9     WNW

Max >=  32.0:  0
Max <=   0.0:  1
Min <=   0.0:  5
Min <= -18.0:  0
Max Rain: 10.92 ON 15/02/21
Days of Rain: 6 (> .2 mm) 2 (> 2 mm) 0 (> 20 mm)
Heat Base:  18.3  Cool Base:  18.3  Method: Integration