NOAA-Style Climate Reports


Report for 2021 Ιανουάριος
                   MONTHLY CLIMATOLOGICAL SUMMARY for JAN. 2021

NAME: Veriaweather   CITY: Veria   STATE: Imathia 
ELEV:   158 m  LAT:  40° 31' 23" N  LONG:  22° 12' 19" E

                   TEMPERATURE (°C), RAIN  (mm), WIND SPEED (km/hr)

                                      HEAT  COOL        AVG
    MEAN                              DEG   DEG         WIND                 DOM
DAY TEMP  HIGH   TIME   LOW    TIME   DAYS  DAYS  RAIN  SPEED HIGH   TIME    DIR
------------------------------------------------------------------------------------
 1  10.9  16.0   11:55   6.6   00:00   7.3   0.0   0.0   0.0   0.0     ---   ---
 2  10.0  14.1   11:25   6.1    1:05   8.3   0.0   6.3   0.0   0.0     ---   ---
 3  12.1  16.4   11:15   9.3    5:10   6.3   0.0   8.9   0.0   0.0     ---   ---
 4  10.4  13.2   23:35   9.1   15:50   7.9   0.0  13.7   0.0   0.0     ---   ---
 5  12.1  16.4    9:50   8.7   23:40   6.3   0.0   0.0   0.0   0.0     ---   ---
 6  10.5  14.0   10:55   8.1    4:15   7.8   0.0   0.0   0.0   0.0     ---   ---
 7  11.2  12.8   10:30   8.9    4:30   7.2   0.0   0.0   0.0   0.0     ---   ---
 8  12.9  14.5   23:30  10.2    4:40   5.4   0.0   0.0   0.0   0.0     ---   ---
 9  10.7  13.9    0:05   8.4   18:00   7.6   0.0   0.8   0.0   0.0     ---   ---
10   9.2  10.1   20:30   8.2    4:45   9.1   0.0   8.1   0.0   0.0     ---   ---
11  10.9  12.8   13:45   8.9   20:00   7.4   0.0  29.5   0.0   0.0     ---   ---
12   8.1  11.7   11:15   5.3   00:00  10.2   0.0  17.5   0.0   0.0     ---   ---
13   7.2  11.9   11:20   4.1    2:35  11.1   0.0   0.0   0.0   0.0     ---   ---
14   4.6   8.7    9:00   1.1   20:00  13.7   0.0   3.0   1.3  38.6   20:40   NNE
15   3.3   8.2   12:10  -0.6    4:55  15.0   0.0   0.3   4.7  24.1    4:50     W
16  -0.3   1.7    0:05  -3.9   23:50  18.6   0.0   1.0   4.2  22.5   16:10    NE
17  -0.4   4.7   11:15  -4.7    1:20  18.7   0.0   1.8   6.6  32.2    0:45     W
18  -0.5   4.4   11:00  -3.5   23:30  18.8   0.0   0.0   5.8  22.5   16:05   WNW
19   1.9   7.8   11:55  -3.6    3:35  16.4   0.0   0.0   7.1  32.2    5:45   WNW
20   3.8   8.8   12:10  -0.6    4:25  14.4   0.0   0.0   2.7  19.3    0:20   WNW
21   6.7  12.0   11:10   1.6    4:35  11.6   0.0   0.0   1.6  16.1   22:20    NW
22   9.5  13.6    9:25   6.6    0:25   8.8   0.0   0.0   1.1  14.5   17:30    NW
23   9.8  11.4    9:30   7.7    3:10   8.5   0.0   0.8   2.3  29.0   22:15    NW
24  12.1  16.0   10:10   9.6    0:35   6.2   0.0   1.0   6.0  40.2    1:55    NE
25  13.1  16.4   10:10   9.9    1:20   5.2   0.0   0.0  10.0  48.3    6:45    SW
26   7.8  12.6    0:20   3.7   23:40  10.5   0.0   5.1   3.1  24.1    0:05    NE
27   4.2   7.4   11:55   1.4   00:00  14.1   0.0   0.3   9.8  56.3    6:30    NE
28   4.4  10.5   12:35   1.3    0:25  13.8   0.0   0.0   2.9  17.7    7:25   ENE
29   6.3  10.7   10:30   1.3    2:45  12.0   0.0   1.3   1.3  22.5   22:25     N
30  10.2  17.5   12:45   5.6    0:20   8.1   0.0   2.5   4.2  29.0    7:55   NNW
31   9.4  12.8   13:00   7.2    3:40   8.9   0.0   2.0   0.8  14.5   21:50   NNW
-------------------------------------------------------------------------------------
     7.8  17.5    30    -4.7    17   325.1   0.0 103.9   2.4  56.3    27     WNW

Max >=  32.0:  0
Max <=   0.0:  0
Min <=   0.0:  6
Min <= -18.0:  0
Max Rain: 29.46 ON 11/01/21
Days of Rain: 18 (> .2 mm) 10 (> 2 mm) 1 (> 20 mm)
Heat Base:  18.3  Cool Base:  18.3  Method: Integration