NOAA-Style Climate Reports


Report for 2021
                            ANNUAL CLIMATOLOGICAL SUMMARY

NAME: Veriaweather  CITY: Veria   STATE: Imathia  
ELEV:   158 m  LAT:  40° 31' 23" N  LONG:  22° 12' 19" E

               TEMPERATURE (°C), HEAT BASE 18.3, COOL BASE 18.3
                          DEP.  HEAT  COOL                                          
        MEAN  MEAN        FROM  DEG   DEG                        MAX  MAX  MIN  MIN 
 YR MO  MAX   MIN   MEAN  NORM  DAYS  DAYS  HI  DATE  LOW  DATE  >=32 <=0  <=0  <=-18 
------------------------------------------------------------------------------------
 21  1  11.7   4.6   7.8   0.0   325     0  17.5  30  -4.7   17    0    0    6    0
 21  2  14.0   5.5   9.4   0.0   207     2  23.3  27  -4.4   14    0    1    5    0
 21  3  15.2   6.0  10.2   0.0   253     2  22.2  28   1.8   25    0    0    0    0
 21  4  19.1   8.9  13.7   0.0   151    12  28.1  30   4.4    9    0    0    0    0
 21  5  26.9  15.5  21.2   0.0    19   108  33.6  24  12.2   16    1    0    0    0
 21  6  31.3  19.1  24.7   0.0     7   200  40.5  24  12.7    1   10    0    0    0
 21  7  34.5  23.2  28.6   0.0     0   303  40.4  29  19.9   22   24    0    0    0
 21  8  34.8  23.2  28.5   0.0     0   316  40.7   4  20.0   30   26    0    0    0
 21  9  28.1  17.7  22.3   0.0    10   129  34.1  20  11.6   24    5    0    0    0
 21 10  17.9  12.2  14.6   0.0    59     5  25.1   4   8.9   15    0    0    0    0
 21 11
 21 12
------------------------------------------------------------------------------------
        23.9  13.8  18.5   0.0  1030  1076  40.7 AUG  -4.7  JAN   66    1   11    0

                                PRECIPITATION (mm)

               DEP.   MAX        DAYS OF RAIN 
               FROM   OBS.          OVER
 YR MO  TOTAL  NORM   DAY  DATE  .2   2   20
---------------------------------------------
 21  1 103.9    0.0  29.5   11   18   10    1
 21  2  18.5    0.0  10.9   15    6    2    0
 21  3  31.0    0.0  13.7   20    5    4    0
 21  4  19.3    0.0   5.6   23   10    3    0
 21  5  22.1    0.0  13.0   27    5    3    0
 21  6  31.5    0.0  13.0   10   11    6    0
 21  7   0.5    0.0   0.3   18    2    0    0
 21  8  12.7    0.0   5.8   18    4    2    0
 21  9  21.1    0.0   7.1    8    6    5    0
 21 10 137.9    0.0  27.2    8    9    8    3
 21 11
 21 12
---------------------------------------------
       398.5   0.0  29.5  JAN   76   43    4

                                WIND SPEED (km/hr)
                          DOM
 YR MO   AVG.  HI   DATE  DIR
---------------------------------
 21  1   2.4  56.3   27   WNW
 21  2   2.4  49.9    9   WNW
 21  3   1.3  46.7   15   WNW
 21  4   0.0   0.0    1   ---
 21  5   0.0   0.0    1   ---
 21  6   0.5  45.1   25   WNW
 21  7   1.8  33.8    1   WNW
 21  8   1.0  45.1   26   WNW
 21  9   2.6  46.7    5   WNW
 21 10   2.5  27.4   16   WNW
 21 11
 21 12
---------------------------------
         1.4  56.3  JAN  WNW