NOAA-Style Climate Reports


Report for 2020 Δεκέμβριος
                   MONTHLY CLIMATOLOGICAL SUMMARY for DEC. 2020

NAME: Veriaweather   CITY: Veria   STATE: Imathia 
ELEV:   158 m  LAT:  40° 31' 23" N  LONG:  22° 12' 19" E

                   TEMPERATURE (°C), RAIN  (mm), WIND SPEED (km/hr)

                                      HEAT  COOL        AVG
    MEAN                              DEG   DEG         WIND                 DOM
DAY TEMP  HIGH   TIME   LOW    TIME   DAYS  DAYS  RAIN  SPEED HIGH   TIME    DIR
------------------------------------------------------------------------------------
 1   5.3   6.6   19:30   3.3    4:55  13.0   0.0   0.0   0.0   0.0     ---   ---
 2   6.5   7.2   10:50   5.0    1:30  11.8   0.0   0.8   0.0   0.0     ---   ---
 3   7.4   8.3   23:50   6.7    1:20  10.9   0.0   7.9   0.0   0.0     ---   ---
 4   9.2  10.2   14:35   8.2    0:05   9.1   0.0  13.7   0.0   0.0     ---   ---
 5  11.2  16.1   10:00   8.3    1:10   7.1   0.0   0.0   0.0   0.0     ---   ---
 6  11.6  14.7    8:35   9.6    0:05   6.7   0.0  18.3   0.0   0.0     ---   ---
 7  10.1  11.3   11:45   7.8   22:35   8.2   0.0  11.2   0.0   0.0     ---   ---
 8   9.8  13.6   11:35   6.9    3:05   8.5   0.0   0.0   0.0   0.0     ---   ---
 9  11.1  12.5   10:25   9.7    4:25   7.2   0.0   1.8   0.0   0.0     ---   ---
10  12.1  13.9   10:50  11.1    0:10   6.2   0.0   0.3   0.0   0.0     ---   ---
11  10.4  12.8    9:45   8.8   20:50   7.8   0.0   5.3   0.0   0.0     ---   ---
12  10.8  13.6   11:00   8.2    4:55   7.5   0.0   0.0   0.0   0.0     ---   ---
13  11.1  12.1    8:15  10.2    0:05   7.2   0.0   1.0   0.0   0.0     ---   ---
14  10.1  10.9   10:35   9.5    3:05   8.3   0.0   0.5   0.0   0.0     ---   ---
15  10.3  15.9   12:10   7.7   23:30   8.0   0.0   0.0   0.0   0.0     ---   ---
16  10.2  15.1   11:05   6.7    4:00   8.1   0.0   0.0   0.0   0.0     ---   ---
17  10.8  14.6   10:15   7.7   22:55   7.5   0.0   0.0   0.0   0.0     ---   ---
18   9.1  13.4   10:35   6.4   23:30   9.3   0.0   0.0   0.0   0.0     ---   ---
19   8.9  13.6   11:55   5.9    4:40   9.4   0.0   0.0   0.0   0.0     ---   ---
20   9.4  11.8   12:05   7.8    5:10   8.9   0.0   0.0   0.0   0.0     ---   ---
21   9.9  11.8   11:20   8.4    3:40   8.4   0.0   0.0   0.0   0.0     ---   ---
22   9.0  11.5   12:10   7.3   00:00   9.3   0.0   0.0   0.0   0.0     ---   ---
23  10.4  17.3   12:05   6.3    3:00   7.8   0.0   0.0   0.0   0.0     ---   ---
24  10.3  15.8   10:45   7.0    3:30   8.0   0.0   0.0   0.0   0.0     ---   ---
25   9.8  13.0   12:25   7.6    3:40   8.5   0.0   0.0   0.0   0.0     ---   ---
26  10.7  12.0   20:30   9.3    0:45   7.6   0.0   0.0   0.0   0.0     ---   ---
27  11.1  12.4    9:30   9.5   18:45   7.2   0.0   2.8   0.0   0.0     ---   ---
28  12.3  15.8    9:30   9.4    1:40   6.0   0.0   0.0   0.0   0.0     ---   ---
29  12.9  16.7   12:50   9.9    2:20   5.4   0.0   0.0   0.0   0.0     ---   ---
30  12.6  18.2   11:10  10.2   23:50   5.7   0.0   0.0   0.0   0.0     ---   ---
31  13.2  16.9   12:00  10.3    0:20   5.1   0.0   0.3   0.0   0.0     ---   ---
-------------------------------------------------------------------------------------
    10.2  18.2    30     3.3     1   249.8   0.0  63.8   0.0   0.0     ---   ---

Max >=  32.0:  0
Max <=   0.0:  0
Min <=   0.0:  0
Min <= -18.0:  0
Max Rain: 18.29 ON 06/12/20
Days of Rain: 12 (> .2 mm) 6 (> 2 mm) 0 (> 20 mm)
Heat Base:  18.3  Cool Base:  18.3  Method: Integration