NOAA-Style Climate Reports


Report for 2020 Νοέμβριος
                   MONTHLY CLIMATOLOGICAL SUMMARY for NOV. 2020

NAME: Veriaweather   CITY: Veria   STATE: Imathia 
ELEV:   158 m  LAT:  40° 31' 23" N  LONG:  22° 12' 19" E

                   TEMPERATURE (°C), RAIN  (mm), WIND SPEED (km/hr)

                                      HEAT  COOL        AVG
    MEAN                              DEG   DEG         WIND                 DOM
DAY TEMP  HIGH   TIME   LOW    TIME   DAYS  DAYS  RAIN  SPEED HIGH   TIME    DIR
------------------------------------------------------------------------------------
 1  16.9  22.9   11:45  12.0   00:00   2.4   1.0   0.0   0.0   0.0     ---   ---
 2  15.3  20.7   12:30  10.9    4:25   3.2   0.2   0.0   0.0   0.0     ---   ---
 3  16.4  20.9   12:35  12.7    5:25   2.1   0.3   0.5   0.0   0.0     ---   ---
 4  16.9  20.9   11:40  14.5    3:35   1.6   0.2   3.8   0.0   0.0     ---   ---
 5  13.4  15.0    0:40  11.7   23:10   4.9   0.0   0.3   0.0   0.0     ---   ---
 6  14.2  20.5   11:40  10.5    2:25   4.3   0.2   0.0   0.0   0.0     ---   ---
 7  13.2  19.7   11:45   9.2    3:00   5.2   0.1   0.0   0.0   0.0     ---   ---
 8  12.6  18.3   11:15   9.2    3:50   5.8   0.0   0.0   0.0   0.0     ---   ---
 9  13.0  19.3   11:15   9.0    3:15   5.4   0.1   0.0   0.0   0.0     ---   ---
10  14.4  17.9   10:45  10.0    2:20   3.9   0.0   0.0   0.0   0.0     ---   ---
11  14.3  16.1    7:00  12.7   23:55   4.0   0.0   0.0   0.0   0.0     ---   ---
12  13.1  16.1    9:35   9.7   23:35   5.3   0.0   0.0   0.0   0.0     ---   ---
13  12.9  18.6   12:05   9.0    2:25   5.4   0.0   0.0   0.0   0.0     ---   ---
14  13.8  21.1   11:50   9.6    1:35   4.8   0.3   0.0   0.0   0.0     ---   ---
15  12.7  18.1   11:40   9.1   23:45   5.6   0.0   0.0   0.0   0.0     ---   ---
16  12.4  19.1   11:15   8.3    2:20   6.0   0.0   0.0   0.0   0.0     ---   ---
17  13.8  17.1   10:50   9.7    0:45   4.5   0.0   0.0   0.0   0.0     ---   ---
18  13.1  16.0   10:35  10.4   22:05   5.2   0.0   1.3   0.0   0.0     ---   ---
19  11.9  18.2   12:00   7.3   00:00   6.4   0.0   0.0   0.0   0.0     ---   ---
20   9.7  15.3   12:05   6.0    3:15   8.6   0.0   0.0   0.0   0.0     ---   ---
21   9.7  12.6   10:00   7.9    4:40   8.6   0.0   0.0   0.0   0.0     ---   ---
22   9.7  14.7   10:00   6.7   00:00   8.6   0.0   0.0   0.0   0.0     ---   ---
23   9.9  16.3   12:00   6.3    2:00   8.3   0.0   0.0   0.0   0.0     ---   ---
24  10.8  16.8   10:15   7.2    1:25   7.5   0.0   0.0   0.0   0.0     ---   ---
25   8.8  14.5   12:40   5.6   23:25   9.5   0.0   0.0   0.0   0.0     ---   ---
26   9.4  16.3   11:55   5.4    4:10   8.9   0.0   0.0   0.0   0.0     ---   ---
27  10.8  17.8   11:00   6.5    4:20   7.5   0.0   0.0   0.0   0.0     ---   ---
28  10.4  17.2   11:05   6.1    4:00   7.9   0.0   0.0   0.0   0.0     ---   ---
29  11.5  14.9    9:35   7.1    2:35   6.8   0.0   0.0   0.0   0.0     ---   ---
30   7.9  11.1    1:20   4.2   00:00  10.4   0.0   0.8   0.0   0.0     ---   ---
-------------------------------------------------------------------------------------
    12.4  22.9     1     4.2    30   178.7   2.4   6.6   0.0   0.0     ---   ---

Max >=  32.0:  0
Max <=   0.0:  0
Min <=   0.0:  0
Min <= -18.0:  0
Max Rain: 3.81 ON 04/11/20
Days of Rain: 5 (> .2 mm) 1 (> 2 mm) 0 (> 20 mm)
Heat Base:  18.3  Cool Base:  18.3  Method: Integration