NOAA-Style Climate Reports


Report for 2020 Σεπτέμβριος
                   MONTHLY CLIMATOLOGICAL SUMMARY for SEP. 2020

NAME: Veriaweather   CITY: Veria   STATE: Imathia 
ELEV:   158 m  LAT:  40° 31' 23" N  LONG:  22° 12' 19" E

                   TEMPERATURE (°C), RAIN  (mm), WIND SPEED (km/hr)

                                      HEAT  COOL        AVG
    MEAN                              DEG   DEG         WIND                 DOM
DAY TEMP  HIGH   TIME   LOW    TIME   DAYS  DAYS  RAIN  SPEED HIGH   TIME    DIR
------------------------------------------------------------------------------------
 1  27.7  34.3   16:00  22.2    5:50   0.0   9.4   0.0   0.0   0.0     ---   ---
 2  27.3  32.9   15:30  23.1    7:35   0.0   9.0   0.0   0.0   0.0     ---   ---
 3  27.2  32.8   16:20  22.3    7:25   0.0   8.9   0.0   0.0   0.0     ---   ---
 4  24.6  28.8   16:40  20.3    6:55   0.0   6.3   0.0   0.0   0.0     ---   ---
 5  23.7  30.8   17:00  17.8    7:10   0.0   5.4   0.0   0.0   0.0     ---   ---
 6  24.9  31.8   16:25  19.6    6:50   0.0   6.7   0.0   0.0   0.0     ---   ---
 7  25.4  32.5   17:15  19.3    5:50   0.0   7.1   0.0   0.0   0.0     ---   ---
 8  27.1  34.3   16:45  21.7    5:25   0.0   8.7   0.0   0.0   0.0     ---   ---
 9  27.4  33.7   18:10  22.4    7:10   0.0   9.2   0.0   0.0   0.0     ---   ---
10  26.8  33.3   16:05  21.4    7:20   0.0   8.5   0.0   0.0   0.0     ---   ---
11  26.6  33.1   16:05  21.8    6:55   0.0   8.3   0.0   0.0   0.0     ---   ---
12  26.2  33.4   17:05  20.9    7:30   0.0   7.9   0.0   0.0   0.0     ---   ---
13  26.6  33.3   17:25  21.3    7:25   0.0   8.3   0.0   0.0   0.0     ---   ---
14  26.1  32.5   15:20  21.6    6:45   0.0   7.8   0.0   0.0   0.0     ---   ---
15  25.5  31.7   15:35  20.3    7:15   0.0   7.2   0.0   0.0   0.0     ---   ---
16  25.2  31.4   17:25  19.9    7:05   0.0   6.9   0.0   0.0   0.0     ---   ---
17  24.8  30.3   15:00  20.1    7:25   0.0   6.5   0.0   0.0   0.0     ---   ---
18  24.3  26.7   14:30  22.3    5:40   0.0   6.0   0.0   0.0   0.0     ---   ---
19  24.1  28.7   16:35  20.2   00:00   0.0   5.7   0.0   0.0   0.0     ---   ---
20  21.9  27.4   15:45  17.8    7:20   0.0   3.7   0.0   0.0   0.0     ---   ---
21  21.3  27.7   15:25  16.4    7:35   0.3   3.4   0.0   0.0   0.0     ---   ---
22  22.2  28.2   16:50  17.2    7:25   0.1   4.0   0.0   0.0   0.0     ---   ---
23  20.8  24.9   17:35  18.3    6:55   0.0   2.5   0.5   0.0   0.0     ---   ---
24  23.0  29.7   15:45  18.3    5:30   0.0   4.7   0.0   0.0   0.0     ---   ---
25  24.0  29.7   17:00  19.3    7:35   0.0   5.7   0.0   0.0   0.0     ---   ---
26  20.6  24.4   14:50  18.6    8:40   0.0   2.3   6.9   0.0   0.0     ---   ---
27  19.9  25.9   15:40  14.6    7:50   0.6   2.2   0.0   0.0   0.0     ---   ---
28  20.2  25.5   16:45  17.1    6:05   0.2   2.1   0.5   0.0   0.0     ---   ---
29  21.3  25.7   11:45  17.8    3:10   0.0   3.1   0.0   0.0   0.0     ---   ---
30  18.8  24.2   15:25  13.9    6:50   1.1   1.6   0.0   0.0   0.0     ---   ---
-------------------------------------------------------------------------------------
    24.2  34.3     1    13.9    30     2.4 178.9   7.9   0.0   0.0     ---   ---

Max >=  32.0: 11
Max <=   0.0:  0
Min <=   0.0:  0
Min <= -18.0:  0
Max Rain: 6.86 ON 26/09/20
Days of Rain: 3 (> .2 mm) 1 (> 2 mm) 0 (> 20 mm)
Heat Base:  18.3  Cool Base:  18.3  Method: Integration