NOAA-Style Climate Reports


Report for 2020 Αύγουστος
                   MONTHLY CLIMATOLOGICAL SUMMARY for AUG. 2020

NAME: Veriaweather   CITY: Veria   STATE: Imathia 
ELEV:   158 m  LAT:  40° 31' 23" N  LONG:  22° 12' 19" E

                   TEMPERATURE (°C), RAIN  (mm), WIND SPEED (km/hr)

                                      HEAT  COOL        AVG
    MEAN                              DEG   DEG         WIND                 DOM
DAY TEMP  HIGH   TIME   LOW    TIME   DAYS  DAYS  RAIN  SPEED HIGH   TIME    DIR
------------------------------------------------------------------------------------
 1  31.4  36.2   18:30  26.7    5:50   0.0  13.2   0.0   4.0  24.1    7:25   WNW
 2  28.9  34.5   17:30  23.2    7:05   0.0  10.6   0.0   3.2  24.1    9:10   SSE
 3  27.1  32.7   16:50  22.4    5:55   0.0   8.8   0.0   2.3  19.3    2:55   WNW
 4  26.9  32.2   17:50  21.8    6:25   0.0   8.6   0.0   1.0  16.1    4:45   WNW
 5  24.5  28.3   15:05  21.2   23:55   0.0   6.2   4.8   1.9  27.4   15:30    NE
 6  20.6  21.9   13:25  19.3   14:55   0.0   2.2  33.0   3.1  32.2   14:00   WNW
 7  22.9  29.0   17:00  18.8    6:10   0.0   4.7   0.3   4.0  30.6    0:40   NNW
 8  24.9  31.4   17:05  20.7   22:25   0.0   6.7   6.1   3.5  27.4    0:05   WNW
 9  26.3  32.9   19:15  20.6    4:25   0.0   8.0   1.0   5.3  33.8    2:20   WNW
10  27.9  34.4   17:40  23.0    7:30   0.0   9.6   0.0   2.9  19.3   20:35   WNW
11  27.9  34.4   17:05  22.6    5:00   0.0   9.6   0.0   3.7  20.9    0:10   WNW
12  28.7  35.4   16:30  23.4    5:55   0.0  10.4   0.0   1.3  17.7    0:05   SSW
13  27.9  33.7   17:45  23.5    7:00   0.0   9.6   0.0   0.0   0.0     ---   ---
14  27.2  33.0   16:45  22.4    7:00   0.0   8.9   0.0   0.0   0.0     ---   ---
15  25.6  30.5   14:50  21.4   22:55   0.0   7.3   4.3   0.0   0.0     ---   ---
16  24.7  30.6   17:00  19.6    7:05   0.0   6.4   0.0   0.0   0.0     ---   ---
17  25.1  29.6   18:00  22.5    6:35   0.0   6.8   0.0   0.0   0.0     ---   ---
18  25.3  30.9   16:00  20.7    7:10   0.0   7.0   0.8   0.0   0.0     ---   ---
19  25.8  32.8   17:50  21.8    7:25   0.0   7.5   0.0   0.0   0.0     ---   ---
20  25.7  31.6   16:30  20.5    6:15   0.0   7.4   0.0   0.0   0.0     ---   ---
21  26.9  32.9   17:40  21.3    6:35   0.0   8.6   0.0   0.0   0.0     ---   ---
22  28.1  34.1   18:00  22.8    6:50   0.0   9.8   0.0   0.0   0.0     ---   ---
23  28.1  33.8   17:15  23.4    6:05   0.0   9.8   0.0   0.0   0.0     ---   ---
24  27.8  33.8   18:35  22.6    7:05   0.0   9.5   0.0   0.0   0.0     ---   ---
25  25.1  30.8   14:40  18.8   20:25   0.0   6.8  21.1   0.0   0.0     ---   ---
26  24.3  30.7   17:55  19.1    7:00   0.0   6.0   0.0   0.0   0.0     ---   ---
27  26.3  33.6   17:00  21.1    7:25   0.0   8.0   0.0   0.0   0.0     ---   ---
28  26.9  33.7   16:25  21.5    5:20   0.0   8.6   0.0   0.0   0.0     ---   ---
29  27.7  34.8   16:25  21.8    7:30   0.0   9.3   0.0   0.0   0.0     ---   ---
30  28.2  35.7   16:15  21.9    6:25   0.0   9.9   0.0   0.0   0.0     ---   ---
31  29.6  37.8   18:20  23.3    6:15   0.0  11.2   0.0   0.0   0.0     ---   ---
-------------------------------------------------------------------------------------
    26.6  37.8    31    18.8     7     0.0 257.2  71.4   1.2  33.8     9     WNW

Max >=  32.0: 20
Max <=   0.0:  0
Min <=   0.0:  0
Min <= -18.0:  0
Max Rain: 33.02 ON 06/08/20
Days of Rain: 8 (> .2 mm) 5 (> 2 mm) 2 (> 20 mm)
Heat Base:  18.3  Cool Base:  18.3  Method: Integration