NOAA-Style Climate Reports


Report for 2020 Ιούλιος
                   MONTHLY CLIMATOLOGICAL SUMMARY for JUL. 2020

NAME: Veriaweather   CITY: Veria   STATE: Imathia 
ELEV:   158 m  LAT:  40° 31' 23" N  LONG:  22° 12' 19" E

                   TEMPERATURE (°C), RAIN  (mm), WIND SPEED (km/hr)

                                      HEAT  COOL        AVG
    MEAN                              DEG   DEG         WIND                 DOM
DAY TEMP  HIGH   TIME   LOW    TIME   DAYS  DAYS  RAIN  SPEED HIGH   TIME    DIR
------------------------------------------------------------------------------------
 1  30.3  36.9   16:50  24.8    6:25   0.0  12.0   0.0   1.3  20.9   11:10   SSE
 2  29.3  35.4   17:55  23.5    6:10   0.0  11.1   0.0   1.4  20.9   15:20    NW
 3  28.7  34.1   14:00  24.0    5:55   0.0  10.4   0.0   1.9  22.5   17:35    NW
 4  28.1  34.1   16:05  23.7    6:30   0.0   9.8   0.0   2.4  20.9   20:25     W
 5  25.6  31.8   14:20  21.3    5:30   0.0   7.3   3.3   2.3  25.7    7:15     W
 6  25.1  33.2   17:50  19.2    7:00   0.0   6.8  20.8   4.8  33.8    2:45     W
 7  26.3  31.9   15:55  21.2    3:45   0.0   8.0   0.3   8.2  61.2    2:55     W
 8  23.8  29.3   18:40  19.0    6:10   0.0   5.5   0.0   2.4  25.7    2:35     W
 9  24.7  30.8   17:25  18.6    6:40   0.0   6.4   0.0   2.4  20.9   21:55   WNW
10  26.1  32.6   18:50  20.9    6:20   0.0   7.8   0.0   2.1  20.9   21:55   WNW
11  26.8  33.0   17:40  21.2    6:45   0.0   8.5   0.0   1.8  17.7    0:10   WNW
12  27.5  34.5   16:40  21.4    6:40   0.0   9.2   0.0   1.8  19.3   18:25   WNW
13  24.7  30.3   16:30  19.5    6:10   0.0   6.4   0.0   3.7  20.9   21:25     W
14  21.8  25.3   14:50  19.6    9:15   0.0   3.5   0.0   2.7  17.7   19:35   WNW
15  23.9  29.2   16:10  19.3    6:20   0.0   5.6   0.8   1.4  17.7   10:35   WNW
16  24.9  31.4   17:40  19.3    6:55   0.0   6.6   0.0   1.4  22.5   13:30    NE
17  24.3  30.4   15:30  20.4    6:25   0.0   6.0   1.0   2.9  27.4   16:50   WNW
18  22.8  27.2   12:20  20.2   23:35   0.0   4.5  19.3   1.4  29.0   16:15   WNW
19  24.1  29.4   18:30  19.0    4:55   0.0   5.8   0.3   1.6  17.7    1:05   WNW
20  26.1  32.1   17:20  20.0    6:25   0.0   7.8   0.0   3.2  25.7    6:40   WNW
21  26.6  32.6   17:25  21.1    6:25   0.0   8.3   0.0   4.0  25.7    3:45   WNW
22  27.4  33.4   16:55  22.1    5:40   0.0   9.1   0.0   1.8  24.1   21:55   WNW
23  28.8  34.7   16:25  24.1    6:45   0.0  10.5   0.0   2.3  19.3   20:45   WNW
24  27.8  33.9   17:10  22.8    7:15   0.0   9.5   0.0   2.7  22.5   18:10   WNW
25  26.3  33.2   16:55  22.3    5:35   0.0   8.0   7.1   3.1  35.4   18:50   WNW
26  25.8  32.3   18:55  19.7    6:20   0.0   7.5   0.0   2.1  17.7   13:55   WNW
27  28.0  33.6   17:25  22.9    6:05   0.0   9.7   0.0   2.4  24.1   16:05   WNW
28  28.5  34.5   19:00  22.1    6:40   0.0  10.2   0.0   4.5  25.7    6:00   WNW
29  29.5  36.1   16:35  23.1    5:40   0.0  11.2   0.0   2.9  19.3   10:40   WNW
30  30.7  37.5   19:05  24.6    5:55   0.0  12.4   0.0   1.9  17.7   15:10   WNW
31  31.6  39.2   18:30  24.6    7:00   0.0  13.3   0.0   1.1  24.1   23:30   SSW
-------------------------------------------------------------------------------------
    26.6  39.2    31    18.6     9     0.0 258.6  52.8   2.6  61.2     7     WNW

Max >=  32.0: 20
Max <=   0.0:  0
Min <=   0.0:  0
Min <= -18.0:  0
Max Rain: 20.83 ON 06/07/20
Days of Rain: 8 (> .2 mm) 4 (> 2 mm) 1 (> 20 mm)
Heat Base:  18.3  Cool Base:  18.3  Method: Integration