NOAA-Style Climate Reports


Report for 2020 Ιούνιος
                   MONTHLY CLIMATOLOGICAL SUMMARY for JUN. 2020

NAME: Veriaweather   CITY: Veria   STATE: Imathia 
ELEV:   158 m  LAT:  40° 31' 23" N  LONG:  22° 12' 19" E

                   TEMPERATURE (°C), RAIN  (mm), WIND SPEED (km/hr)

                                      HEAT  COOL        AVG
    MEAN                              DEG   DEG         WIND                 DOM
DAY TEMP  HIGH   TIME   LOW    TIME   DAYS  DAYS  RAIN  SPEED HIGH   TIME    DIR
------------------------------------------------------------------------------------
 1  18.2  21.4   11:20  13.9    0:55   1.0   0.8   0.0   0.0   0.0     ---   ---
 2  19.5  24.4   11:30  14.4    0:35   0.9   2.1   0.0   0.0   0.0     ---   ---
 3  19.5  25.7   13:20  13.7    2:30   1.2   2.4   0.0   0.0   0.0     ---   ---
 4  21.2  28.1   11:40  14.3    0:55   0.7   3.6   0.0   0.0   0.0     ---   ---
 5  21.4  26.8   13:35  15.1    2:15   0.4   3.5   1.0   0.0   0.0     ---   ---
 6  18.4  21.1   12:30  15.2   00:00   0.5   0.6   7.4   0.0   0.0     ---   ---
 7  22.6  29.2   13:25  15.2    0:15   0.4   4.7   0.0   0.0   0.0     ---   ---
 8  23.5  30.2   12:50  17.1    2:20   0.1   5.3   0.0   0.0   0.0     ---   ---
 9  23.2  28.3   12:50  18.5    0:50   0.0   4.9   0.3   0.0   0.0     ---   ---
10  24.1  31.0   13:00  18.0   23:20   0.0   5.8   0.8   0.0   0.0     ---   ---
11  21.2  25.4    9:30  16.7    2:30   0.1   3.0   1.8   0.0   0.0     ---   ---
12  22.9  28.9   13:40  17.0    2:20   0.1   4.7   0.0   0.0   0.0     ---   ---
13  24.9  30.4   12:30  20.1    2:25   0.0   6.7   0.0   0.0   0.0     ---   ---
14  27.8  33.9   11:15  21.3    1:45   0.0   9.5   0.0   0.0   0.0     ---   ---
15  26.8  31.8   13:10  21.3   00:00   0.0   8.5   0.0   0.0   0.0     ---   ---
16  24.3  30.2   11:55  18.6   23:50   0.0   6.0   0.0   0.0   0.0     ---   ---
17  21.9  27.7   11:05  18.3    0:15   0.0   3.6  12.7   3.1  48.3   13:10   WNW
18  25.9  32.0   14:35  18.7    1:55   0.0   7.7   0.0   5.3  32.2   17:00   WNW
19  27.6  32.9   16:40  20.1    1:20   0.0   7.6   0.0   4.3  30.6    1:45   NNW
20  26.6  33.0   15:30  21.5    6:55   0.0   8.3   0.0   3.4  29.0    2:25     W
21  23.1  26.7   18:45  19.6    6:50   0.0   4.8   2.0   3.1  27.4   16:10     W
22  23.3  28.3   18:40  18.8    5:35   0.0   5.0   0.3   3.9  29.0   13:00     W
23  22.7  27.8   13:25  19.1    6:20   0.0   4.4   1.0   4.0  24.1    1:35     W
24  24.9  30.6   17:30  19.8    6:00   0.0   6.6   0.3   1.4  17.7    9:10   WNW
25  26.2  31.7   15:45  21.7    5:35   0.0   7.9   0.0   1.3  29.0   16:00   WNW
26  26.9  32.8   17:40  21.5    6:05   0.0   8.6   0.0   3.5  20.9   21:45   WNW
27  27.4  32.7   19:05  22.4    6:15   0.0   9.1   0.0   1.9  19.3   13:20   WNW
28  27.3  33.5   16:25  21.9    6:25   0.0   9.0   0.0   1.8  19.3    3:20   WNW
29  28.2  35.1   16:30  21.4    5:50   0.0   9.9   0.0   1.6  19.3   21:25     W
30  29.9  36.8   19:05  22.4    5:50   0.0  11.6   0.0   0.8  17.7   15:40     S
-------------------------------------------------------------------------------------
    24.0  36.8    30    13.7     3     5.4 176.1  27.4   1.3  48.3    17     WNW

Max >=  32.0:  9
Max <=   0.0:  0
Min <=   0.0:  0
Min <= -18.0:  0
Max Rain: 12.70 ON 17/06/20
Days of Rain: 10 (> .2 mm) 3 (> 2 mm) 0 (> 20 mm)
Heat Base:  18.3  Cool Base:  18.3  Method: Integration