NOAA-Style Climate Reports


Report for 2020 Μάϊος
                   MONTHLY CLIMATOLOGICAL SUMMARY for MAY. 2020

NAME: Veriaweather   CITY: Veria   STATE: Imathia 
ELEV:   158 m  LAT:  40° 31' 23" N  LONG:  22° 12' 19" E

                   TEMPERATURE (°C), RAIN  (mm), WIND SPEED (km/hr)

                                      HEAT  COOL        AVG
    MEAN                              DEG   DEG         WIND                 DOM
DAY TEMP  HIGH   TIME   LOW    TIME   DAYS  DAYS  RAIN  SPEED HIGH   TIME    DIR
------------------------------------------------------------------------------------
 1  20.8  25.7   14:35  15.1    2:50   0.6   3.1   0.0   0.0   0.0     ---   ---
 2  18.0  22.3    9:40  14.3   23:45   1.0   0.7   0.0   0.0   0.0     ---   ---
 3  17.9  22.3   13:10  13.5    1:45   1.5   1.2   0.3   0.0   0.0     ---   ---
 4  17.2  20.7   12:50  12.8   00:00   1.6   0.5   0.0   0.0   0.0     ---   ---
 5  19.1  26.0   13:20  11.7    2:30   1.7   2.4   0.0   0.0   0.0     ---   ---
 6  17.1  24.1   10:15  11.8   22:40   2.4   1.2   0.3   0.0   0.0     ---   ---
 7  15.9  20.1   12:35   9.9    2:35   2.6   0.3   0.0   0.0   0.0     ---   ---
 8  18.9  25.8   15:10  11.6    1:35   1.8   2.3   0.0   0.0   0.0     ---   ---
 9  18.9  25.7   12:30  11.8    1:50   1.6   2.2   0.0   0.0   0.0     ---   ---
10  19.6  25.8   10:40  13.2    2:45   1.1   2.4   0.0   0.0   0.0     ---   ---
11  21.1  27.6   11:35  15.2    2:40   0.6   3.4   0.0   0.0   0.0     ---   ---
12  23.7  32.2   14:15  15.3    2:20   0.4   5.7   0.0   0.0   0.0     ---   ---
13  23.3  29.8   12:15  17.4    2:00   0.0   5.0   0.0   0.0   0.0     ---   ---
14  22.8  29.2   11:25  17.0    2:45   0.1   4.6   0.0   0.0   0.0     ---   ---
15  25.1  31.6   12:35  18.2    1:40   0.0   6.8   0.0   0.0   0.0     ---   ---
16  27.6  35.8   12:10  21.6   00:00   0.0   9.3   0.0   0.0   0.0     ---   ---
17  25.2  30.3   14:25  21.1    1:35   0.0   6.9   0.0   0.0   0.0     ---   ---
18  26.2  32.7   12:00  21.0   23:45   0.0   7.9   0.0   0.0   0.0     ---   ---
19  24.9  31.1   11:45  20.0   22:45   0.0   6.6   0.0   0.0   0.0     ---   ---
20  22.8  28.3   12:35  19.6   00:00   0.0   4.5   0.0   0.0   0.0     ---   ---
21  18.4  21.4    4:25  15.6   22:25   0.6   0.7  11.4   0.0   0.0     ---   ---
22  19.2  24.4   13:15  13.5   00:00   1.0   1.9   0.0   0.0   0.0     ---   ---
23  19.1  23.5   13:20  12.8    1:25   1.0   1.8   0.0   0.0   0.0     ---   ---
24  20.1  25.7   12:15  14.5    2:10   0.6   2.4   0.0   0.0   0.0     ---   ---
25  19.4  24.1   10:25  14.4   00:00   0.6   1.8   0.0   0.0   0.0     ---   ---
26  15.7  20.9    8:50  13.1   21:00   2.9   0.4   0.5   0.0   0.0     ---   ---
27  17.1  21.3   10:50  13.4    2:00   1.8   0.5   0.8   0.0   0.0     ---   ---
28  17.9  22.5   12:20  12.9    1:20   1.7   1.3   0.3   0.0   0.0     ---   ---
29  18.7  24.3   12:30  13.8    0:25   1.2   1.6   0.0   0.0   0.0     ---   ---
30  18.8  24.1   13:15  13.6   23:55   1.2   1.7   0.5   0.0   0.0     ---   ---
31  17.6  23.9   14:10  13.1    2:20   1.9   1.2   9.7   0.0   0.0     ---   ---
-------------------------------------------------------------------------------------
    20.3  35.8    16     9.9     7    31.6  92.4  23.6   0.0   0.0     ---   ---

Max >=  32.0:  3
Max <=   0.0:  0
Min <=   0.0:  0
Min <= -18.0:  0
Max Rain: 11.43 ON 21/05/20
Days of Rain: 8 (> .2 mm) 2 (> 2 mm) 0 (> 20 mm)
Heat Base:  18.3  Cool Base:  18.3  Method: Integration