NOAA-Style Climate Reports


Report for 2020 Απρίλιος
                   MONTHLY CLIMATOLOGICAL SUMMARY for APR. 2020

NAME: Veriaweather   CITY: Veria   STATE: Imathia 
ELEV:   158 m  LAT:  40° 31' 23" N  LONG:  22° 12' 19" E

                   TEMPERATURE (°C), RAIN  (mm), WIND SPEED (km/hr)

                                      HEAT  COOL        AVG
    MEAN                              DEG   DEG         WIND                 DOM
DAY TEMP  HIGH   TIME   LOW    TIME   DAYS  DAYS  RAIN  SPEED HIGH   TIME    DIR
------------------------------------------------------------------------------------
 1   5.3   8.4    0:05   1.2   22:15  12.9   0.0  32.8   0.0   0.0     ---   ---
 2   6.7  12.5   14:50   1.9    0:10  11.6   0.0  13.2   0.0   0.0     ---   ---
 3   8.9  12.7   13:55   4.6    5:55   9.4   0.0   2.5   0.0   0.0     ---   ---
 4   8.2   9.0   17:35   6.6    4:30  10.2   0.0  19.0   0.0   0.0     ---   ---
 5   9.6  10.5   15:00   8.6    0:05   8.8   0.0  29.0   0.0   0.0     ---   ---
 6  10.3  13.9   16:30   7.7    6:35   8.0   0.0   4.1   0.0   0.0     ---   ---
 7  12.7  18.9   16:20   8.6    3:45   5.6   0.0   0.0   0.0   0.0     ---   ---
 8  13.3  19.7   17:20   7.1    5:45   5.1   0.1   0.0   0.0   0.0     ---   ---
 9  15.3  23.2   16:40   8.8    5:40   4.0   1.0   0.0   0.0   0.0     ---   ---
10  18.2  25.7   14:25  10.6    5:15   2.2   2.1   0.0   0.0   0.0     ---   ---
11  19.7  26.1   15:20  14.4    4:10   1.0   2.5   0.0   0.0   0.0     ---   ---
12  16.9  21.7   13:25  13.7   23:45   2.0   0.5   0.0   0.0   0.0     ---   ---
13  15.9  21.9   13:05  10.6    5:45   3.0   0.7   0.0   0.0   0.0     ---   ---
14  14.2  17.1   13:40   9.8    5:50   4.1   0.0   0.0   0.0   0.0     ---   ---
15  10.1  13.6    0:25   7.3   23:50   8.2   0.0   3.0   0.0   0.0     ---   ---
16  12.4  19.7   15:55   6.4    5:10   6.0   0.1   0.0   0.0   0.0     ---   ---
17  15.1  23.5   15:20   7.5    4:30   4.2   1.1   0.0   0.0   0.0     ---   ---
18  19.1  29.3   16:10  11.1    3:05   2.3   3.1   0.0   0.0   0.0     ---   ---
19  18.7  25.4   12:10  12.6    4:20   1.6   2.0   0.0   0.0   0.0     ---   ---
20  19.2  24.4    8:05  14.3    0:55   1.2   2.1   0.0   0.0   0.0     ---   ---
21  10.3  15.3    0:05   8.6   23:20   8.0   0.0  15.2   0.0   0.0     ---   ---
22   9.3  11.2   13:45   7.9    7:20   8.9   0.0   6.1   0.0   0.0     ---   ---
23  12.5  17.2   12:25   8.0    2:05   5.8   0.0   0.8   0.0   0.0     ---   ---
24  15.1  21.6   12:10   9.0    2:40   3.9   0.7   0.0   0.0   0.0     ---   ---
25  17.4  26.1   12:20   9.6    2:55   2.8   1.9   0.0   0.0   0.0     ---   ---
26  19.3  26.3   12:50  12.2    2:55   1.5   2.5   0.0   0.0   0.0     ---   ---
27  18.8  24.8   10:55  13.6    0:45   1.4   1.9   0.0   0.0   0.0     ---   ---
28  18.4  23.8   14:20  14.3    3:00   1.2   1.3   0.3   0.0   0.0     ---   ---
29  18.1  23.3    9:35  14.1    2:40   1.1   0.9   0.0   0.0   0.0     ---   ---
30  20.3  25.5    9:35  15.8    1:50   0.6   2.6   0.0   0.0   0.0     ---   ---
-------------------------------------------------------------------------------------
    14.3  29.3    18     1.2     1   146.4  27.1 126.0   0.0   0.0     ---   ---

Max >=  32.0:  0
Max <=   0.0:  0
Min <=   0.0:  0
Min <= -18.0:  0
Max Rain: 32.77 ON 01/04/20
Days of Rain: 11 (> .2 mm) 9 (> 2 mm) 2 (> 20 mm)
Heat Base:  18.3  Cool Base:  18.3  Method: Integration