NOAA-Style Climate Reports


Report for 2020 Μάρτιος
                   MONTHLY CLIMATOLOGICAL SUMMARY for MAR. 2020

NAME: Veriaweather   CITY: Veria   STATE: Imathia 
ELEV:   158 m  LAT:  40° 31' 23" N  LONG:  22° 12' 19" E

                   TEMPERATURE (°C), RAIN  (mm), WIND SPEED (km/hr)

                                      HEAT  COOL        AVG
    MEAN                              DEG   DEG         WIND                 DOM
DAY TEMP  HIGH   TIME   LOW    TIME   DAYS  DAYS  RAIN  SPEED HIGH   TIME    DIR
------------------------------------------------------------------------------------
 1  10.1  16.7   14:55   4.5    4:30   8.2   0.0   0.0   0.0   0.0     ---   ---
 2  12.0  19.3   15:20   6.7    6:00   6.3   0.0   0.0   0.0   0.0     ---   ---
 3  14.0  19.2   13:05  10.6    0:50   4.3   0.0   0.0   0.0   0.0     ---   ---
 4  13.8  18.3   13:50   9.9   23:45   4.5   0.0   0.0   0.0   0.0     ---   ---
 5  11.6  17.3   15:05   8.2    5:20   6.7   0.0   0.0   0.0   0.0     ---   ---
 6  10.5  14.7   14:15   5.8    5:05   7.8   0.0   0.0   0.0   0.0     ---   ---
 7  12.7  17.6   14:30   9.3    0:15   5.6   0.0   0.0   0.0   0.0     ---   ---
 8  12.6  13.9   13:35  10.2   00:00   5.7   0.0   0.0   0.0   0.0     ---   ---
 9   9.8  11.5   12:15   8.1    4:40   8.5   0.0   1.3   0.0   0.0     ---   ---
10  11.2  15.7   11:05   7.3   23:40   7.1   0.0   0.0   0.0   0.0     ---   ---
11  11.6  18.5   14:55   6.1    4:15   6.7   0.0   0.0   0.0   0.0     ---   ---
12  16.2  23.6   15:05  10.6    6:00   3.3   1.1   0.0   0.0   0.0     ---   ---
13  17.4  26.0   15:05  11.0    5:40   2.5   1.7   0.0   0.0   0.0     ---   ---
14  16.7  23.2   14:35  11.9    3:00   2.6   1.0   0.0   0.0   0.0     ---   ---
15   8.8  12.7    0:20   5.9   23:55   9.5   0.0  20.1   0.0   0.0     ---   ---
16   8.1  13.2   16:10   5.2    1:30  10.2   0.0   0.8   0.0   0.0     ---   ---
17   9.5  16.8   14:15   3.6    5:10   8.8   0.0   0.0   0.0   0.0     ---   ---
18  12.3  19.8   14:35   5.6    4:55   6.2   0.1   0.0   0.0   0.0     ---   ---
19  12.3  19.4   14:55   6.9    5:10   6.0   0.1   0.0   0.0   0.0     ---   ---
20  15.0  24.1   15:00   7.9    4:20   4.4   1.1   0.0   0.0   0.0     ---   ---
21  15.3  23.1   14:35   9.4    4:50   3.8   0.8   0.0   0.0   0.0     ---   ---
22  14.1  18.8   13:15   9.6    4:55   4.2   0.0   0.0   0.0   0.0     ---   ---
23   5.6  10.2    0:40   2.8   22:15  12.7   0.0   9.4   0.0   0.0     ---   ---
24   4.7   6.3   15:50   3.1    2:40  13.6   0.0   2.8   0.0   0.0     ---   ---
25   6.8   8.4   14:20   5.2    4:05  11.5   0.0   1.3   0.0   0.0     ---   ---
26   7.4   8.3   17:20   6.3    6:10  10.9   0.0   5.1   0.0   0.0     ---   ---
27   8.0   9.2   15:15   7.3    2:10  10.3   0.0   6.6   0.0   0.0     ---   ---
28   9.5  12.0   10:05   7.6    0:15   8.8   0.0   0.5   0.0   0.0     ---   ---
29  12.6  19.6   14:35   8.5    5:40   5.5   0.0   0.8   0.0   0.0     ---   ---
30  13.9  20.3   14:55   8.1    6:05   4.7   0.2   0.0   0.0   0.0     ---   ---
31  12.7  17.3   15:20   8.4   00:00   5.6   0.0   1.3   0.0   0.0     ---   ---
-------------------------------------------------------------------------------------
    11.5  26.0    13     2.8    23   216.4   6.2  49.8   0.0   0.0     ---   ---

Max >=  32.0:  0
Max <=   0.0:  0
Min <=   0.0:  0
Min <= -18.0:  0
Max Rain: 20.07 ON 15/03/20
Days of Rain: 11 (> .2 mm) 5 (> 2 mm) 1 (> 20 mm)
Heat Base:  18.3  Cool Base:  18.3  Method: Integration