NOAA-Style Climate Reports


Report for 2020 Ιανουάριος
                   MONTHLY CLIMATOLOGICAL SUMMARY for DEC. 2019

NAME: Veriaweather   CITY: Veria   STATE: Imathia 
ELEV:   158 m  LAT:  40° 31' 23" N  LONG:  22° 12' 19" E

                   TEMPERATURE (°C), RAIN  (mm), WIND SPEED (km/hr)

                                      HEAT  COOL        AVG
    MEAN                              DEG   DEG         WIND                 DOM
DAY TEMP  HIGH   TIME   LOW    TIME   DAYS  DAYS  RAIN  SPEED HIGH   TIME    DIR
------------------------------------------------------------------------------------
 1   7.7  12.9   13:55   4.6   23:50  10.6   0.0   0.0   0.0   0.0     ---   ---
 2   7.4  11.1   12:30   3.8    6:20  10.9   0.0   0.0   0.0   0.0     ---   ---
 3   8.2  12.6   12:30   5.3   00:00  10.1   0.0   3.0   0.0   0.0     ---   ---
 4   4.8   6.3   20:45   3.0    8:10  13.4   0.0  10.2   0.0   0.0     ---   ---
 5   6.6   8.1   14:20   5.8    0:05  11.7   0.0   0.0   0.0   0.0     ---   ---
 6   7.4   9.1   14:00   5.2    4:40  10.9   0.0   0.0   0.0   0.0     ---   ---
 7   7.4   9.7   15:40   6.1    5:10  10.9   0.0   0.8   0.0   0.0     ---   ---
 8  11.2  18.9   13:30   6.6    8:05   7.1   0.0   0.0   0.0   0.0     ---   ---
 9   9.8  15.2   14:20   6.5    7:15   8.5   0.0   0.0   0.0   0.0     ---   ---
10   9.8  11.9   12:50   7.4    1:15   8.5   0.0  18.8   0.0   0.0     ---   ---
11   8.7   9.7    3:05   7.7   16:55   9.6   0.0  29.5   0.0   0.0     ---   ---
12   9.2  12.3   15:20   7.8    3:55   9.1   0.0   1.3   0.0   0.0     ---   ---
13   8.8  11.3   14:50   7.1    6:20   9.5   0.0   0.0   0.0   0.0     ---   ---
14  10.5  13.4   22:25   8.2    1:10   7.8   0.0  12.2   0.0   0.0     ---   ---
15  13.1  18.9   14:45   9.9    8:30   5.2   0.0   0.0   0.0   0.0     ---   ---
16  11.6  17.1   15:05   8.5    8:10   6.8   0.0   0.0   0.0   0.0     ---   ---
17  10.7  14.2   11:35   8.0    6:40   7.7   0.0   0.0   0.0   0.0     ---   ---
18   9.3  10.5   14:30   8.4   23:55   9.0   0.0   0.0   0.0   0.0     ---   ---
19   8.0   8.9   15:05   6.1    7:45  10.3   0.0   0.0   0.0   0.0     ---   ---
20   9.8  11.8   13:50   8.1   00:00   8.5   0.0   0.0   0.0   0.0     ---   ---
21   9.6  10.8   14:25   8.1    0:50   8.7   0.0   0.0   0.0   0.0     ---   ---
22  12.3  14.9   13:25  10.1    4:05   6.0   0.0   8.9   0.0   0.0     ---   ---
23  12.3  15.2   14:35   9.2   23:10   6.0   0.0   0.0   0.0   0.0     ---   ---
24  10.8  13.4   14:35   8.6   20:20   7.5   0.0   0.0   0.0   0.0     ---   ---
25  10.0  13.3   13:55   6.3    6:55   8.3   0.0   0.0   0.0   0.0     ---   ---
26  10.2  12.6   12:35   6.0   23:55   8.1   0.0   0.0   0.0   0.0     ---   ---
27   6.8  10.4   15:00   4.3    4:55  11.5   0.0   0.0   0.0   0.0     ---   ---
28   6.3   8.4   13:50   4.7    6:25  11.9   0.0   0.0   0.0   0.0     ---   ---
29   4.1   6.5   14:05   1.6    6:40  14.2   0.0   0.0   0.0   0.0     ---   ---
30   4.3   7.5   14:35   2.2    0:50  14.0   0.0   0.0   0.0   0.0     ---   ---
31   5.2  10.6   15:35   1.0    8:00  13.1   0.0   0.0   0.0   0.0     ---   ---
-------------------------------------------------------------------------------------
     8.8  18.9    15     1.0    31   295.3   0.0  84.6   0.0   0.0     ---   ---

Max >=  32.0:  0
Max <=   0.0:  0
Min <=   0.0:  0
Min <= -18.0:  0
Max Rain: 29.46 ON 11/12/19
Days of Rain: 8 (> .2 mm) 6 (> 2 mm) 1 (> 20 mm)
Heat Base:  18.3  Cool Base:  18.3  Method: Integration