NOAA-Style Climate Reports


Report for 2020
                            ANNUAL CLIMATOLOGICAL SUMMARY

NAME: Veriaweather  CITY: Veria   STATE: Imathia  
ELEV:   158 m  LAT:  40° 31' 23" N  LONG:  22° 12' 19" E

               TEMPERATURE (°C), HEAT BASE 18.3, COOL BASE 18.3
                          DEP.  HEAT  COOL                                          
        MEAN  MEAN        FROM  DEG   DEG                        MAX  MAX  MIN  MIN 
 YR MO  MAX   MIN   MEAN  NORM  DAYS  DAYS  HI  DATE  LOW  DATE  >=32 <=0  <=0  <=-18 
------------------------------------------------------------------------------------
 20  1  12.1   3.5   7.1   0.0   347     0  17.6  28  -0.2   21    0    0    1    0
 20  2  15.5   5.7  10.1   0.0   239     1  21.8  24   0.0    7    0    0    1    0
 20  3  16.6   7.5  11.5   0.0   216     6  26.0  13   2.8   23    0    0    0    0
 20  4  19.7   9.5  14.3   0.0   146    27  29.3  18   1.2    1    0    0    0    0
 20  5  25.9  14.9  20.3   0.0    32    92  35.8  16   9.9    7    3    0    0    0
 20  6  29.6  18.6  24.0   0.0     5   176  36.8  30  13.7    3    9    0    0    0
 20  7  32.7  21.5  26.6   0.0     0   259  39.2  31  18.6    9   20    0    0    0
 20  8  32.5  21.7  26.6   0.0     0   257  37.8  31  18.8    7   20    0    0    0
 20  9  30.0  19.6  24.2   0.0     2   179  34.3   1  13.9   30   11    0    0    0
 20 10  23.9  14.6  18.7   0.0    42    54  27.8   6  11.1   19    0    0    0    0
 20 11  17.5   8.8  12.4   0.0   179     2  22.9   1   4.2   30    0    0    0    0
 20 12  13.2   8.1  10.2   0.0   250     0  18.2  30   3.3    1    0    0    0    0
------------------------------------------------------------------------------------
        22.5  12.9  17.2   0.0  1459  1053  39.2 JUL  -0.2  JAN   63    0    2    0

                                PRECIPITATION (mm)

               DEP.   MAX        DAYS OF RAIN 
               FROM   OBS.          OVER
 YR MO  TOTAL  NORM   DAY  DATE  .2   2   20
---------------------------------------------
 20  1   2.3    0.0   1.8   12    3    0    0
 20  2  23.4    0.0  12.7   20    7    4    0
 20  3  49.8    0.0  20.1   15   11    5    1
 20  4 126.0    0.0  32.8    1   11    9    2
 20  5  23.6    0.0  11.4   21    8    2    0
 20  6  27.4    0.0  12.7   17   10    3    0
 20  7  52.8    0.0  20.8    6    8    4    1
 20  8  71.4    0.0  33.0    6    8    5    2
 20  9   7.9    0.0   6.9   26    3    1    0
 20 10  15.2    0.0   9.9   12    4    2    0
 20 11   6.6    0.0   3.8    4    5    1    0
 20 12  63.8    0.0  18.3    6   12    6    0
---------------------------------------------
       470.2   0.0  33.0  AUG   90   42    6

                                WIND SPEED (km/hr)
                          DOM
 YR MO   AVG.  HI   DATE  DIR
---------------------------------
 20  1   0.0   0.0    1   ---
 20  2   0.0   0.0    1   ---
 20  3   0.0   0.0    1   ---
 20  4   0.0   0.0    1   ---
 20  5   0.0   0.0    1   ---
 20  6   1.3  48.3   17   WNW
 20  7   2.6  61.2    7   WNW
 20  8   1.2  33.8    9   WNW
 20  9   0.0   0.0    1   ---
 20 10   0.0   0.0    1   ---
 20 11   0.0   0.0    1   ---
 20 12   0.0   0.0    1   ---
---------------------------------
         0.4  61.2  JUL  WNW