NOAA-Style Climate Reports


Report for 2019 Οκτώβριος
                   MONTHLY CLIMATOLOGICAL SUMMARY for OCT. 2019

NAME: Veriaweather   CITY: Veria   STATE: Imathia 
ELEV:   158 m  LAT:  40° 31' 23" N  LONG:  22° 12' 19" E

                   TEMPERATURE (°C), RAIN  (mm), WIND SPEED (km/hr)

                                      HEAT  COOL        AVG
    MEAN                              DEG   DEG         WIND                 DOM
DAY TEMP  HIGH   TIME   LOW    TIME   DAYS  DAYS  RAIN  SPEED HIGH   TIME    DIR
------------------------------------------------------------------------------------
 1  24.3  31.5   16:35  19.6    5:00   0.0   6.0   0.0   0.0   0.0     ---   ---
 2  22.9  29.4   15:05  17.9    7:30   0.0   4.6   0.0   0.0   0.0     ---   ---
 3  20.9  24.3   13:00  18.1    7:30   0.0   2.7   0.5   0.0   0.0     ---   ---
 4  17.3  21.2    2:10  14.3   12:50   1.4   0.4  10.9   0.0   0.0     ---   ---
 5  17.7  23.8   16:50  12.8    5:45   1.9   1.2   0.0   0.0   0.0     ---   ---
 6  19.3  25.3   16:05  14.8    7:30   0.7   1.7   0.0   0.0   0.0     ---   ---
 7  14.6  18.2   11:25  12.8   16:35   3.7   0.0   9.7   0.0   0.0     ---   ---
 8  14.8  17.2   16:55  13.5    0:05   3.5   0.0   3.0   0.0   0.0     ---   ---
 9  18.1  23.7   17:00  14.7    4:05   1.5   1.2   0.0   0.0   0.0     ---   ---
10  18.7  23.4   14:25  14.6    7:40   1.1   1.5   0.0   0.0   0.0     ---   ---
11  21.6  27.3   14:50  17.9    5:30   0.0   3.3   0.0   0.0   0.0     ---   ---
12  20.5  24.0   16:50  17.9    7:10   0.0   2.2   0.0   0.0   0.0     ---   ---
13  20.6  27.3   17:10  15.8    8:05   0.6   2.8   0.0   0.0   0.0     ---   ---
14  21.2  28.2   16:45  16.7    8:00   0.3   3.2   0.0   0.0   0.0     ---   ---
15  20.9  27.9   17:40  16.4    6:35   0.4   3.0   0.0   0.0   0.0     ---   ---
16  20.4  27.8   17:05  15.4    7:15   0.6   2.7   0.0   0.0   0.0     ---   ---
17  20.1  27.4   16:15  15.3    7:25   0.7   2.5   0.0   0.0   0.0     ---   ---
18  19.7  25.8   15:45  15.2    7:30   0.7   2.1   0.0   0.0   0.0     ---   ---
19  19.5  25.3   15:35  15.6    5:20   0.7   1.9   0.0   0.0   0.0     ---   ---
20  19.4  25.7   16:35  15.2    7:25   0.8   1.9   0.0   0.0   0.0     ---   ---
21  20.3  28.0   15:55  15.5    6:30   0.7   2.6   0.0   0.0   0.0     ---   ---
22  20.9  28.6   17:00  15.9    5:30   0.5   3.1   0.0   0.0   0.0     ---   ---
23  20.4  28.3   16:55  15.4    6:00   0.6   2.7   0.0   0.0   0.0     ---   ---
24  19.8  28.1   16:35  15.1    7:00   0.8   2.3   0.0   0.0   0.0     ---   ---
25  18.9  26.2   17:25  13.8    7:45   1.2   1.9   0.0   0.0   0.0     ---   ---
26  19.3  27.8   16:45  14.0    7:35   1.3   2.3   0.0   0.0   0.0     ---   ---
27  18.2  25.9   15:25  13.6    6:40   1.7   1.6   0.0   0.0   0.0     ---   ---
28  16.8  24.2   15:00  11.9    5:05   2.6   1.2   0.0   0.0   0.0     ---   ---
29  16.1  23.1   15:45  11.1    7:25   3.1   0.9   0.0   0.0   0.0     ---   ---
30  17.1  23.2   14:20  12.6    3:05   2.2   1.0   0.0   0.0   0.0     ---   ---
31  14.4  16.6    0:45  12.6   18:00   3.9   0.0   0.0   0.0   0.0     ---   ---
-------------------------------------------------------------------------------------
    19.2  31.5     1    11.1    29    37.2  64.6  24.1   0.0   0.0     ---   ---

Max >=  32.0:  0
Max <=   0.0:  0
Min <=   0.0:  0
Min <= -18.0:  0
Max Rain: 10.92 ON 04/10/19
Days of Rain: 4 (> .2 mm) 3 (> 2 mm) 0 (> 20 mm)
Heat Base:  18.3  Cool Base:  18.3  Method: Integration