NOAA-Style Climate Reports


Report for 2019 Σεπτέμβριος
                   MONTHLY CLIMATOLOGICAL SUMMARY for SEP. 2019

NAME: Veriaweather   CITY: Veria   STATE: Imathia 
ELEV:   158 m  LAT:  40° 31' 23" N  LONG:  22° 12' 19" E

                   TEMPERATURE (°C), RAIN  (mm), WIND SPEED (km/hr)

                                      HEAT  COOL        AVG
    MEAN                              DEG   DEG         WIND                 DOM
DAY TEMP  HIGH   TIME   LOW    TIME   DAYS  DAYS  RAIN  SPEED HIGH   TIME    DIR
------------------------------------------------------------------------------------
 1  26.4  33.3   16:20  20.9    7:20   0.0   8.1   0.0   0.0   0.0     ---   ---
 2  26.6  33.7   16:50  20.6    7:05   0.0   8.3   0.0   0.0   0.0     ---   ---
 3  26.9  33.7   15:50  21.6    5:55   0.0   8.7   0.0   0.0   0.0     ---   ---
 4  26.6  33.7   17:25  21.3    7:15   0.0   8.3   0.0   0.0   0.0     ---   ---
 5  26.3  31.9   17:25  22.2    7:55   0.0   8.0   0.0   0.0   0.0     ---   ---
 6  25.2  30.3   15:20  21.1    5:35   0.0   6.9   0.0   0.0   0.0     ---   ---
 7  23.7  28.9   15:15  20.6    5:55   0.0   5.4   0.5   0.0   0.0     ---   ---
 8  24.4  30.8   16:50  19.7    6:40   0.0   6.1   0.0   0.0   0.0     ---   ---
 9  24.2  28.9   16:10  20.3    7:25   0.0   5.9   0.0   0.0   0.0     ---   ---
10  24.9  30.8   14:55  20.1    6:25   0.0   6.6   0.0   0.0   0.0     ---   ---
11  25.3  30.7   16:20  21.3    7:35   0.0   7.0   0.8   0.0   0.0     ---   ---
12  25.2  30.9   16:30  20.3    7:25   0.0   6.9   0.0   0.0   0.0     ---   ---
13  25.4  30.7   16:40  19.7    7:05   0.0   7.1   0.0   0.0   0.0     ---   ---
14  25.4  31.8   17:05  18.9    7:25   0.0   7.1   0.0   0.0   0.0     ---   ---
15  25.1  31.0   15:15  19.9    7:30   0.0   6.8   0.0   0.0   0.0     ---   ---
16  24.3  31.6   16:20  18.8    7:05   0.0   6.0   0.0   0.0   0.0     ---   ---
17  25.1  33.4   16:10  18.2    6:50   0.0   6.8   0.0   0.0   0.0     ---   ---
18  25.1  32.5   17:05  19.1    6:45   0.0   6.8   0.0   0.0   0.0     ---   ---
19  22.4  27.7   16:25  16.6   00:00   0.0   4.1   4.6   0.0   0.0     ---   ---
20  17.4  22.4   15:45  13.4    8:10   1.7   0.8   3.0   0.0   0.0     ---   ---
21  17.9  24.1   15:55  13.5    7:40   1.7   1.3   0.0   0.0   0.0     ---   ---
22  18.6  24.7   16:25  13.3    7:30   1.5   1.8   0.0   0.0   0.0     ---   ---
23  19.9  26.0   15:15  15.8    5:30   0.7   2.4   0.0   0.0   0.0     ---   ---
24  18.6  21.3   13:00  16.3   22:35   0.4   0.6  22.9   0.0   0.0     ---   ---
25  20.7  26.8   16:05  16.3    2:35   0.5   3.0   0.0   0.0   0.0     ---   ---
26  21.5  27.4   14:20  17.3    5:55   0.2   3.4   0.0   0.0   0.0     ---   ---
27  22.3  28.0   17:50  17.5    7:15   0.0   4.0   0.0   0.0   0.0     ---   ---
28  21.8  28.2   16:00  16.6    7:10   0.2   3.7   0.0   0.0   0.0     ---   ---
29  22.5  29.8   15:35  17.3    7:35   0.1   4.3   0.0   0.0   0.0     ---   ---
30  22.8  30.3   16:55  17.2    7:35   0.1   4.6   0.0   0.0   0.0     ---   ---
-------------------------------------------------------------------------------------
    23.4  33.7     2    13.3    22     7.2 161.0  31.7   0.0   0.0     ---   ---

Max >=  32.0:  6
Max <=   0.0:  0
Min <=   0.0:  0
Min <= -18.0:  0
Max Rain: 22.86 ON 24/09/19
Days of Rain: 5 (> .2 mm) 3 (> 2 mm) 1 (> 20 mm)
Heat Base:  18.3  Cool Base:  18.3  Method: Integration