NOAA-Style Climate Reports


Report for 2019 Ιούλιος
                   MONTHLY CLIMATOLOGICAL SUMMARY for JUL. 2019

NAME: Veriaweather   CITY: Veria   STATE: Imathia 
ELEV:   158 m  LAT:  40° 31' 23" N  LONG:  22° 12' 19" E

                   TEMPERATURE (°C), RAIN  (mm), WIND SPEED (km/hr)

                                      HEAT  COOL        AVG
    MEAN                              DEG   DEG         WIND                 DOM
DAY TEMP  HIGH   TIME   LOW    TIME   DAYS  DAYS  RAIN  SPEED HIGH   TIME    DIR
------------------------------------------------------------------------------------
 1  27.3  34.3   17:45  20.8    6:00   0.0   9.0   0.0   0.0   0.0     ---   ---
 2  28.8  36.6   19:45  22.2    5:55   0.0  10.5   0.0   0.0   0.0     ---   ---
 3  30.7  38.4   19:15  23.5    6:00   0.0  12.4   0.0   0.0   0.0     ---   ---
 4  29.6  35.5   16:35  24.4    6:25   0.0  11.2   0.0   0.0   0.0     ---   ---
 5  28.0  34.2   15:25  22.4    5:40   0.0   9.7   0.0   0.0   0.0     ---   ---
 6  28.9  35.4   19:05  22.7    6:05   0.0  10.6   0.0   0.0   0.0     ---   ---
 7  29.3  36.0   17:15  22.5    6:20   0.0  11.0   0.0   0.0   0.0     ---   ---
 8  29.7  37.1   16:55  23.3    6:00   0.0  11.4   0.0   0.0   0.0     ---   ---
 9  29.2  33.6   18:20  23.7    6:40   0.0  10.9   0.0   0.0   0.0     ---   ---
10  26.2  30.5   17:50  19.1   00:00   0.0   7.9  13.7   0.0   0.0     ---   ---
11  22.1  27.8   18:35  17.1    6:40   0.2   3.9  11.4   0.0   0.0     ---   ---
12  23.8  29.4   17:15  18.1    6:05   0.0   5.5   0.0   0.0   0.0     ---   ---
13  24.2  29.8   15:40  19.0    6:45   0.0   5.9   0.3   0.0   0.0     ---   ---
14  22.4  27.7   17:25  17.8    7:20   0.0   4.1  14.0   0.0   0.0     ---   ---
15  23.4  28.6   18:55  18.2    6:10   0.0   5.1   0.0   0.0   0.0     ---   ---
16  20.0  23.2    0:05  18.7   22:45   0.0   1.7   8.6   0.0   0.0     ---   ---
17  24.0  29.7   16:20  19.1    1:45   0.0   5.7   0.3   0.0   0.0     ---   ---
18  25.7  31.6   19:10  19.4    6:50   0.0   7.4   0.0   0.0   0.0     ---   ---
19  25.2  30.6   13:55  20.0    6:25   0.0   6.9   0.0   0.0   0.0     ---   ---
20  26.4  33.5   19:10  20.9    6:30   0.0   8.1   0.0   0.0   0.0     ---   ---
21  27.8  35.1   18:40  21.8    6:55   0.0   9.5   0.0   0.0   0.0     ---   ---
22  28.6  35.8   17:20  22.2    6:40   0.0  10.3   0.0   0.0   0.0     ---   ---
23  28.8  33.9   15:55  23.9    6:50   0.0  10.5   0.0   0.0   0.0     ---   ---
24  28.7  33.3   19:30  23.4    7:05   0.0  10.4   0.0   0.0   0.0     ---   ---
25  26.9  33.0   18:15  21.6    5:35   0.0   8.6   0.0   0.0   0.0     ---   ---
26  27.7  34.3   16:50  21.1    6:55   0.0   9.4   0.0   0.0   0.0     ---   ---
27  27.4  34.0   15:50  21.5    7:05   0.0   9.1   0.0   0.0   0.0     ---   ---
28  27.2  32.4   17:20  22.4    6:55   0.0   8.9   0.0   0.0   0.0     ---   ---
29  27.4  33.3   17:30  22.3    4:50   0.0   9.2   0.0   0.0   0.0     ---   ---
30  28.3  32.7   14:00  23.2    7:05   0.0  10.0   0.0   0.0   0.0     ---   ---
31  29.4  35.1   17:40  23.4    6:45   0.0  11.2   0.0   0.0   0.0     ---   ---
-------------------------------------------------------------------------------------
    26.9  38.4     3    17.1    11     0.2 266.2  48.3   0.0   0.0     ---   ---

Max >=  32.0: 21
Max <=   0.0:  0
Min <=   0.0:  0
Min <= -18.0:  0
Max Rain: 13.97 ON 14/07/19
Days of Rain: 6 (> .2 mm) 4 (> 2 mm) 0 (> 20 mm)
Heat Base:  18.3  Cool Base:  18.3  Method: Integration