NOAA-Style Climate Reports


Report for 2019 Ιούνιος
                   MONTHLY CLIMATOLOGICAL SUMMARY for JUN. 2019

NAME: Veriaweather   CITY: Veria   STATE: Imathia 
ELEV:   158 m  LAT:  40° 31' 23" N  LONG:  22° 12' 19" E

                   TEMPERATURE (°C), RAIN  (mm), WIND SPEED (km/hr)

                                      HEAT  COOL        AVG
    MEAN                              DEG   DEG         WIND                 DOM
DAY TEMP  HIGH   TIME   LOW    TIME   DAYS  DAYS  RAIN  SPEED HIGH   TIME    DIR
------------------------------------------------------------------------------------
 1  20.8  27.0   18:15  14.6    5:40   0.9   3.4   0.0   0.0   0.0     ---   ---
 2  20.0  26.5   14:25  16.2   00:00   0.3   2.0   3.0   0.0   0.0     ---   ---
 3  18.0  22.2   11:45  13.8    6:25   1.1   0.8   0.3   0.0   0.0     ---   ---
 4  19.7  24.5   17:00  14.4    6:05   1.0   2.4   0.0   0.0   0.0     ---   ---
 5  20.6  25.3   14:40  16.8    5:55   0.2   2.4   0.8   0.0   0.0     ---   ---
 6  23.1  30.3   18:00  16.7    6:35   0.3   5.0   0.0   0.0   0.0     ---   ---
 7  25.9  33.9   18:45  18.4    6:10   0.0   7.6   0.0   0.0   0.0     ---   ---
 8  28.7  36.4   17:05  20.7    6:35   0.0  10.4   0.0   0.0   0.0     ---   ---
 9  29.4  34.3   17:45  24.6   00:00   0.0  11.1   0.0   0.0   0.0     ---   ---
10  25.7  32.1   15:15  22.1    6:25   0.0   7.4   0.0   0.0   0.0     ---   ---
11  25.3  31.0   18:30  20.7    6:30   0.0   7.0   0.0   0.0   0.0     ---   ---
12  27.3  33.4   18:15  21.3    6:10   0.0   9.0   0.0   0.0   0.0     ---   ---
13  28.2  34.7   17:00  22.0    6:10   0.0   9.9   0.0   0.0   0.0     ---   ---
14  29.0  36.9   18:25  23.5    6:30   0.0  10.7   2.0   0.0   0.0     ---   ---
15  28.5  34.9   17:15  22.3    5:15   0.0  10.2   0.0   0.0   0.0     ---   ---
16  26.5  33.0   13:40  20.7   20:00   0.0   8.2   4.1   0.0   0.0     ---   ---
17  25.4  32.4   15:15  20.4    3:05   0.0   7.2   0.0   0.0   0.0     ---   ---
18  26.2  32.8   17:45  21.3    5:00   0.0   7.9   0.0   0.0   0.0     ---   ---
19  25.3  31.7   15:35  19.8    6:10   0.0   7.0   9.1   0.0   0.0     ---   ---
20  25.1  32.1   14:55  20.9    5:05   0.0   6.7   0.0   0.0   0.0     ---   ---
21  27.6  34.3   18:20  21.1    6:15   0.0   9.3   0.0   0.0   0.0     ---   ---
22  29.1  35.2   18:05  23.2    6:45   0.0  10.8   0.0   0.0   0.0     ---   ---
23  27.8  32.5   16:45  22.7    6:15   0.0   9.5   0.0   0.0   0.0     ---   ---
24  26.6  34.3   15:45  23.1    5:10   0.0   8.2   0.0   0.0   0.0     ---   ---
25  26.6  32.9   18:45  21.1    6:35   0.0   8.3   2.0   0.0   0.0     ---   ---
26  26.7  32.6   15:20  23.5    6:35   0.0   8.4   0.3   0.0   0.0     ---   ---
27  28.8  34.3   17:45  23.6    6:35   0.0  10.5   0.0   0.0   0.0     ---   ---
28  29.8  34.7   15:50  23.9    6:15   0.0  11.5   0.0   0.0   0.0     ---   ---
29  26.9  31.9   16:40  21.4    6:25   0.0   8.6   0.0   0.0   0.0     ---   ---
30  26.1  31.3   19:00  20.9    6:25   0.0   7.8   0.0   0.0   0.0     ---   ---
-------------------------------------------------------------------------------------
    25.8  36.9    14    13.8     3     3.7 229.3  21.6   0.0   0.0     ---   ---

Max >=  32.0: 20
Max <=   0.0:  0
Min <=   0.0:  0
Min <= -18.0:  0
Max Rain: 9.14 ON 19/06/19
Days of Rain: 8 (> .2 mm) 5 (> 2 mm) 0 (> 20 mm)
Heat Base:  18.3  Cool Base:  18.3  Method: Integration