NOAA-Style Climate Reports


Report for 2019 Μάϊος
                   MONTHLY CLIMATOLOGICAL SUMMARY for MAY. 2019

NAME: Veriaweather   CITY: Veria   STATE: Imathia 
ELEV:   158 m  LAT:  40° 31' 23" N  LONG:  22° 12' 19" E

                   TEMPERATURE (°C), RAIN  (mm), WIND SPEED (km/hr)

                                      HEAT  COOL        AVG
    MEAN                              DEG   DEG         WIND                 DOM
DAY TEMP  HIGH   TIME   LOW    TIME   DAYS  DAYS  RAIN  SPEED HIGH   TIME    DIR
------------------------------------------------------------------------------------
 1  17.7  22.2   16:00  12.4    6:50   1.5   1.0   0.0   0.0   0.0     ---   ---
 2  17.9  23.5   14:45  12.2    5:15   1.8   1.4   0.0   0.0   0.0     ---   ---
 3  19.1  25.9   15:35  13.2    6:00   1.3   2.1   0.0   0.0   0.0     ---   ---
 4  16.8  20.6   16:25  13.8    4:05   1.8   0.3   0.0   0.0   0.0     ---   ---
 5  15.7  19.6   16:05  13.7   11:10   2.7   0.1   1.8   0.0   0.0     ---   ---
 6  17.6  21.7   17:00  13.2    5:20   1.4   0.7   0.0   0.0   0.0     ---   ---
 7  14.8  18.2   16:20  10.6   00:00   3.5   0.0   0.0   0.0   0.0     ---   ---
 8  14.7  21.3   16:40   8.8    6:50   4.1   0.5   0.0   0.0   0.0     ---   ---
 9  14.3  18.3   13:30  10.2    5:55   4.0   0.0   0.0   0.0   0.0     ---   ---
10  17.2  24.9   17:00  11.4    6:50   2.4   1.3   6.9   0.0   0.0     ---   ---
11  20.2  26.7   16:05  14.8    6:50   0.9   2.8   0.0   0.0   0.0     ---   ---
12  18.5  24.9   15:35  13.7    6:35   1.5   1.7   3.3   0.0   0.0     ---   ---
13  15.4  17.5   23:10  13.8    7:30   2.9   0.0   8.9   0.0   0.0     ---   ---
14  16.8  20.8   16:50  14.8    4:35   1.7   0.3   1.3   0.0   0.0     ---   ---
15  17.5  21.9   15:25  13.4    6:15   1.7   0.9   0.0   0.0   0.0     ---   ---
16  16.4  20.6   17:15  13.8    7:05   2.2   0.3   3.6   0.0   0.0     ---   ---
17  18.7  25.6   17:40  13.1    6:25   1.5   1.9   9.1   0.0   0.0     ---   ---
18  20.7  27.5   17:10  15.1    6:30   0.8   3.2   0.0   0.0   0.0     ---   ---
19  20.7  25.7   16:20  16.8    6:20   0.2   2.7   0.0   0.0   0.0     ---   ---
20  21.1  27.0   15:45  16.3    6:50   0.5   3.3   0.0   0.0   0.0     ---   ---
21  21.1  26.7   15:35  15.7    6:35   0.4   3.1   0.0   0.0   0.0     ---   ---
22  21.6  27.3   16:50  15.6    6:15   0.3   3.6   0.0   0.0   0.0     ---   ---
23  20.4  27.2   14:30  15.4    6:30   0.6   2.8   4.6   0.0   0.0     ---   ---
24  19.7  24.0   14:10  14.9    3:40   1.0   2.4   9.1   0.0   0.0     ---   ---
25  21.9  28.0   18:10  16.0    5:40   0.3   3.9   0.0   0.0   0.0     ---   ---
26  22.1  27.9   15:25  16.4    5:55   0.2   4.0   0.0   0.0   0.0     ---   ---
27  20.1  24.4   17:40  17.6    5:00   0.1   1.8   1.3   0.0   0.0     ---   ---
28  22.2  28.2   16:35  16.3    6:05   0.3   4.2   0.0   0.0   0.0     ---   ---
29  23.8  28.9   17:50  18.3    6:15   0.0   5.5   0.0   0.0   0.0     ---   ---
30  24.4  28.2   15:35  20.6    6:05   0.0   6.1   0.0   0.0   0.0     ---   ---
31  20.8  24.9   16:45  16.6   23:55   0.1   2.7   0.0   0.0   0.0     ---   ---
-------------------------------------------------------------------------------------
    19.0  28.9    29     8.8     8    41.8  64.3  49.8   0.0   0.0     ---   ---

Max >=  32.0:  0
Max <=   0.0:  0
Min <=   0.0:  0
Min <= -18.0:  0
Max Rain: 9.14 ON 17/05/19
Days of Rain: 10 (> .2 mm) 7 (> 2 mm) 0 (> 20 mm)
Heat Base:  18.3  Cool Base:  18.3  Method: Integration