NOAA-Style Climate Reports


Report for 2019 Φεβρουάριος
                   MONTHLY CLIMATOLOGICAL SUMMARY for FEB. 2019

NAME: Veriaweather   CITY: Veria   STATE: Imathia 
ELEV:   158 m  LAT:  40° 31' 23" N  LONG:  22° 12' 19" E

                   TEMPERATURE (°C), RAIN  (mm), WIND SPEED (km/hr)

                                      HEAT  COOL        AVG
    MEAN                              DEG   DEG         WIND                 DOM
DAY TEMP  HIGH   TIME   LOW    TIME   DAYS  DAYS  RAIN  SPEED HIGH   TIME    DIR
------------------------------------------------------------------------------------
 1  10.0  14.3   16:40   7.5    8:15   8.3   0.0   0.0   3.9  35.4    0:10    NW
 2  10.6  15.3   15:15   7.4    5:45   7.7   0.0   0.0   1.6  16.1    0:25    NW
 3  11.3  13.1   16:50   9.3    0:55   7.0   0.0   0.0   0.5  14.5    0:45    NW
 4  12.9  14.2   16:45  11.8    6:50   5.4   0.0   0.0   0.3  12.9   22:00   NNW
 5  13.1  17.8   14:40  10.8    9:25   5.3   0.0   0.0   1.3  14.5   19:50     N
 6   9.0  11.6    0:05   7.7   00:00   9.3   0.0   7.4   1.1  16.1    4:50    NW
 7   8.3  12.8   13:30   6.3    7:45  10.0   0.0   0.0   1.1  17.7   14:45   WNW
 8   7.8   9.5   14:25   6.4    6:15  10.5   0.0   0.0   0.5  12.9   12:10   NNE
 9   7.4  12.3   16:05   5.3   23:20  10.9   0.0   0.0   2.6  20.9   21:50   NNE
10   7.9  14.3   16:20   3.8    6:40  10.4   0.0   0.0   2.3  17.7    0:40   WNW
11   8.9  13.2   14:05   4.9    3:20   9.4   0.0   0.0   2.1  19.3   17:00   WNW
12   9.0  11.9   14:00   5.9   23:55   9.3   0.0   0.0   9.8  43.5   14:25    NE
13   5.8   7.8   14:40   4.5    8:15  12.4   0.0   0.0  11.9  43.5    6:00    NE
14   7.2  11.5   13:00   2.8    6:55  11.1   0.0   0.0   6.9  43.5   16:25    NE
15   7.6  12.0   13:45   5.1   20:05  10.7   0.0   0.8   4.3  37.0    1:15    NE
16   8.1  13.8   16:05   4.9    7:10  10.2   0.0   0.3   3.4  20.9   20:05   WNW
17   8.4  15.2   17:20   3.3    6:00   9.9   0.0   0.0   3.4  19.3   21:10    SW
18  11.1  18.8   16:25   6.5    4:20   7.2   0.0   0.0   3.2  19.3    0:15   WNW
19  11.1  18.2   16:30   6.1    7:20   7.2   0.0   0.0   2.1  16.1   19:25   WNW
20  12.6  20.6   14:45   6.1    6:25   5.9   0.2   0.0   1.1  25.7   20:45   WNW
21  12.3  17.8   16:15   8.8    5:10   6.0   0.0   0.0   5.6  27.4   21:50   WNW
22  10.8  15.9   11:55   6.3    7:05   7.5   0.0   0.0   1.4  25.7   23:20    NE
23   3.1  10.7    0:05  -0.4    9:30  14.9   0.0   2.5   0.3  29.0    2:35     N
24   0.4   1.6   20:20  -1.2    6:10  17.9   0.0   1.0   1.6  16.1   22:15   SSW
25   2.2   6.1   22:25  -1.0    6:15  16.1   0.0   0.5   1.9  22.5   23:50   WNW
26   9.2  16.9   15:45   3.3    7:25   9.1   0.0   0.0   4.5  46.7   23:40     W
27  10.3  13.7   13:00   7.2   23:15   8.0   0.0   0.0   4.7  43.5    0:50   NNE
28  10.8  18.6   16:35   5.3    7:20   7.5   0.0   0.0   6.1  29.0   15:15     W
-------------------------------------------------------------------------------------
     8.8  20.6    20    -1.2    24   264.9   0.2  12.4   3.2  46.7    26     WNW

Max >=  32.0:  0
Max <=   0.0:  0
Min <=   0.0:  3
Min <= -18.0:  0
Max Rain: 7.37 ON 06/02/19
Days of Rain: 6 (> .2 mm) 2 (> 2 mm) 0 (> 20 mm)
Heat Base:  18.3  Cool Base:  18.3  Method: Integration