NOAA-Style Climate Reports


Report for 2019 Ιανουάριος
                   MONTHLY CLIMATOLOGICAL SUMMARY for JAN. 2019

NAME: Veriaweather   CITY: Veria   STATE: Imathia 
ELEV:   158 m  LAT:  40° 31' 23" N  LONG:  22° 12' 19" E

                   TEMPERATURE (°C), RAIN  (mm), WIND SPEED (km/hr)

                                      HEAT  COOL        AVG
    MEAN                              DEG   DEG         WIND                 DOM
DAY TEMP  HIGH   TIME   LOW    TIME   DAYS  DAYS  RAIN  SPEED HIGH   TIME    DIR
------------------------------------------------------------------------------------
 1   6.7  10.6   14:00   3.7   00:00  11.6   0.0   0.0   2.6  19.3   18:30   WNW
 2   5.3  12.1   15:05   0.7    5:50  13.0   0.0   0.0   3.5  25.7    1:45   WNW
 3   2.7   5.4    0:05   1.2   13:50  15.6   0.0   7.9   4.3  24.1    9:35    NE
 4   0.5   2.3    1:45  -0.8   16:45  17.8   0.0   0.5   1.9  17.7    0:40    NW
 5  -0.6   1.9   14:50  -2.5   00:00  18.9   0.0   0.3   1.9  24.1   22:10   WNW
 6   1.1   6.1   13:40  -3.0    2:40  17.2   0.0   5.8   6.3  32.2    1:20   WNW
 7   0.6   3.0    2:30  -4.4   23:30  17.8   0.0   0.5   6.3  33.8   12:40   WNW
 8  -2.9   1.4   15:45  -5.8    7:15  21.2   0.0   0.5   6.1  29.0    1:25     W
 9  -1.8   1.1   23:20  -3.4    0:10  20.1   0.0   0.0   0.5  12.9    0:40   WNW
10   2.2   4.3   14:35  -0.2    2:30  16.1   0.0   7.9   0.5  16.1   17:45   WNW
11   3.4   7.9   14:05   0.9    8:30  14.9   0.0   0.5   0.8  12.9    5:55   NNW
12   1.9   4.8   13:40  -0.1   21:50  16.3   0.0   0.0   1.4  19.3   23:50     W
13   2.8   8.1   15:05  -0.7    7:20  15.5   0.0   0.0   6.3  32.2    3:15     W
14   2.8   6.1   23:05  -0.1    8:30  15.5   0.0   0.0   1.9  20.9    2:45    NW
15   4.9   6.9    2:50   2.6   20:40  13.4   0.0   0.0  14.8  64.4   13:25    NE
16   5.1  11.3   14:20   1.2    1:50  13.2   0.0   0.0   7.4  40.2    9:15   WNW
17   6.9  12.8   15:45   3.2    8:30  11.4   0.0   0.0   4.8  30.6    1:00   WNW
18   5.9  10.3   15:55   3.1    5:55  12.3   0.0   0.0   2.1  17.7    8:25   WNW
19   7.6  10.6   13:55   5.3    4:20  10.7   0.0   0.0   0.6  12.9   18:50   WNW
20   8.8  13.7   14:05   6.3    6:20   9.5   0.0   0.0   1.9  19.3   20:55   WNW
21   8.3  13.9   15:55   4.8    7:15  10.0   0.0   0.0   2.6  20.9    3:30     W
22   7.4   7.8    2:00   6.8    5:30  10.9   0.0   3.3   0.8  16.1   14:20   WNW
23   7.4   8.3   11:25   6.2    5:35  10.8   0.0   4.1   0.0   0.0     ---   ---
24  10.3  16.2   14:50   7.3    6:00   8.0   0.0   0.0   1.3  16.1   13:55   SSE
25   8.4  10.3   15:20   5.3   00:00   9.9   0.0  23.6   0.3  14.5    5:40     N
26   4.9   5.6   16:55   4.1   00:00  13.4   0.0   2.5   0.0   0.0     ---   ---
27   6.3  11.4   16:05   3.5    7:50  12.0   0.0   0.0   1.4  14.5   20:10   WNW
28   6.5   9.4   15:15   4.2    5:10  11.8   0.0   0.0   1.8  16.1    6:55   WNW
29   8.7  11.7   12:10   6.3    2:00   9.6   0.0   8.1   1.6  17.7    1:15   WNW
30   9.2  12.0   12:40   7.1   23:05   9.1   0.0   2.8   1.0  24.1   23:35   NNW
31   8.3  11.8   16:05   5.6    6:40  10.0   0.0   1.3   3.4  37.0   23:25     W
-------------------------------------------------------------------------------------
     4.8  16.2    24    -5.8     8   417.5   0.0  69.6   2.9  64.4    15     WNW

Max >=  32.0:  0
Max <=   0.0:  0
Min <=   0.0: 10
Min <= -18.0:  0
Max Rain: 23.62 ON 25/01/19
Days of Rain: 15 (> .2 mm) 9 (> 2 mm) 1 (> 20 mm)
Heat Base:  18.3  Cool Base:  18.3  Method: Integration