NOAA-Style Climate Reports


Report for 2019
                            ANNUAL CLIMATOLOGICAL SUMMARY

NAME: Veriaweather  CITY: Veria   STATE: Imathia  
ELEV:   158 m  LAT:  40° 31' 23" N  LONG:  22° 12' 19" E

               TEMPERATURE (°C), HEAT BASE 18.3, COOL BASE 18.3
                          DEP.  HEAT  COOL                                          
        MEAN  MEAN        FROM  DEG   DEG                        MAX  MAX  MIN  MIN 
 YR MO  MAX   MIN   MEAN  NORM  DAYS  DAYS  HI  DATE  LOW  DATE  >=32 <=0  <=0  <=-18 
------------------------------------------------------------------------------------
 19  1   8.4   2.2   4.8   0.0   418     0  16.2  24  -5.8    8    0    0   10    0
 19  2  13.5   5.5   8.8   0.0   265     0  20.6  20  -1.2   24    0    0    3    0
 19  3  19.8   8.5  13.6   0.0   159    12  25.4  17   4.6   12    0    0    0    0
 19  4  20.0  10.9  15.0   0.0   115    16  27.4  26   8.1    4    0    0    0    0
 19  5  24.2  14.5  19.0   0.0    42    64  28.9  29   8.8    8    0    0    0    0
 19  6  32.0  20.5  25.8   0.0     4   229  36.9  14  13.8    3   20    0    0    0
 19  7  32.1  20.6  26.2   0.0     0   150  38.4   3  17.1   11    9    0    0    0
 19  8
 19  9
 19 10
 19 11
 19 12
------------------------------------------------------------------------------------
        20.9  11.4  15.6   0.0  1003   472  38.4 JUL  -5.8  JAN   29    0   13    0

                                PRECIPITATION (mm)

               DEP.   MAX        DAYS OF RAIN 
               FROM   OBS.          OVER
 YR MO  TOTAL  NORM   DAY  DATE  .2   2   20
---------------------------------------------
 19  1  69.6    0.0  23.6   25   15    9    1
 19  2  12.4    0.0   7.4    6    6    2    0
 19  3  19.3    0.0  11.9   12    5    3    0
 19  4  56.1    0.0  13.7   12   10    7    0
 19  5  49.8    0.0   9.1   17   10    7    0
 19  6  21.6    0.0   9.1   19    8    5    0
 19  7  48.3    0.0  14.0   14    6    4    0
 19  8
 19  9
 19 10
 19 11
 19 12
---------------------------------------------
       277.1   0.0  23.6  JAN   60   37    1

                                WIND SPEED (km/hr)
                          DOM
 YR MO   AVG.  HI   DATE  DIR
---------------------------------
 19  1   2.9  64.4   15   WNW
 19  2   3.2  46.7   26   WNW
 19  3   2.8  45.1   11   WNW
 19  4   2.3  41.8   11   WNW
 19  5   0.0   0.0    1   ---
 19  6   0.0   0.0    1   ---
 19  7   0.0   0.0    1   ---
 19  8
 19  9
 19 10
 19 11
 19 12
---------------------------------
         1.7  64.4  JAN  WNW