NOAA-Style Climate Reports


Report for 2018 Δεκέμβριος
                   MONTHLY CLIMATOLOGICAL SUMMARY for DEC. 2018

NAME: Veriaweather   CITY: Veria   STATE: Imathia 
ELEV:   158 m  LAT:  40° 31' 23" N  LONG:  22° 12' 19" E

                   TEMPERATURE (°C), RAIN  (mm), WIND SPEED (km/hr)

                                      HEAT  COOL        AVG
    MEAN                              DEG   DEG         WIND                 DOM
DAY TEMP  HIGH   TIME   LOW    TIME   DAYS  DAYS  RAIN  SPEED HIGH   TIME    DIR
------------------------------------------------------------------------------------
 1   5.3   9.8   15:35   2.0    7:30  13.0   0.0   0.0   2.1  17.7   23:40   WNW
 2   6.8  11.9   15:25   4.7    0:35  11.5   0.0   0.0   2.9  17.7   20:35   WNW
 3   7.1  12.9   15:45   3.8    6:40  11.2   0.0   0.0   3.4  17.7    8:10   WNW
 4   8.6  11.9   14:45   4.9    5:05   9.7   0.0   0.0   0.5  11.3    1:05   WNW
 5  11.2  15.1   12:45   4.8   23:45   7.1   0.0   0.0   7.9  41.8   10:45    NE
 6   6.5  12.7   13:25   3.6    6:45  11.8   0.0   0.0   6.8  27.4    7:10   WNW
 7   5.4  11.1   14:55   1.7    7:00  12.9   0.0   0.0   3.7  19.3    3:30   WNW
 8   5.1   7.9   16:25   2.2    5:45  13.2   0.0   0.0   1.9  19.3   22:20   WNW
 9   8.2  12.4   15:55   5.3    6:15  10.1   0.0   0.0   2.1  19.3    9:10    NW
10   8.5  11.6   15:45   5.9    5:20   9.8   0.0   0.3   4.0  38.6   15:35    NE
11   6.7  10.1   14:45   3.4   22:50  11.7   0.0   0.0   5.6  33.8   11:40   WNW
12   5.5  11.7   15:25   1.9    5:15  12.8   0.0   0.0   6.4  29.0    5:35   WNW
13   4.7   7.3   12:40   2.8    6:55  13.6   0.0   0.0   1.1  16.1    0:05   WNW
14   6.1   7.9   15:30   4.3    8:35  12.2   0.0   0.0   0.2   8.0    1:55    NW
15   8.9  12.3   13:55   6.8    3:10   9.3   0.0   0.0   0.5  12.9   21:15    NW
16   8.6  12.7   12:20   4.8   00:00   9.7   0.0   0.0   3.4  20.9    8:00   WNW
17   4.6   7.3   22:25   1.2    7:45  13.8   0.0   0.0   1.0  19.3    6:00   WNW
18   4.6   5.5   12:50   3.7    9:30  13.7   0.0  10.2   2.9  19.3   21:00     W
19   4.6   9.9   14:45   2.4    7:25  13.7   0.0   0.3   1.4  14.5   15:45     W
20   4.3   9.6   15:15   1.2    6:55  14.0   0.0   0.0   1.9  16.1   19:20     W
21   5.9  10.8   16:10   3.4    6:50  12.4   0.0   0.0   3.4  17.7    1:25   WNW
22   6.1  11.1   14:55   3.3    6:10  12.2   0.0   0.0   1.3  14.5   11:05    NW
23  10.3  19.6   15:35   4.8    5:35   8.0   0.0   0.0   2.9  19.3   21:55   WNW
24  10.5  15.2   20:10   7.8    8:30   7.8   0.0   1.3   3.9  40.2   23:35    NE
25   6.0   9.1    4:00   1.5   23:45  12.3   0.0   1.3   8.4  45.1   14:05    NE
26   4.0  10.0   14:15   0.2    5:35  14.3   0.0   0.0   6.8  27.4   21:25   WNW
27   5.2  10.8   14:15   2.4    5:05  13.1   0.0   0.0   8.2  37.0    4:30     W
28   5.2   9.9   15:45   1.5    7:00  13.1   0.0   0.0   2.9  20.9    3:45   WNW
29   9.6  13.3   12:25   5.6   23:50   8.7   0.0   0.0   8.4  40.2   15:50    NE
30   6.2   9.4   14:20   3.4    6:30  12.1   0.0   0.0   4.3  27.4    2:00     W
31   6.6   9.9   11:40   3.6    8:20  11.7   0.0   0.0   1.3  17.7    6:30   WNW
-------------------------------------------------------------------------------------
     6.7  19.6    23     0.2    26   360.3   0.0  13.2   3.6  45.1    25     WNW

Max >=  32.0:  0
Max <=   0.0:  0
Min <=   0.0:  0
Min <= -18.0:  0
Max Rain: 10.16 ON 18/12/18
Days of Rain: 5 (> .2 mm) 1 (> 2 mm) 0 (> 20 mm)
Heat Base:  18.3  Cool Base:  18.3  Method: Integration