NOAA-Style Climate Reports


Report for 2018 Νοέμβριος
                   MONTHLY CLIMATOLOGICAL SUMMARY for NOV. 2018

NAME: Veriaweather   CITY: Veria   STATE: Imathia 
ELEV:   158 m  LAT:  40° 31' 23" N  LONG:  22° 12' 19" E

                   TEMPERATURE (°C), RAIN  (mm), WIND SPEED (km/hr)

                                      HEAT  COOL        AVG
    MEAN                              DEG   DEG         WIND                 DOM
DAY TEMP  HIGH   TIME   LOW    TIME   DAYS  DAYS  RAIN  SPEED HIGH   TIME    DIR
------------------------------------------------------------------------------------
 1  19.4  23.6   11:50  15.7    2:40   0.5   1.6   0.0   0.0   0.0     ---   ---
 2  20.6  26.9   12:50  16.4   00:00   0.3   2.6   0.0   0.0   0.0     ---   ---
 3  17.5  23.2   14:05  13.8    4:35   1.7   1.0   0.0   0.0   0.0     ---   ---
 4  15.8  21.6   12:40  12.4   23:50   3.0   0.5   0.0   0.0   0.0     ---   ---
 5  14.9  19.6   12:00  11.9    5:20   3.5   0.1   0.0   0.0   0.0     ---   ---
 6  15.1  22.2   13:10  10.7    3:55   3.8   0.6   0.0   0.0   0.0     ---   ---
 7  14.9  17.4   12:40  11.8    0:05   3.4   0.0   0.0   0.0   0.0     ---   ---
 8  14.9  18.4   11:15  13.4   23:20   3.4   0.0   0.0   0.0   0.0     ---   ---
 9  14.6  18.2   12:25  11.4   23:50   3.7   0.0   0.0   0.0   0.0     ---   ---
10  13.4  18.3   13:10  10.7    2:30   4.9   0.0   0.0   0.0   0.0     ---   ---
11  13.8  19.3   11:20  10.9   00:00   4.5   0.1   0.0   0.0   0.0     ---   ---
12  13.8  21.2   13:20   9.5    5:10   4.8   0.3   0.0   0.0   0.0     ---   ---
13  13.1  19.2   13:30   9.3    4:05   5.3   0.0   0.0   0.0   0.0     ---   ---
14  13.2  19.6   13:00   8.7    5:15   5.1   0.1   0.0   0.0   0.0     ---   ---
15  13.3  18.2   15:10  10.1   23:50   4.6   0.0   0.0   0.0   0.0     ---   ---
16   9.3  10.6   16:40   7.5    6:40   9.0   0.0   4.3   0.0   0.0     ---   ---
17   7.2   8.2   15:45   6.4    8:00  11.1   0.0   3.0   0.0   0.0     ---   ---
18   7.1   7.9   19:50   6.4    7:30  11.2   0.0  17.8   0.0   0.0     ---   ---
19   9.7  14.3   13:45   6.7    7:30   8.7   0.0   0.0   0.0   0.0     ---   ---
20  10.7  12.4   22:00   9.0    1:45   7.6   0.0   0.8   0.0   0.0     ---   ---
21  13.7  17.5   14:05  11.8   23:40   4.6   0.0   8.1   0.0   0.0     ---   ---
22  11.2  12.6    4:10   9.3   23:15   7.1   0.0   0.0   0.0   0.0     ---   ---
23  11.1  15.3   14:15   8.1    7:10   7.2   0.0   0.0   0.0   0.0     ---   ---
24  10.5  11.2   14:25   9.6    6:05   7.8   0.0   0.0   0.0   0.0     ---   ---
25  10.6  12.4   11:00   8.7    5:10   7.8   0.0   0.5   0.0   0.0     ---   ---
26  13.2  17.7   14:30  10.5    2:45   5.1   0.0   9.1   0.0   0.0     ---   ---
27  13.1  14.1    0:20  12.1   21:55   5.2   0.0   2.5   0.0   0.0     ---   ---
28  11.0  13.7    4:00   6.2   23:45   7.3   0.0   0.8   0.0   0.0     ---   ---
29   5.6   6.5    0:05   5.0    4:50  12.7   0.0   3.0   1.3  14.5   22:25   NNE
30   4.8   7.6   13:50   2.7   23:50  13.5   0.0   0.0   1.8  16.1   10:55   WSW
-------------------------------------------------------------------------------------
    12.6  26.9     2     2.7    30   178.3   6.8  50.0   0.1  16.1    30     WSW

Max >=  32.0:  0
Max <=   0.0:  0
Min <=   0.0:  0
Min <= -18.0:  0
Max Rain: 17.78 ON 18/11/18
Days of Rain: 10 (> .2 mm) 7 (> 2 mm) 0 (> 20 mm)
Heat Base:  18.3  Cool Base:  18.3  Method: Integration