NOAA-Style Climate Reports


Report for 2018 Οκτώβριος
                   MONTHLY CLIMATOLOGICAL SUMMARY for OCT. 2018

NAME: Veriaweather   CITY: Veria   STATE: Imathia 
ELEV:   158 m  LAT:  40° 31' 23" N  LONG:  22° 12' 19" E

                   TEMPERATURE (°C), RAIN  (mm), WIND SPEED (km/hr)

                                      HEAT  COOL        AVG
    MEAN                              DEG   DEG         WIND                 DOM
DAY TEMP  HIGH   TIME   LOW    TIME   DAYS  DAYS  RAIN  SPEED HIGH   TIME    DIR
------------------------------------------------------------------------------------
 1  19.3  26.2   14:15  14.8    0:20   1.1   2.1   0.8   0.0   0.0     ---   ---
 2  19.2  24.7   12:30  14.4    3:20   1.0   1.9   0.0   0.0   0.0     ---   ---
 3  19.9  24.2   13:45  15.3    3:40   0.7   2.3   0.0   0.0   0.0     ---   ---
 4  20.0  23.8   13:10  17.6    6:25   0.0   1.8   0.0   0.0   0.0     ---   ---
 5  17.2  18.2    0:05  15.8    5:35   1.1   0.0   0.0   0.0   0.0     ---   ---
 6  17.9  21.2   11:40  15.3   23:25   1.0   0.6   0.0   0.0   0.0     ---   ---
 7  18.6  24.7   14:05  13.7    5:35   1.2   1.5   0.0   0.0   0.0     ---   ---
 8  19.3  26.7   15:15  14.5    5:10   1.0   2.0   0.0   0.0   0.0     ---   ---
 9  19.1  25.7   15:05  15.7    2:45   0.8   1.6   0.3   0.0   0.0     ---   ---
10  18.8  25.2   15:45  14.3   00:00   1.2   1.7   0.0   0.0   0.0     ---   ---
11  18.1  25.4   15:35  13.4    5:45   1.7   1.5   0.0   0.0   0.0     ---   ---
12  18.3  22.1   11:15  14.6    4:20   1.1   1.1   0.0   0.0   0.0     ---   ---
13  19.6  25.4   14:00  16.3   22:50   0.6   1.9   0.0   0.0   0.0     ---   ---
14  19.1  23.7   11:45  15.4    4:25   0.7   1.5   0.0   0.0   0.0     ---   ---
15  19.3  25.0   14:15  15.2   23:50   0.7   1.7   0.0   0.0   0.0     ---   ---
16  19.1  25.8   14:30  15.1    5:05   1.0   1.8   0.0   0.0   0.0     ---   ---
17  19.3  26.7   14:35  14.2    4:40   1.1   2.1   0.0   0.0   0.0     ---   ---
18  18.6  24.8   14:15  14.6    6:00   1.3   1.6   0.0   0.0   0.0     ---   ---
19  18.6  24.8   13:50  13.6    5:15   1.3   1.5   0.0   0.0   0.0     ---   ---
20  17.9  22.4   12:30  14.3    4:20   1.3   0.9   0.0   0.0   0.0     ---   ---
21  16.2  19.4   12:20  13.6    4:20   2.3   0.1   1.5   0.0   0.0     ---   ---
22  14.6  15.3   15:40  13.9    4:40   3.7   0.0   4.1   0.0   0.0     ---   ---
23  15.2  17.4   14:15  13.6    3:55   3.1   0.0   1.5   0.0   0.0     ---   ---
24  16.4  24.9   14:10  11.1    6:05   2.9   1.0   0.0   0.0   0.0     ---   ---
25  12.8  18.9   14:50   9.7    6:10   5.5   0.0   0.0   0.0   0.0     ---   ---
26  14.7  23.1   14:40   9.0    5:20   4.3   0.6   0.0   0.0   0.0     ---   ---
27  15.7  23.1   15:15  10.7    5:55   3.3   0.7   0.0   0.0   0.0     ---   ---
28  16.7  19.9   13:20  13.0    2:45   1.9   0.3   0.0   0.0   0.0     ---   ---
29  17.6  19.7   12:25  15.5    5:25   1.0   0.2   0.0   0.0   0.0     ---   ---
30  17.1  17.7   13:30  15.7    0:15   1.2   0.0   0.3   0.0   0.0     ---   ---
31  19.6  25.7   14:00  16.3    5:20   0.5   1.8   0.0   0.0   0.0     ---   ---
-------------------------------------------------------------------------------------
    17.9  26.7    17     9.0    26    49.7  35.9   8.4   0.0   0.0     ---   ---

Max >=  32.0:  0
Max <=   0.0:  0
Min <=   0.0:  0
Min <= -18.0:  0
Max Rain: 4.06 ON 22/10/18
Days of Rain: 6 (> .2 mm) 1 (> 2 mm) 0 (> 20 mm)
Heat Base:  18.3  Cool Base:  18.3  Method: Integration