NOAA-Style Climate Reports


Report for 2018
                            ANNUAL CLIMATOLOGICAL SUMMARY

NAME: Veriaweather  CITY: Veria   STATE: Imathia  
ELEV:   158 m  LAT:  40° 31' 23" N  LONG:  22° 12' 19" E

               TEMPERATURE (°C), HEAT BASE 18.3, COOL BASE 18.3
                          DEP.  HEAT  COOL                                          
        MEAN  MEAN        FROM  DEG   DEG                        MAX  MAX  MIN  MIN 
 YR MO  MAX   MIN   MEAN  NORM  DAYS  DAYS  HI  DATE  LOW  DATE  >=32 <=0  <=0  <=-18 
------------------------------------------------------------------------------------
 18  1  12.0   4.6   7.6   0.0   331     0  20.4  29  -0.4   25    0    0    1    0
 18  2  11.2   5.5   8.0   0.0   287     0  16.9   9  -0.2   28    0    0    1    0
 18  3  16.3   8.2  11.9   0.0   200     3  22.0   4  -2.4    1    0    0    1    0
 18  4  25.3  13.8  19.0   0.0    46    66  31.0  27   9.9    3    0    0    0    0
 18  5  26.8  17.2  21.5   0.0     8   107  31.7  27  14.6   14    0    0    0    0
 18  6  29.4  19.6  24.0   0.0     2   172  33.6   4  16.4   28   12    0    0    0
 18  7  32.5  21.7  26.7   0.0     0   261  34.8  23  17.1   10   21    0    0    0
 18  8  32.6  21.9  26.8   0.0     0   263  34.8  18  18.1   27   22    0    0    0
 18  9  28.9  18.3  23.1   0.0    16   159  35.5   2   8.7   27    9    0    0    0
 18 10  23.0  14.2  17.9   0.0    50    36  26.7  17   9.0   26    0    0    0    0
 18 11  16.3   9.9  12.6   0.0   178     7  26.9   2   2.7   30    0    0    0    0
 18 12  11.0   3.8   6.9   0.0   122     0  15.1   5   1.7    7    0    0    0    0
------------------------------------------------------------------------------------
        22.8  13.8  17.8   0.0  1241  1074  35.5 SEP  -2.4  MAR   64    0    3    0

                                PRECIPITATION (mm)

               DEP.   MAX        DAYS OF RAIN 
               FROM   OBS.          OVER
 YR MO  TOTAL  NORM   DAY  DATE  .2   2   20
---------------------------------------------
 18  1  30.5    0.0  10.2   12   10    5    0
 18  2  90.9    0.0  26.9   10   17   11    1
 18  3  61.5    0.0  17.5   25   14   10    0
 18  4   7.6    0.0   3.6   16    4    2    0
 18  5  57.4    0.0  19.0    6   15    8    0
 18  6  93.0    0.0  33.3   26   10    7    2
 18  7  25.1    0.0  10.4   23    8    3    0
 18  8  50.0    0.0  39.9   27    6    4    1
 18  9  10.4    0.0   9.9   30    3    1    0
 18 10   8.4    0.0   4.1   22    6    1    0
 18 11  50.0    0.0  17.8   18   10    7    0
 18 12   0.3    0.0   0.3   10    1    0    0
---------------------------------------------
       485.1   0.0  39.9  AUG  104   59    4

                                WIND SPEED (km/hr)
                          DOM
 YR MO   AVG.  HI   DATE  DIR
---------------------------------
 18  1   1.4  35.4    4   WNW
 18  2   1.7  37.0   14   WNW
 18  3   0.0   0.0    1   ---
 18  4   1.8  41.8   20   WNW
 18  5   1.8  46.7    5   WNW
 18  6   0.0   0.0    1   ---
 18  7   0.0   0.0    1   ---
 18  8   0.0   0.0    1   ---
 18  9   0.0   0.0    1   ---
 18 10   0.0   0.0    1   ---
 18 11   0.1  16.1   30   WSW
 18 12   3.9  41.8    5   WNW
---------------------------------
         0.7  46.7  MAY  WNW