NOAA-Style Climate Reports


Report for 2020 Φεβρουάριος
                   MONTHLY CLIMATOLOGICAL SUMMARY for FEB. 2020

NAME: Veriaweather   CITY: Veria   STATE: Imathia 
ELEV:   158 m  LAT:  40° 31' 23" N  LONG:  22° 12' 19" E

                   TEMPERATURE (°C), RAIN  (mm), WIND SPEED (km/hr)

                                      HEAT  COOL        AVG
    MEAN                              DEG   DEG         WIND                 DOM
DAY TEMP  HIGH   TIME   LOW    TIME   DAYS  DAYS  RAIN  SPEED HIGH   TIME    DIR
------------------------------------------------------------------------------------
 1  13.6  21.3   14:40   6.1    2:10   5.0   0.3   0.0   0.0   0.0     ---   ---
 2  13.1  20.1   14:50   8.0    5:40   5.3   0.1   0.0   0.0   0.0     ---   ---
 3  13.3  18.3   13:15   7.9    6:10   5.0   0.0   0.0   0.0   0.0     ---   ---
 4  14.1  19.8   12:10  10.5    6:45   4.2   0.1   0.0   0.0   0.0     ---   ---
 5   7.6  12.2    0:15   5.7   22:25  10.8   0.0   2.0   0.0   0.0     ---   ---
 6   4.4   6.6    0:05   0.8   23:20  13.8   0.0   0.3   0.0   0.0     ---   ---
 7   5.1   9.8   12:35   0.0    1:30  13.2   0.0   0.0   0.0   0.0     ---   ---
 8   7.4  13.1   14:10   2.9   23:45  10.8   0.0   0.0   0.0   0.0     ---   ---
 9   6.2  12.8   14:40   1.6    6:20  12.1   0.0   0.0   0.0   0.0     ---   ---
10   7.6  12.9   13:25   2.8    5:55  10.7   0.0   0.0   0.0   0.0     ---   ---
11  12.4  19.2   14:50   5.1    3:05   6.0   0.0   0.0   0.0   0.0     ---   ---
12  10.1  13.6   12:40   6.6   23:00   8.2   0.0   0.0   0.0   0.0     ---   ---
13   9.8  15.8   14:30   5.2    6:10   8.5   0.0   0.0   0.0   0.0     ---   ---
14   9.0  11.4   10:40   7.3    0:50   9.3   0.0   3.6   0.0   0.0     ---   ---
15  10.8  16.1   14:45   8.2    6:05   7.5   0.0   2.3   0.0   0.0     ---   ---
16  10.2  15.9   14:30   6.3    7:05   8.1   0.0   0.0   0.0   0.0     ---   ---
17   9.7  16.2   14:00   5.2    4:20   8.7   0.0   0.0   0.0   0.0     ---   ---
18  10.9  18.5   15:00   5.6    5:50   7.4   0.0   0.0   0.0   0.0     ---   ---
19  11.4  16.9   14:25   7.2    4:10   6.9   0.0   0.0   0.0   0.0     ---   ---
20   8.4  10.3    8:10   6.2   23:10   9.8   0.0  12.7   0.0   0.0     ---   ---
21   9.3  15.2   15:15   5.4    5:05   8.9   0.0   0.0   0.0   0.0     ---   ---
22   8.8  12.8   12:00   5.1   22:55   9.5   0.0   0.0   0.0   0.0     ---   ---
23   9.7  16.8   14:00   4.2    5:05   8.6   0.0   0.0   0.0   0.0     ---   ---
24  12.3  21.8   14:25   5.9    5:35   6.2   0.3   0.0   0.0   0.0     ---   ---
25  12.2  17.1   14:20   8.3    4:30   6.1   0.0   0.0   0.0   0.0     ---   ---
26  12.8  17.8   15:30   7.2    5:50   5.5   0.0   0.0   0.0   0.0     ---   ---
27  13.4  16.8    1:25   8.8   23:40   4.8   0.0   0.8   0.0   0.0     ---   ---
28   8.7  13.5   14:25   4.8    6:20   9.6   0.0   1.8   0.0   0.0     ---   ---
29   8.3   8.7    0:05   8.1    0:45   0.6   0.0   0.0   0.0   0.0     ---   ---
-------------------------------------------------------------------------------------
    10.0  21.8    24     0.0     7   231.2   0.8  23.4   0.0   0.0     ---   ---

Max >=  32.0:  0
Max <=   0.0:  0
Min <=   0.0:  1
Min <= -18.0:  0
Max Rain: 12.70 ON 20/02/20
Days of Rain: 7 (> .2 mm) 4 (> 2 mm) 0 (> 20 mm)
Heat Base:  18.3  Cool Base:  18.3  Method: Integration