NOAA-Style Climate Reports


Report for 2020 Οκτώβριος
                   MONTHLY CLIMATOLOGICAL SUMMARY for OCT. 2020

NAME: Veriaweather   CITY: Veria   STATE: Imathia 
ELEV:   158 m  LAT:  40° 31' 23" N  LONG:  22° 12' 19" E

                   TEMPERATURE (°C), RAIN  (mm), WIND SPEED (km/hr)

                                      HEAT  COOL        AVG
    MEAN                              DEG   DEG         WIND                 DOM
DAY TEMP  HIGH   TIME   LOW    TIME   DAYS  DAYS  RAIN  SPEED HIGH   TIME    DIR
------------------------------------------------------------------------------------
 1  19.5  25.7   11:50  14.1    5:10   1.1   2.3   0.0   0.0   0.0     ---   ---
 2  19.9  25.8   13:25  15.1    4:40   0.6   2.3   0.0   0.0   0.0     ---   ---
 3  20.7  24.2   11:55  16.6    1:50   0.3   2.7   0.0   0.0   0.0     ---   ---
 4  21.2  24.9   13:55  18.6    1:45   0.0   2.9   0.0   0.0   0.0     ---   ---
 5  22.7  27.2   14:05  20.2    6:15   0.0   4.4   0.0   0.0   0.0     ---   ---
 6  24.6  27.8   12:15  20.6   22:55   0.0   6.2   0.0   0.0   0.0     ---   ---
 7  22.4  25.4   11:50  18.6    5:25   0.0   4.1   0.0   0.0   0.0     ---   ---
 8  19.9  22.6   12:30  16.7   00:00   0.0   1.7   0.0   0.0   0.0     ---   ---
 9  19.0  24.6   13:30  14.5    4:10   1.1   1.8   0.0   0.0   0.0     ---   ---
10  19.1  26.2   14:45  14.2    4:25   1.2   2.0   0.0   0.0   0.0     ---   ---
11  19.2  24.6   12:35  14.3    5:05   0.9   1.9   0.0   0.0   0.0     ---   ---
12  19.7  24.0   14:50  15.9    5:30   0.5   2.0   9.9   0.0   0.0     ---   ---
13  19.5  23.1   12:55  17.1    5:25   0.2   1.4   1.8   0.0   0.0     ---   ---
14  19.4  24.3   11:45  15.0    5:25   0.7   1.8   0.0   0.0   0.0     ---   ---
15  18.2  23.1   13:30  14.2    4:25   1.1   1.1   0.0   0.0   0.0     ---   ---
16  18.2  21.0   14:15  15.8    5:20   0.8   0.7   0.0   0.0   0.0     ---   ---
17  19.2  25.2   13:10  15.5    4:55   0.8   1.6   0.0   0.0   0.0     ---   ---
18  17.1  23.3   12:35  12.2    5:35   2.3   1.1   0.0   0.0   0.0     ---   ---
19  15.3  21.2   14:35  11.1    5:55   3.5   0.5   0.0   0.0   0.0     ---   ---
20  14.9  21.2   14:40  11.1    5:55   3.7   0.3   0.0   0.0   0.0     ---   ---
21  16.0  22.8   13:55  11.3    5:40   3.1   0.8   0.0   0.0   0.0     ---   ---
22  17.1  24.6   14:35  12.1    5:40   2.3   1.2   0.0   0.0   0.0     ---   ---
23  18.6  26.8   13:50  12.5    5:40   1.6   1.9   0.0   0.0   0.0     ---   ---
24  16.2  21.8    9:55  14.1    5:45   1.0   0.2   0.0   0.0   0.0     ---   ---
25
26
27
28
29
30
31
-------------------------------------------------------------------------------------
    19.1  27.8     6    11.1    19    27.0  46.8  11.7   0.0   0.0     ---   ---

Max >=  32.0:  0
Max <=   0.0:  0
Min <=   0.0:  0
Min <= -18.0:  0
Max Rain: 9.91 ON 12/10/20
Days of Rain: 2 (> .2 mm) 1 (> 2 mm) 0 (> 20 mm)
Heat Base:  18.3  Cool Base:  18.3  Method: Integration