NOAA-Style Climate Reports


Report for 2022 January
                   MONTHLY CLIMATOLOGICAL SUMMARY for JAN. 2022

NAME: Veriaweather   CITY: Veria   STATE: Imathia 
ELEV:   158 m  LAT:  40° 31' 23" N  LONG:  22° 12' 19" E

                   TEMPERATURE (°C), RAIN  (mm), WIND SPEED (km/hr)

                                      HEAT  COOL        AVG
    MEAN                              DEG   DEG         WIND                 DOM
DAY TEMP  HIGH   TIME   LOW    TIME   DAYS  DAYS  RAIN  SPEED HIGH   TIME    DIR
------------------------------------------------------------------------------------
 1  14.7  20.8   15:15   9.9    4:30   3.9   0.3   0.0   0.0   0.0     ---   ---
 2  14.1  19.9   14:20  10.2   23:55   4.4   0.1   0.0   0.0   0.0     ---   ---
 3  11.6  17.8   14:45   7.4    8:25   6.7   0.0   0.0   0.0   0.0     ---   ---
 4  11.7  18.0   15:55   8.3   00:00   6.6   0.0   0.0   0.0   0.0     ---   ---
 5   9.7  15.4   14:15   6.4    7:20   8.6   0.0   0.0   0.0   0.0     ---   ---
 6   9.8  13.5   14:05   7.1    7:25   8.5   0.0   0.0   0.0   0.0     ---   ---
 7   9.4  12.3   13:55   7.0    8:00   8.9   0.0   0.0   0.0   0.0     ---   ---
 8   8.7   9.3   22:30   8.2    6:50   9.6   0.0   5.1   0.0   0.0     ---   ---
 9   9.9  11.8   15:05   7.8    7:35   8.4   0.0   1.0   0.0   0.0     ---   ---
10   8.8   9.6    0:05   7.5   19:50   9.5   0.0  47.8   0.0   0.0     ---   ---
11   7.2   8.5    2:35   4.9   23:20  11.1   0.0  42.4   0.0   0.0     ---   ---
12   4.7   6.7   15:40   1.6   23:35  13.6   0.0   1.0   0.0   0.0     ---   ---
13   1.5   5.6   16:05  -1.2    7:10  16.8   0.0   0.0   0.0   0.0     ---   ---
14   3.6   8.9   15:35  -1.4    6:10  14.7   0.0   0.0   0.0   0.0     ---   ---
15   8.4  12.8    8:45   3.8   23:55   9.8   0.0   0.0   0.0   0.0     ---   ---
16   5.1  11.2   13:40   1.6    6:20  13.2   0.0   0.0   0.0   0.0     ---   ---
17   6.7  12.7   13:55   1.7    6:00  11.7   0.0   0.0   0.0   0.0     ---   ---
18   7.1  10.9   13:20   3.3   20:30  11.2   0.0   0.0   0.0   0.0     ---   ---
19   4.4  10.3   13:50   1.1    5:45  13.8   0.0   0.0   0.0   0.0     ---   ---
20   4.6  10.3   13:50   0.0    6:20  13.7   0.0   0.0   0.0   0.0     ---   ---
21   4.4   8.8   11:15   0.9    3:00  13.9   0.0   0.0   0.0   0.0     ---   ---
22   2.5   6.1   13:25  -1.2    5:25  15.8   0.0   0.0   0.0   0.0     ---   ---
23   2.2   5.4   12:55   0.1   23:45  16.1   0.0   0.0   0.0   0.0     ---   ---
24   0.3   3.3   12:05  -2.9   23:50  18.0   0.0   0.0   0.0   0.0     ---   ---
25  -0.1   6.3   13:35  -3.9    2:35  18.4   0.0   0.0   0.0   0.0     ---   ---
26   2.7   8.4   11:55  -2.3    5:10  15.7   0.0   0.0   0.0   0.0     ---   ---
27   4.3   9.0   14:05   1.1    2:20  14.0   0.0   0.0   0.0   0.0     ---   ---
28   5.9  11.4   13:45   0.8    6:35  12.4   0.0   0.0   0.0   0.0     ---   ---
29   7.9   8.2    0:05   7.6    1:50   0.8   0.0   0.0   0.0   0.0     ---   ---
30
31
-------------------------------------------------------------------------------------
     6.6  20.8     1    -3.9    25   329.8   0.4  97.3   0.0   0.0     ---   ---

Max >=  32.0:  0
Max <=   0.0:  0
Min <=   0.0:  7
Min <= -18.0:  0
Max Rain: 47.75 ON 10/01/22
Days of Rain: 5 (> .2 mm) 3 (> 2 mm) 2 (> 20 mm)
Heat Base:  18.3  Cool Base:  18.3  Method: Integration