NOAA-Style Climate Reports


Report for 2019 Απρίλιος
                   MONTHLY CLIMATOLOGICAL SUMMARY for APR. 2019

NAME: Veriaweather   CITY: Veria   STATE: Imathia 
ELEV:   158 m  LAT:  40° 31' 23" N  LONG:  22° 12' 19" E

                   TEMPERATURE (°C), RAIN  (mm), WIND SPEED (km/hr)

                                      HEAT  COOL        AVG
    MEAN                              DEG   DEG         WIND                 DOM
DAY TEMP  HIGH   TIME   LOW    TIME   DAYS  DAYS  RAIN  SPEED HIGH   TIME    DIR
------------------------------------------------------------------------------------
 1  15.6  24.1   17:05   9.1    6:40   3.9   1.2   0.0   3.5  20.9    0:10   WNW
 2  15.7  22.4   14:45  10.1    6:55   3.4   0.7   0.0   3.5  29.0   17:15   WNW
 3  13.1  18.2   17:25   9.0    7:25   5.2   0.0   0.0   2.7  24.1   15:25   WNW
 4  11.7  15.3   16:25   8.1    7:30   6.6   0.0   0.0   1.4  16.1   15:05    NE
 5  10.1  11.1    0:05   8.2    5:50   8.2   0.0   0.0   0.8  12.9   15:45   NNE
 6  13.1  16.2   14:55   9.8    6:25   5.2   0.0   0.0   0.3  14.5   16:10    NE
 7  15.6  19.7   15:35  12.5    5:35   2.8   0.1   0.0   1.6  16.1   11:45   SSW
 8  12.8  15.7   15:30  11.2    3:05   5.5   0.0   9.9   1.3  16.1   12:00    NE
 9  14.1  17.7   17:25  11.1    8:20   4.2   0.0   0.5   1.1  19.3    0:20   WNW
10  16.1  21.0   15:15  13.1    7:50   2.6   0.4  11.2   3.1  33.8   19:50   WNW
11  17.0  21.6   16:20  12.1    5:10   2.1   0.8   0.0   6.9  41.8   17:35   WNW
12  14.6  20.0   16:10  11.6   00:00   3.8   0.1  13.7   6.3  32.2    6:35   WNW
13  14.1  19.6   15:15   9.0    7:10   4.4   0.1   0.0   3.7  29.0   19:55    NW
14  13.4  17.7   12:20  11.2    6:25   4.9   0.0   4.8   1.4  16.1   14:15   WNW
15  11.4  13.9   17:45  10.2    7:05   6.8   0.0   6.9   1.1  16.1   13:25    NE
16  13.5  18.7   18:25   9.9    5:10   4.8   0.0   4.6   1.8  22.5   15:45   WNW
17  14.9  21.2   16:50   9.4    4:50   3.9   0.4   0.0   3.4  22.5    7:45    NW
18  13.6  18.7   14:25   9.9    6:35   4.7   0.0   1.0   4.7  27.4   20:10   WNW
19  15.3  21.9   18:00   9.1    7:45   3.6   0.6   0.0   1.9  22.5   19:00   WNW
20  14.6  19.2   16:30  10.2    7:45   3.8   0.0   0.0   1.6  29.0   14:35    NE
21  13.7  19.8   17:10   8.1    6:30   4.8   0.2   0.0   1.9  17.7   17:15    NW
22  14.4  20.9   16:05   9.0    6:50   4.1   0.2   0.0   2.1  20.9   15:10    NE
23  13.2  15.6   17:15  11.4    7:55   5.1   0.0   2.5   1.4  19.3   16:45    NE
24  15.6  19.6   16:25  12.2    5:35   2.8   0.1   0.0   0.6  12.9    0:25   NNE
25  17.2  23.2   15:55  12.4    7:05   2.2   1.1   0.0   1.3  16.1    5:25   WNW
26  16.4  23.8   13:20  13.6    6:40   1.4   0.4   0.0   1.3  14.5    7:20   WNW
27
28
29
30
-------------------------------------------------------------------------------------
    14.3  24.1     1     8.1     4   110.7   6.6  55.1   2.3  41.8    11     WNW

Max >=  32.0:  0
Max <=   0.0:  0
Min <=   0.0:  0
Min <= -18.0:  0
Max Rain: 13.72 ON 12/04/19
Days of Rain: 9 (> .2 mm) 7 (> 2 mm) 0 (> 20 mm)
Heat Base:  18.3  Cool Base:  18.3  Method: Integration