NOAA-Style Climate Reports


Report for 2021 Ιούλιος
                   MONTHLY CLIMATOLOGICAL SUMMARY for JUL. 2021

NAME: Veriaweather   CITY: Veria   STATE: Imathia 
ELEV:   158 m  LAT:  40° 31' 23" N  LONG:  22° 12' 19" E

                   TEMPERATURE (°C), RAIN  (mm), WIND SPEED (km/hr)

                                      HEAT  COOL        AVG
    MEAN                              DEG   DEG         WIND                 DOM
DAY TEMP  HIGH   TIME   LOW    TIME   DAYS  DAYS  RAIN  SPEED HIGH   TIME    DIR
------------------------------------------------------------------------------------
 1  30.6  38.8   18:10  23.8    6:55   0.0  12.3   0.0   3.2  33.8   21:35   NNW
 2  29.4  34.7   15:15  24.0   23:45   0.0  11.2   0.0   3.1  33.8   20:00   WNW
 3  26.3  31.4   18:15  21.4    6:15   0.0   8.0   0.0   4.3  29.0    9:50   WNW
 4  27.2  33.2   18:50  21.1    6:30   0.0   8.9   0.0   3.7  24.1    6:30   WNW
 5  27.6  33.5   17:15  22.8    5:50   0.0   9.3   0.0   2.1  20.9    1:40   WNW
 6  29.7  34.9   17:35  24.1    5:35   0.0  11.4   0.0   2.3  19.3   13:25     S
 7  30.4  36.4   18:45  24.2    6:35   0.0  12.1   0.0   2.4  19.3    4:25   WNW
 8  30.1  36.8   17:50  23.9    6:10   0.0  11.8   0.0   2.6  30.6   21:50   WNW
 9  29.4  35.1   18:00  24.6    6:55   0.0  11.1   0.0   1.4  22.5   16:45     N
10  27.8  33.3   15:25  22.9    6:15   0.0   9.5   0.0   1.8  30.6   22:30    NE
11  27.6  33.3   17:10  22.1    5:55   0.0   9.2   0.0   3.5  32.2   21:25   WNW
12  28.7  34.7   16:45  22.7    6:20   0.0  10.4   0.0   2.6  20.9    2:00   WNW
13  29.7  36.8   17:05  23.1    5:50   0.0  11.4   0.0   1.8  17.7   16:25   WNW
14  25.4  28.3    8:55  23.9    7:00   0.0   2.7   0.0   0.8  16.1    4:40     W
15  30.9  34.3   19:10  27.6   00:00   0.0   2.6   0.0   0.3  14.5   19:50    NE
16  29.5  35.8   15:30  24.3    5:55   0.0   9.3   0.0   1.8  25.7   18:10   NNW
17  29.3  35.8   17:15  23.7    5:50   0.0  11.0   0.0   2.1  24.1   18:25    NW
18  26.2  30.7   14:35  23.5    5:20   0.0   7.9   0.3   2.9  27.4   16:10     W
19  26.3  31.1   16:45  22.8    6:45   0.0   8.0   0.3   3.9  30.6    1:05     W
20  27.8  33.5   18:35  22.1    7:05   0.0   9.5   0.0   3.5  24.1    2:35   WNW
21  27.9  32.4   17:10  23.1    6:45   0.0   9.6   0.0   5.0  30.6   18:40   ENE
22  26.3  31.8   17:00  19.9    6:15   0.0   8.0   0.0   0.0   0.0     ---   ---
23  26.4  31.7   18:05  21.6    6:40   0.0   8.1   0.0   0.0   0.0     ---   ---
24  26.1  31.7   16:50  21.4    5:20   0.0   7.7   0.0   0.0   0.0     ---   ---
25  22.9  23.8    0:05  22.3    3:20   0.0   0.6   0.0   0.0   0.0     ---   ---
26
27
28
29
30
31
-------------------------------------------------------------------------------------
    28.0  38.8     1    19.9    22     0.0 221.8   0.5   2.2  33.8     1     WNW

Max >=  32.0: 17
Max <=   0.0:  0
Min <=   0.0:  0
Min <= -18.0:  0
Max Rain: 0.25 ON 18/07/21
Days of Rain: 2 (> .2 mm) 0 (> 2 mm) 0 (> 20 mm)
Heat Base:  18.3  Cool Base:  18.3  Method: Integration