NOAA-Style Climate Reports


Report for 2022 June
                   MONTHLY CLIMATOLOGICAL SUMMARY for JUN. 2022

NAME: Veriaweather   CITY: Veria   STATE: Imathia 
ELEV:   158 m  LAT:  40° 31' 23" N  LONG:  22° 12' 19" E

                   TEMPERATURE (°C), RAIN  (mm), WIND SPEED (km/hr)

                                      HEAT  COOL        AVG
    MEAN                              DEG   DEG         WIND                 DOM
DAY TEMP  HIGH   TIME   LOW    TIME   DAYS  DAYS  RAIN  SPEED HIGH   TIME    DIR
------------------------------------------------------------------------------------
 1  26.1  33.4   17:50  19.1    4:25   0.0   7.8   0.0   2.7  19.3    5:30     W
 2  27.6  34.6   15:50  20.6    4:35   0.0   9.3   0.0   1.6  16.1    5:20   WNW
 3  28.8  34.5   17:35  23.6    5:05   0.0  10.5   0.0   2.3  20.9   10:55    NE
 4  28.4  34.8   15:35  23.6    3:35   0.0  10.1   0.0   3.5  20.9   20:45   WNW
 5  29.5  36.6   15:20  22.8    5:25   0.0  11.2   0.0   2.4  24.1   12:45   WNW
 6  27.3  35.5   14:00  21.7   23:30   0.0   9.1   1.0   4.8  64.4   14:55   WNW
 7  24.6  30.4   15:25  19.3    4:45   0.0   6.3   0.0   2.3  22.5   14:05   WNW
 8  22.2  25.7   10:30  18.5   00:00   0.0   3.9   2.3   1.6  25.7   17:40    NE
 9  21.1  26.1   11:30  17.2    4:10   0.1   2.9   4.3   2.1  22.5   17:30   WNW
10  18.9  21.3   16:40  17.6   11:45   0.1   0.7  25.4   1.3  19.3   12:55    NE
11  20.7  24.2   16:35  17.8    6:15   0.0   2.4   3.0   1.0  19.3   15:50    NE
12  23.7  28.1   13:10  19.8    4:10   0.0   5.4   4.3   3.1  38.6   14:20   WNW
13  25.7  31.6   14:15  20.7    3:05   0.0   7.4   0.0   3.2  19.3    4:10   WNW
14  24.8  30.4   11:45  20.6    5:10   0.0   6.5   0.5   5.3  32.2   14:40   WNW
15  25.0  31.0   17:40  19.2    4:30   0.0   6.7   0.0   3.4  24.1    5:00   WNW
16  24.8  29.7   15:10  20.2    4:55   0.0   6.5   0.0   1.6  20.9   14:40   NNE
17  24.4  31.2   17:00  19.3    4:25   0.0   6.1   0.5   3.1  46.7   20:35     W
18  22.0  25.2   15:00  19.7   00:00   0.0   3.7   1.3   0.8  17.7    0:15   WNW
19  23.4  29.1   18:30  17.9    4:10   0.0   5.2   0.0   0.0   0.0     ---   ---
20  25.5  31.9   15:50  19.0    5:05   0.0   7.2   0.0   0.0   0.0     ---   ---
21  28.1  35.3   16:40  20.0    4:50   0.0   9.8   0.0   0.0   0.0     ---   ---
22  30.6  37.1   16:55  24.6    5:25   0.0  12.3   0.0   1.4  20.9   22:15    NE
23  29.7  37.9   15:30  24.2   23:40   0.0  11.4   0.0   2.6  30.6   17:55   WNW
24  26.6  31.4   17:05  22.4    5:45   0.0   8.3   0.3   1.6  20.9   11:25    SE
25  27.7  35.2   15:00  21.0    5:10   0.0   9.4   0.0   0.6  17.7   23:55   ESE
26  24.4  29.1   10:20  22.0    5:00   0.0   2.7   0.0   2.6  22.5    0:40   WNW
27
28
29
30
-------------------------------------------------------------------------------------
    25.4  37.9    23    17.2     9     0.3 182.6  42.9   2.1  64.4     6     WNW

Max >=  32.0: 10
Max <=   0.0:  0
Min <=   0.0:  0
Min <= -18.0:  0
Max Rain: 25.40 ON 10/06/22
Days of Rain: 10 (> .2 mm) 5 (> 2 mm) 1 (> 20 mm)
Heat Base:  18.3  Cool Base:  18.3  Method: Integration