NOAA-Style Climate Reports


Report for 2019 Νοέμβριος
                   MONTHLY CLIMATOLOGICAL SUMMARY for NOV. 2019

NAME: Veriaweather   CITY: Veria   STATE: Imathia 
ELEV:   158 m  LAT:  40° 31' 23" N  LONG:  22° 12' 19" E

                   TEMPERATURE (°C), RAIN  (mm), WIND SPEED (km/hr)

                                      HEAT  COOL        AVG
    MEAN                              DEG   DEG         WIND                 DOM
DAY TEMP  HIGH   TIME   LOW    TIME   DAYS  DAYS  RAIN  SPEED HIGH   TIME    DIR
------------------------------------------------------------------------------------
 1  12.4  13.4    0:45  11.2    7:55   5.9   0.0   2.3   0.0   0.0     ---   ---
 2  12.1  12.6   16:10  11.6    0:30   6.2   0.0   2.0   0.0   0.0     ---   ---
 3  14.1  15.9   13:50  11.4    7:15   4.3   0.0   0.0   0.0   0.0     ---   ---
 4  16.3  19.0   12:50  14.6    6:40   2.0   0.0   0.5   0.0   0.0     ---   ---
 5  17.7  22.4   13:55  14.2    7:55   1.3   0.7   0.0   0.0   0.0     ---   ---
 6  16.4  20.8   13:50  13.5    6:55   2.3   0.4   0.0   0.0   0.0     ---   ---
 7  16.4  19.2   16:05  14.6    3:35   1.9   0.1   7.1   0.0   0.0     ---   ---
 8  16.1  18.8   15:45  14.0   23:25   2.3   0.0   1.5   0.0   0.0     ---   ---
 9  15.7  20.3   14:25  11.5    7:30   2.8   0.2   0.0   0.0   0.0     ---   ---
10  16.7  22.2   15:35  13.8    7:55   2.1   0.5   1.3   0.0   0.0     ---   ---
11  15.6  21.5   13:35  11.2    7:05   3.1   0.4   0.0   0.0   0.0     ---   ---
12  15.8  17.4   17:50  14.1    2:25   2.5   0.0   9.9   0.0   0.0     ---   ---
13  15.6  17.3    6:45  13.8   23:05   2.7   0.0   1.5   0.0   0.0     ---   ---
14  16.3  20.3   14:35  13.7    3:15   2.4   0.3   0.0   0.0   0.0     ---   ---
15  15.3  20.8   13:30  11.8    6:40   2.2   0.2   0.0   0.0   0.0     ---   ---
16
17
18
19
20
21
22
23
24
25
26
27
28
29
30
-------------------------------------------------------------------------------------
    15.5  22.4     5    11.2     1    44.0   2.8  26.2   0.0   0.0     ---   ---

Max >=  32.0:  0
Max <=   0.0:  0
Min <=   0.0:  0
Min <= -18.0:  0
Max Rain: 9.91 ON 12/11/19
Days of Rain: 8 (> .2 mm) 4 (> 2 mm) 0 (> 20 mm)
Heat Base:  18.3  Cool Base:  18.3  Method: Integration