NOAA-Style Climate Reports


Report for 2021 Σεπτέμβριος
                   MONTHLY CLIMATOLOGICAL SUMMARY for SEP. 2021

NAME: Veriaweather   CITY: Veria   STATE: Imathia 
ELEV:   158 m  LAT:  40° 31' 23" N  LONG:  22° 12' 19" E

                   TEMPERATURE (°C), RAIN  (mm), WIND SPEED (km/hr)

                                      HEAT  COOL        AVG
    MEAN                              DEG   DEG         WIND                 DOM
DAY TEMP  HIGH   TIME   LOW    TIME   DAYS  DAYS  RAIN  SPEED HIGH   TIME    DIR
------------------------------------------------------------------------------------
 1  25.5  31.9   15:45  20.8    7:10   0.0   7.2   0.0   3.5  29.0   19:30   WNW
 2  23.6  29.1   17:40  17.7    7:15   0.0   5.3   0.0   2.4  22.5    2:00    NE
 3  22.7  28.9   16:40  17.5    6:50   0.1   4.5   0.0   3.4  22.5    6:55   WNW
 4  22.7  28.7   17:10  18.1    7:25   0.0   4.4   0.0   2.4  19.3    4:45   WNW
 5  21.5  26.0   16:00  18.4   23:50   0.0   3.2   2.0   2.4  46.7   16:40    NW
 6  22.4  28.8   17:15  18.4    6:10   0.0   4.2   0.0   2.3  20.9   14:00   WNW
 7  22.1  26.5   15:35  17.7    6:20   0.0   3.8   0.0   2.3  29.0   22:45   WSW
 8  18.4  22.7   12:20  15.6   23:55   0.7   0.8   7.1   1.8  19.3   16:15   WNW
 9  17.9  22.1   17:45  15.4    0:35   1.1   0.7   3.8   2.1  19.3   15:40   WNW
10  21.7  27.7   16:55  17.3    4:35   0.2   3.5   0.0   2.9  19.3   22:00   WNW
11  22.1  28.1   17:40  17.2    6:50   0.1   3.9   0.0   2.1  16.1    0:40   WNW
12  22.8  29.4   17:10  18.2    5:50   0.0   4.5   0.0   2.9  24.1   22:10   WNW
13  24.3  30.3   15:30  19.6    6:35   0.0   6.0   0.0   2.3  22.5   21:50     W
14  25.6  32.7   15:40  20.3    7:35   0.0   7.3   0.0   4.2  22.5   20:20   WNW
15  25.2  32.9   17:20  19.4    6:15   0.0   6.9   0.0   3.5  20.9    2:30   WNW
16  24.9  31.8   16:10  18.9    7:05   0.0   6.6   0.0   1.9  16.1    2:55   WNW
17  22.4  24.3    0:10  20.8    4:20   0.0   0.7   0.0   0.6  11.3    0:10   WNW
18
19
20
21
22
23
24
25
26
27
28
29
30
-------------------------------------------------------------------------------------
    22.7  32.9    15    15.4     9     2.2  73.6  13.0   2.5  46.7     5     WNW

Max >=  32.0:  2
Max <=   0.0:  0
Min <=   0.0:  0
Min <= -18.0:  0
Max Rain: 7.11 ON 08/09/21
Days of Rain: 3 (> .2 mm) 3 (> 2 mm) 0 (> 20 mm)
Heat Base:  18.3  Cool Base:  18.3  Method: Integration