NOAA-Style Climate Reports


Report for 2020 Ιανουάριος
                   MONTHLY CLIMATOLOGICAL SUMMARY for JAN. 2020

NAME: Veriaweather   CITY: Veria   STATE: Imathia 
ELEV:   158 m  LAT:  40° 31' 23" N  LONG:  22° 12' 19" E

                   TEMPERATURE (°C), RAIN  (mm), WIND SPEED (km/hr)

                                      HEAT  COOL        AVG
    MEAN                              DEG   DEG         WIND                 DOM
DAY TEMP  HIGH   TIME   LOW    TIME   DAYS  DAYS  RAIN  SPEED HIGH   TIME    DIR
------------------------------------------------------------------------------------
 1   7.7  11.2   13:30   2.9   23:55  10.6   0.0   0.0   0.0   0.0     ---   ---
 2   4.6  10.3   14:55   1.2    8:15  13.7   0.0   0.0   0.0   0.0     ---   ---
 3   5.6  11.1   15:40   2.4    4:25  12.8   0.0   0.0   0.0   0.0     ---   ---
 4   9.9  16.3   15:45   5.1    7:50   8.4   0.0   0.0   0.0   0.0     ---   ---
 5   7.5  10.1    2:05   5.3   23:10  10.8   0.0   0.3   0.0   0.0     ---   ---
 6   4.9   7.1   14:50   1.4   00:00  13.4   0.0   0.0   0.0   0.0     ---   ---
 7   3.7  10.3   15:10   0.1    5:45  14.7   0.0   0.0   0.0   0.0     ---   ---
 8   3.9  10.8   15:15   0.1    6:55  14.3   0.0   0.0   0.0   0.0     ---   ---
 9   4.5  10.7   14:45   0.6    7:55  13.8   0.0   0.0   0.0   0.0     ---   ---
10   6.2  12.8   15:25   2.4    7:25  12.1   0.0   0.0   0.0   0.0     ---   ---
11   8.5  13.1   13:10   4.4    7:00   9.8   0.0   0.0   0.0   0.0     ---   ---
12   7.9  10.5    1:05   6.8   12:35  10.4   0.0   1.8   0.0   0.0     ---   ---
13   7.9  11.6   16:15   5.6   23:55  10.4   0.0   0.0   0.0   0.0     ---   ---
14   6.8  12.7   15:55   3.3    7:40  11.5   0.0   0.0   0.0   0.0     ---   ---
15   7.2  14.4   15:05   3.0    7:50  11.1   0.0   0.0   0.0   0.0     ---   ---
16   6.6  12.9   15:20   3.6    5:25  11.7   0.0   0.0   0.0   0.0     ---   ---
17   5.9  11.6   15:30   2.4    8:05  12.4   0.0   0.0   0.0   0.0     ---   ---
18   5.7   8.3   13:10   3.0    4:10  12.6   0.0   0.0   0.0   0.0     ---   ---
19   6.8   9.8   15:45   5.4    7:55  11.5   0.0   0.0   0.0   0.0     ---   ---
20   5.0   7.4   15:35   1.6   23:55  13.3   0.0   0.0   0.0   0.0     ---   ---
21   3.6   9.4   14:35  -0.2    6:55  14.8   0.0   0.0   0.0   0.0     ---   ---
22   5.6  12.4   14:55   0.2    6:20  12.7   0.0   0.0   0.0   0.0     ---   ---
23   9.1  15.4   13:50   3.9   22:15   9.2   0.0   0.0   0.0   0.0     ---   ---
24   6.7  13.2   13:50   2.8    4:45  11.6   0.0   0.0   0.0   0.0     ---   ---
25   7.4  13.3   13:55   2.6    6:20  10.9   0.0   0.0   0.0   0.0     ---   ---
26   8.8  13.3   13:35   5.8    4:20   9.5   0.0   0.0   0.0   0.0     ---   ---
27   9.6  11.8   14:55   7.9    5:50   8.7   0.0   0.3   0.0   0.0     ---   ---
28  12.6  17.6   12:50   7.7    4:40   5.8   0.0   0.0   0.0   0.0     ---   ---
29  13.8  17.3   11:05   9.9    7:10   3.1   0.0   0.0   0.0   0.0     ---   ---
30
31
-------------------------------------------------------------------------------------
     7.0  17.6    28    -0.2    21   325.4   0.0   2.3   0.0   0.0     ---   ---

Max >=  32.0:  0
Max <=   0.0:  0
Min <=   0.0:  1
Min <= -18.0:  0
Max Rain: 1.78 ON 12/01/20
Days of Rain: 3 (> .2 mm) 0 (> 2 mm) 0 (> 20 mm)
Heat Base:  18.3  Cool Base:  18.3  Method: Integration