NOAA-Style Climate Reports


Report for 2019 Μάρτιος
                   MONTHLY CLIMATOLOGICAL SUMMARY for MAR. 2019

NAME: Veriaweather   CITY: Veria   STATE: Imathia 
ELEV:   158 m  LAT:  40° 31' 23" N  LONG:  22° 12' 19" E

                   TEMPERATURE (°C), RAIN  (mm), WIND SPEED (km/hr)

                                      HEAT  COOL        AVG
    MEAN                              DEG   DEG         WIND                 DOM
DAY TEMP  HIGH   TIME   LOW    TIME   DAYS  DAYS  RAIN  SPEED HIGH   TIME    DIR
------------------------------------------------------------------------------------
 1  14.8  22.6   14:45   7.2    3:20   4.2   0.8   0.0   4.5  24.1    6:30   WNW
 2  14.4  17.7   13:30  10.3    5:50   3.9   0.0   0.0   5.6  30.6   20:35    NE
 3  11.4  17.0   14:45   6.8    5:55   6.9   0.0   0.0   4.5  25.7   15:30   WNW
 4  10.9  18.2   16:30   5.1    6:55   7.4   0.0   0.0   1.3  17.7   20:25   WNW
 5  11.8  19.4   15:55   5.8    6:50   6.5   0.0   0.0   2.3  17.7    0:30   WNW
 6  15.7  23.2   15:10   9.6    5:00   3.6   1.0   0.0   2.9  35.4   13:55     N
 7  14.6  21.4   16:10   9.1    7:05   4.1   0.4   0.0   1.9  14.5    0:15    NW
 8  13.1  18.4   16:05   8.7    7:30   5.2   0.0   0.0   1.3  14.5    3:45    NW
 9  13.7  20.6   15:20   7.8    7:30   4.8   0.3   0.0   1.1  35.4   23:10    NW
10  18.4  24.9   17:00  11.2    5:25   1.7   1.7   0.0   2.4  27.4    2:25     N
11  18.3  24.0   13:10  12.8    2:45   1.4   1.4   0.0   5.5  45.1   22:50   NNW
12  10.0  17.0    0:10   4.6   18:50   8.3   0.0  11.9   7.7  43.5    0:05    NE
13   8.9  15.1   15:30   5.0    0:15   9.4   0.0   0.5   3.5  25.7    0:20   NNE
14   8.7  12.0   12:50   5.9    7:25   9.6   0.0   2.5   1.4  19.3    0:20   ENE
15  10.7  16.7   15:55   7.4    0:35   7.6   0.0   0.5   2.9  24.1    5:15     W
16  14.1  22.3   15:00   8.4    6:50   4.6   0.5   0.0   4.5  24.1    5:15   WNW
17  17.0  25.4   15:20  11.1    3:00   2.8   1.5   0.0   2.6  20.9    4:10   WNW
18  15.6  22.9   15:05  10.3    6:35   3.5   0.8   0.0   1.8  19.3   20:50   WNW
19  15.6  22.5   14:30  10.0    5:05   3.5   0.8   0.0   2.6  22.5   21:40   WNW
20  15.8  22.3   15:50  10.7    4:20   3.3   0.8   0.0   1.3  19.3   21:30   WNW
21  15.0  19.2   16:10  12.1    8:00   3.4   0.1   0.0   1.9  20.9   21:00    NE
22  14.2  19.0   16:20  10.7   00:00   4.1   0.0   0.0   1.9  20.9   20:55   ENE
23  14.4  21.5   15:15   8.4    5:15   4.0   0.5   0.0   2.6  19.3   14:25   WNW
24
25
26
27
28
29
30
31
-------------------------------------------------------------------------------------
    13.8  25.4    17     4.6    12   113.9  10.6  15.5   3.0  45.1    11     WNW

Max >=  32.0:  0
Max <=   0.0:  0
Min <=   0.0:  0
Min <= -18.0:  0
Max Rain: 11.94 ON 12/03/19
Days of Rain: 4 (> .2 mm) 2 (> 2 mm) 0 (> 20 mm)
Heat Base:  18.3  Cool Base:  18.3  Method: Integration