NOAA-Style Climate Reports


Report for 2019 Σεπτέμβριος
                   MONTHLY CLIMATOLOGICAL SUMMARY for AUG. 2019

NAME: Veriaweather   CITY: Veria   STATE: Imathia 
ELEV:   158 m  LAT:  40° 31' 23" N  LONG:  22° 12' 19" E

                   TEMPERATURE (°C), RAIN  (mm), WIND SPEED (km/hr)

                                      HEAT  COOL        AVG
    MEAN                              DEG   DEG         WIND                 DOM
DAY TEMP  HIGH   TIME   LOW    TIME   DAYS  DAYS  RAIN  SPEED HIGH   TIME    DIR
------------------------------------------------------------------------------------
 1  31.2  37.2   19:00  25.2    6:55   0.0  12.8   0.0   0.0   0.0     ---   ---
 2  30.3  36.0   16:25  25.6    5:20   0.0  12.0   0.0   0.0   0.0     ---   ---
 3  28.9  34.7   16:05  23.4    6:10   0.0  10.7   0.0   0.0   0.0     ---   ---
 4  27.3  32.6   18:05  21.8    7:10   0.0   9.0   0.0   0.0   0.0     ---   ---
 5  26.6  31.8   17:40  21.9    5:40   0.0   8.3   0.0   0.0   0.0     ---   ---
 6  26.5  32.9   17:25  20.3    6:20   0.0   8.2   0.0   0.0   0.0     ---   ---
 7  27.1  34.3   17:50  20.7    4:25   0.0   8.7   0.0   0.0   0.0     ---   ---
 8  27.9  34.7   15:45  21.7    6:55   0.0   9.7   0.0   0.0   0.0     ---   ---
 9  29.2  36.3   17:40  23.3    3:50   0.0  10.9   0.0   0.0   0.0     ---   ---
10  31.1  38.1   17:50  25.4    6:15   0.0  12.8   0.0   0.0   0.0     ---   ---
11  30.5  37.8   18:45  25.3    8:00   0.0  12.2   0.0   0.0   0.0     ---   ---
12  30.1  37.1   17:25  24.0    7:10   0.0  11.8   0.0   0.0   0.0     ---   ---
13  30.4  37.9   17:30  24.4    6:20   0.0  12.1   0.0   0.0   0.0     ---   ---
14  28.3  34.7   17:45  23.3    7:05   0.0  10.1   1.0   0.0   0.0     ---   ---
15  25.7  29.9   13:50  21.9    6:45   0.0   7.4   0.3   0.0   0.0     ---   ---
16  25.3  30.8   17:55  20.7    8:00   0.0   7.0   0.0   0.0   0.0     ---   ---
17  25.6  31.5   17:30  20.7    7:30   0.0   7.2   0.0   0.0   0.0     ---   ---
18  26.0  32.6   17:15  19.8    5:55   0.0   7.7   0.0   0.0   0.0     ---   ---
19  26.3  33.0   16:20  20.1    6:45   0.0   8.0   0.0   0.0   0.0     ---   ---
20  27.0  34.1   18:05  21.2    6:40   0.0   8.7   0.0   0.0   0.0     ---   ---
21  27.6  34.3   16:30  21.7    6:55   0.0   9.2   0.0   0.0   0.0     ---   ---
22  29.3  36.1   16:35  23.4    7:00   0.0  11.0   0.0   0.0   0.0     ---   ---
23  30.1  36.9   16:50  24.4    7:25   0.0  11.8   0.0   0.0   0.0     ---   ---
24  29.9  35.4   15:50  25.4    6:45   0.0  11.6   0.0   0.0   0.0     ---   ---
25  29.9  36.4   17:45  24.3    7:30   0.0  11.6   0.0   0.0   0.0     ---   ---
26  29.9  36.4   16:25  24.9    6:55   0.0  11.6   0.0   0.0   0.0     ---   ---
27  29.3  35.2   17:00  24.4    7:10   0.0  11.0   0.0   0.0   0.0     ---   ---
28  28.4  34.8   17:55  23.3    7:20   0.0  10.1   0.0   0.0   0.0     ---   ---
29  27.9  34.6   17:00  22.2    7:25   0.0   9.6   0.0   0.0   0.0     ---   ---
30  22.6  23.9    0:05  21.6    7:25   0.0   1.4   0.0   0.0   0.0     ---   ---
31
-------------------------------------------------------------------------------------
    28.2  38.1    10    19.8    18     0.0 294.2   1.3   0.0   0.0     ---   ---

Max >=  32.0: 25
Max <=   0.0:  0
Min <=   0.0:  0
Min <= -18.0:  0
Max Rain: 1.02 ON 14/08/19
Days of Rain: 2 (> .2 mm) 0 (> 2 mm) 0 (> 20 mm)
Heat Base:  18.3  Cool Base:  18.3  Method: Integration