NOAA-Style Climate Reports


Report for 2018 Σεπτέμβριος
                   MONTHLY CLIMATOLOGICAL SUMMARY for SEP. 2018

NAME: Veriaweather   CITY: Veria   STATE: Imathia 
ELEV:   158 m  LAT:  40° 31' 23" N  LONG:  22° 12' 19" E

                   TEMPERATURE (°C), RAIN  (mm), WIND SPEED (km/hr)

                                      HEAT  COOL        AVG
    MEAN                              DEG   DEG         WIND                 DOM
DAY TEMP  HIGH   TIME   LOW    TIME   DAYS  DAYS  RAIN  SPEED HIGH   TIME    DIR
------------------------------------------------------------------------------------
 1  27.5  34.0   15:45  22.4    5:10   0.0   9.2   0.0   0.0   0.0     ---   ---
 2  27.9  35.5   15:05  22.4    4:30   0.0   9.6   0.0   0.0   0.0     ---   ---
 3  27.2  33.3   12:45  22.7    4:40   0.0   8.9   0.0   0.0   0.0     ---   ---
 4  27.0  33.7   14:55  21.9    4:25   0.0   8.7   0.0   0.0   0.0     ---   ---
 5  26.2  31.4   14:20  21.4    4:55   0.0   7.9   0.0   0.0   0.0     ---   ---
 6  25.0  30.3   15:20  19.9    3:05   0.0   6.7   0.0   0.0   0.0     ---   ---
 7  25.9  32.2   15:10  20.6    5:25   0.0   7.6   0.0   0.0   0.0     ---   ---
 8  24.9  29.5   15:10  21.6    5:15   0.0   6.6   0.0   0.0   0.0     ---   ---
 9  25.2  30.3   13:25  19.7    4:55   0.0   6.9   0.0   0.0   0.0     ---   ---
10  24.7  30.6   14:20  19.4    4:25   0.0   6.4   0.0   0.0   0.0     ---   ---
11  24.1  27.8   11:35  19.4    5:10   0.0   5.7   0.0   0.0   0.0     ---   ---
12  24.3  30.0   15:05  19.7    5:00   0.0   6.0   0.0   0.0   0.0     ---   ---
13  23.5  29.9   14:25  19.1    2:15   0.0   5.2   0.0   0.0   0.0     ---   ---
14  23.9  31.2   14:45  18.3    5:10   0.0   5.6   0.0   0.0   0.0     ---   ---
15  25.1  32.0   14:00  19.0    4:10   0.0   6.8   0.0   0.0   0.0     ---   ---
16  25.4  30.9   13:45  20.6    5:15   0.0   7.2   0.0   0.0   0.0     ---   ---
17  24.1  30.2   14:35  19.1    5:35   0.0   5.7   0.0   0.0   0.0     ---   ---
18  23.2  29.3   15:25  18.5    5:00   0.0   4.9   0.0   0.0   0.0     ---   ---
19  22.8  29.1   13:55  18.5    5:20   0.0   4.5   0.0   0.0   0.0     ---   ---
20  22.9  30.0   16:00  17.9    4:40   0.0   4.6   0.0   0.0   0.0     ---   ---
21  23.3  30.4   13:55  17.9    5:25   0.0   5.0   0.0   0.0   0.0     ---   ---
22  24.1  32.4   15:45  18.0    4:15   0.0   5.8   0.0   0.0   0.0     ---   ---
23  25.1  32.9   14:10  18.9    2:30   0.0   6.8   0.0   0.0   0.0     ---   ---
24  24.0  32.1   14:35  18.2   00:00   0.0   5.7   0.0   0.0   0.0     ---   ---
25  16.3  19.5   16:15  12.3   23:00   2.1   0.1   0.0   0.0   0.0     ---   ---
26  15.0  19.2   16:00  12.8    5:15   3.3   0.0   0.0   0.0   0.0     ---   ---
27  14.8  20.2   15:15   8.7    5:15   3.7   0.2   0.0   0.0   0.0     ---   ---
28  15.5  18.9   10:10  12.2    5:40   2.9   0.0   0.3   0.0   0.0     ---   ---
29  18.1  20.5   14:10  15.0    4:20   0.8   0.6   0.3   0.0   0.0     ---   ---
30  15.3  18.4    0:05  14.2    6:50   3.0   0.0   9.9   0.0   0.0     ---   ---
-------------------------------------------------------------------------------------
    23.1  35.5     2     8.7    27    15.8 159.0  10.4   0.0   0.0     ---   ---

Max >=  32.0:  9
Max <=   0.0:  0
Min <=   0.0:  0
Min <= -18.0:  0
Max Rain: 9.91 ON 30/09/18
Days of Rain: 3 (> .2 mm) 1 (> 2 mm) 0 (> 20 mm)
Heat Base:  18.3  Cool Base:  18.3  Method: Integration