NOAA-Style Climate Reports


Report for 2018 Αύγουστος
                   MONTHLY CLIMATOLOGICAL SUMMARY for AUG. 2018

NAME: Veriaweather   CITY: Veria   STATE: Imathia 
ELEV:   158 m  LAT:  40° 31' 23" N  LONG:  22° 12' 19" E

                   TEMPERATURE (°C), RAIN  (mm), WIND SPEED (km/hr)

                                      HEAT  COOL        AVG
    MEAN                              DEG   DEG         WIND                 DOM
DAY TEMP  HIGH   TIME   LOW    TIME   DAYS  DAYS  RAIN  SPEED HIGH   TIME    DIR
------------------------------------------------------------------------------------
 1  26.9  32.2   12:40  22.1    3:45   0.0   8.6   0.0   0.0   0.0     ---   ---
 2  27.3  32.6   13:30  23.3    3:25   0.0   9.0   0.0   0.0   0.0     ---   ---
 3  24.8  30.6   14:20  21.6   00:00   0.0   6.5   2.8   0.0   0.0     ---   ---
 4  26.4  31.8   16:25  21.1    1:30   0.0   8.1   0.0   0.0   0.0     ---   ---
 5  27.1  32.7   14:10  21.9    3:55   0.0   8.8   0.0   0.0   0.0     ---   ---
 6  27.9  34.3   15:30  23.0    5:10   0.0   9.6   0.0   0.0   0.0     ---   ---
 7  28.3  34.3   14:05  22.7    4:00   0.0  10.0   0.0   0.0   0.0     ---   ---
 8  28.3  33.9   14:00  23.3    3:15   0.0  10.1   0.0   0.0   0.0     ---   ---
 9  28.4  33.5   14:00  23.9    3:55   0.0  10.2   0.0   0.0   0.0     ---   ---
10  27.5  33.0   14:25  23.2    4:55   0.0   9.2   0.0   0.0   0.0     ---   ---
11  26.7  31.9   14:20  22.1    4:45   0.0   8.4   0.0   0.0   0.0     ---   ---
12  26.2  31.8   15:20  21.3    4:30   0.0   7.9   0.0   0.0   0.0     ---   ---
13  26.6  32.7   14:25  21.0    4:25   0.0   8.3   0.0   0.0   0.0     ---   ---
14  26.2  31.4   12:35  21.3    2:40   0.0   7.8   0.0   0.0   0.0     ---   ---
15  25.8  31.2   13:20  23.2    3:50   0.0   7.5   0.0   0.0   0.0     ---   ---
16  26.0  32.2   15:05  21.0    3:55   0.0   7.7   3.6   0.0   0.0     ---   ---
17  27.8  33.8   15:20  22.9    4:45   0.0   9.5   0.0   0.0   0.0     ---   ---
18  28.7  34.8   14:25  23.9    3:30   0.0  10.4   0.0   0.0   0.0     ---   ---
19  29.3  34.7   14:35  24.1    4:55   0.0  11.0   0.0   0.0   0.0     ---   ---
20  27.8  34.3   13:45  21.0   23:10   0.0   9.5   3.3   0.0   0.0     ---   ---
21  26.4  33.2   13:55  20.8    4:15   0.0   8.1   0.3   0.0   0.0     ---   ---
22  27.0  33.6   14:30  21.5    3:30   0.0   8.7   0.0   0.0   0.0     ---   ---
23  26.9  32.8   14:50  22.2    3:20   0.0   8.6   0.0   0.0   0.0     ---   ---
24  26.7  32.8   14:30  21.5    5:10   0.0   8.4   0.0   0.0   0.0     ---   ---
25  26.9  33.2   14:10  21.9    2:30   0.0   8.6   0.0   0.0   0.0     ---   ---
26  25.8  31.4   11:35  22.3    4:10   0.0   7.5   0.3   0.0   0.0     ---   ---
27  20.9  24.3    0:45  18.1   11:10   0.0   2.7  39.9   0.0   0.0     ---   ---
28  24.7  30.6   13:50  19.6    0:05   0.0   6.4   0.0   0.0   0.0     ---   ---
29  26.4  32.8   15:50  21.2    5:10   0.0   8.1   0.0   0.0   0.0     ---   ---
30  27.1  33.5   14:10  21.5    5:25   0.0   8.8   0.0   0.0   0.0     ---   ---
31  27.1  33.4   13:15  22.0    5:20   0.0   8.8   0.0   0.0   0.0     ---   ---
-------------------------------------------------------------------------------------
    26.8  34.8    18    18.1    27     0.0 262.7  50.0   0.0   0.0     ---   ---

Max >=  32.0: 22
Max <=   0.0:  0
Min <=   0.0:  0
Min <= -18.0:  0
Max Rain: 39.88 ON 27/08/18
Days of Rain: 6 (> .2 mm) 4 (> 2 mm) 1 (> 20 mm)
Heat Base:  18.3  Cool Base:  18.3  Method: Integration