NOAA-Style Climate Reports


Report for 2018 Ιούλιος
                   MONTHLY CLIMATOLOGICAL SUMMARY for JUL. 2018

NAME: Veriaweather   CITY: Veria   STATE: Imathia 
ELEV:   158 m  LAT:  40° 31' 23" N  LONG:  22° 12' 19" E

                   TEMPERATURE (°C), RAIN  (mm), WIND SPEED (km/hr)

                                      HEAT  COOL        AVG
    MEAN                              DEG   DEG         WIND                 DOM
DAY TEMP  HIGH   TIME   LOW    TIME   DAYS  DAYS  RAIN  SPEED HIGH   TIME    DIR
------------------------------------------------------------------------------------
 1  26.8  32.3   16:50  21.6    5:10   0.0   8.5   0.0   0.0   0.0     ---   ---
 2  26.2  31.9   16:45  20.2    6:20   0.0   7.9   0.0   0.0   0.0     ---   ---
 3  27.1  32.9   15:20  21.2    6:15   0.0   8.7   0.0   0.0   0.0     ---   ---
 4  27.2  33.9   16:35  22.5    6:30   0.0   8.9   4.1   0.0   0.0     ---   ---
 5  28.2  34.4   16:35  22.1    6:05   0.0   9.9   0.0   0.0   0.0     ---   ---
 6  28.2  33.3   15:40  23.2   00:00   0.0   9.8   1.0   0.0   0.0     ---   ---
 7  25.3  31.2   15:20  21.9    5:25   0.0   7.0   0.8   0.0   0.0     ---   ---
 8  24.9  30.3   15:45  20.7    6:10   0.0   6.6   0.0   0.0   0.0     ---   ---
 9  22.2  28.7   14:10  18.0   23:45   0.0   3.9   6.9   0.0   0.0     ---   ---
10  23.1  29.1   15:30  17.1    2:25   0.2   5.0   0.0   0.0   0.0     ---   ---
11  25.9  31.9   16:30  20.1    6:25   0.0   7.6   0.0   0.0   0.0     ---   ---
12  27.8  34.3   17:15  21.6    6:45   0.0   9.5   0.0   0.0   0.0     ---   ---
13  28.7  34.6   18:50  23.0    5:45   0.0  10.4   0.0   0.0   0.0     ---   ---
14  28.3  33.3   16:15  23.3    6:30   0.0  10.0   0.0   0.0   0.0     ---   ---
15  27.8  33.0   17:25  21.9    6:15   0.0   9.5   0.0   0.0   0.0     ---   ---
16  27.5  33.9   18:25  21.2    6:20   0.0   9.2   0.0   0.0   0.0     ---   ---
17  27.8  33.8   15:45  24.1    5:10   0.0   9.5   0.0   0.0   0.0     ---   ---
18  27.2  32.8   18:20  22.7    5:10   0.0   8.9   0.0   0.0   0.0     ---   ---
19  26.6  31.2   14:35  21.8    6:40   0.0   8.3   0.0   0.0   0.0     ---   ---
20  27.3  32.4   17:10  22.7    2:05   0.0   9.0   0.0   0.0   0.0     ---   ---
21  28.3  34.2   17:35  22.7    6:40   0.0  10.1   0.0   0.0   0.0     ---   ---
22  28.9  34.6   16:15  23.4    6:30   0.0  10.6   0.0   0.0   0.0     ---   ---
23  27.1  34.8   15:40  20.8   17:05   0.0   8.8  10.4   0.0   0.0     ---   ---
24  25.3  29.9   16:35  20.3    3:55   0.0   7.0   0.0   0.0   0.0     ---   ---
25  26.4  32.4   13:05  21.9    4:05   0.0   8.1   0.0   0.0   0.0     ---   ---
26  25.2  29.4   10:45  21.7    4:25   0.0   6.9   0.0   0.0   0.0     ---   ---
27  25.7  30.6   13:20  21.8    4:00   0.0   7.4   0.0   0.0   0.0     ---   ---
28  27.3  32.7   14:45  21.7    4:30   0.0   9.0   0.0   0.0   0.0     ---   ---
29  26.4  32.5   14:20  21.9    3:15   0.0   8.1   1.0   0.0   0.0     ---   ---
30  27.3  34.1   13:50  23.1    4:50   0.0   9.1   0.5   0.0   0.0     ---   ---
31  26.3  32.9   14:55  22.5    2:05   0.0   8.0   0.5   0.0   0.0     ---   ---
-------------------------------------------------------------------------------------
    26.7  34.8    23    17.1    10     0.2 261.0  25.1   0.0   0.0     ---   ---

Max >=  32.0: 21
Max <=   0.0:  0
Min <=   0.0:  0
Min <= -18.0:  0
Max Rain: 10.41 ON 23/07/18
Days of Rain: 8 (> .2 mm) 3 (> 2 mm) 0 (> 20 mm)
Heat Base:  18.3  Cool Base:  18.3  Method: Integration