NOAA-Style Climate Reports


Report for 2018 Μάϊος
                   MONTHLY CLIMATOLOGICAL SUMMARY for MAY. 2018

NAME: Veriaweather   CITY: Veria   STATE: Imathia 
ELEV:   158 m  LAT:  40° 31' 23" N  LONG:  22° 12' 19" E

                   TEMPERATURE (°C), RAIN  (mm), WIND SPEED (km/hr)

                                      HEAT  COOL        AVG
    MEAN                              DEG   DEG         WIND                 DOM
DAY TEMP  HIGH   TIME   LOW    TIME   DAYS  DAYS  RAIN  SPEED HIGH   TIME    DIR
------------------------------------------------------------------------------------
 1  22.3  28.7   16:55  16.8    6:05   0.2   4.3   0.0   3.4  20.9   16:35   WNW
 2  21.9  27.9   17:35  16.8    5:30   0.2   3.7   0.0   2.4  33.8   15:20   WNW
 3  19.8  22.7   12:55  16.2    6:55   0.4   1.8   0.0   0.8  14.5   20:35   WNW
 4  22.7  28.2   15:35  17.7    6:30   0.0   4.4   0.0   2.4  20.9   15:05     W
 5  20.6  23.6   14:50  18.2    6:50   0.0   2.3   3.8   9.0  46.7   18:20     W
 6  19.3  27.1   15:10  15.3    5:25   0.7   1.7  19.0   5.0  35.4    1:15     W
 7  21.1  27.4   16:40  17.2    3:30   0.2   3.0   0.3   3.4  24.1   17:30   WNW
 8  20.1  24.1   17:05  17.4    6:50   0.1   1.9   0.8   4.3  32.2   14:00   WNW
 9  20.1  26.4   14:30  16.7    6:25   0.3   2.2   0.0   5.5  32.2   15:40   WNW
10  17.8  20.3    9:40  15.7   23:30   0.7   0.2   9.4   6.1  30.6   14:30   WNW
11  19.1  23.6   12:35  15.6    3:05   0.8   1.5   4.1   4.3  22.5   17:15   WNW
12  20.9  26.8   15:20  15.7    5:45   0.5   3.1   0.8   2.9  20.9   17:25   WNW
13  19.4  24.0   16:20  15.1    6:35   0.6   1.7   1.5   2.3  20.9   17:45    NE
14  18.2  23.2   14:25  14.6    7:00   1.2   1.1   0.5   1.1  17.7   14:25   ENE
15  20.7  25.0   16:40  15.8    6:40   0.4   2.8   0.0   1.4  19.3   16:10   WNW
16  22.7  27.8   15:45  17.7    7:00   0.0   4.5   0.0   1.8  24.1   19:40   WNW
17  23.3  27.8   15:20  19.3    5:50   0.0   5.0   0.0   0.0   0.0     ---   ---
18  21.7  27.9   13:55  17.9    6:40   0.0   3.4   3.6   0.0   0.0     ---   ---
19  20.7  25.3   15:30  16.9    3:10   0.3   2.7   0.0   0.0   0.0     ---   ---
20  22.2  28.4   15:45  18.5   00:00   0.0   3.9   2.3   0.0   0.0     ---   ---
21  19.7  22.6   14:55  16.7    4:40   0.3   1.7   1.3   0.0   0.0     ---   ---
22  21.9  27.2   16:50  17.0    6:35   0.2   3.7   0.0   0.0   0.0     ---   ---
23  21.0  26.4   13:40  17.3    6:45   0.1   2.8   2.5   0.0   0.0     ---   ---
24  20.9  27.6   16:25  16.8    4:15   0.3   3.0   6.9   0.0   0.0     ---   ---
25  22.7  29.3   16:55  17.2    5:25   0.1   4.5   0.0   0.0   0.0     ---   ---
26  24.4  30.3   17:30  18.5    4:40   0.0   6.1   0.8   0.0   0.0     ---   ---
27  24.5  31.7   17:20  19.1    6:05   0.0   6.2   0.0   0.0   0.0     ---   ---
28  23.9  29.2   15:15  18.2    6:25   0.0   5.6   0.0   0.0   0.0     ---   ---
29  23.8  29.7   17:05  18.7    6:30   0.0   5.5   0.0   0.0   0.0     ---   ---
30  24.7  30.3   17:30  18.9    6:35   0.0   6.4   0.0   0.0   0.0     ---   ---
31  24.6  30.3   16:10  18.7    6:30   0.0   6.3   0.0   0.0   0.0     ---   ---
-------------------------------------------------------------------------------------
    21.5  31.7    27    14.6    14     7.6 106.8  57.4   1.8  46.7     5     WNW

Max >=  32.0:  0
Max <=   0.0:  0
Min <=   0.0:  0
Min <= -18.0:  0
Max Rain: 19.05 ON 06/05/18
Days of Rain: 15 (> .2 mm) 8 (> 2 mm) 0 (> 20 mm)
Heat Base:  18.3  Cool Base:  18.3  Method: Integration