NOAA-Style Climate Reports


Report for 2018 Μάρτιος
                   MONTHLY CLIMATOLOGICAL SUMMARY for MAR. 2018

NAME: Veriaweather   CITY: Veria   STATE: Imathia 
ELEV:   158 m  LAT:  40° 31' 23" N  LONG:  22° 12' 19" E

                   TEMPERATURE (°C), RAIN  (mm), WIND SPEED (km/hr)

                                      HEAT  COOL        AVG
    MEAN                              DEG   DEG         WIND                 DOM
DAY TEMP  HIGH   TIME   LOW    TIME   DAYS  DAYS  RAIN  SPEED HIGH   TIME    DIR
------------------------------------------------------------------------------------
 1   0.8   3.3   15:30  -2.4    5:45  17.5   0.0   0.0   0.0   0.0     ---   ---
 2   5.5   8.7   14:55   1.6    4:50  12.8   0.0   2.0   0.0   0.0     ---   ---
 3  13.2  19.8   15:50   5.1    5:10   5.3   0.2   2.0   0.0   0.0     ---   ---
 4  17.0  22.0   16:15  13.6    2:40   2.0   0.7   0.0   0.0   0.0     ---   ---
 5  10.1  14.1    0:25   8.8   22:15   8.3   0.0   6.3   0.0   0.0     ---   ---
 6   9.9  11.5   15:15   8.6    6:00   8.3   0.0   1.8   0.0   0.0     ---   ---
 7  15.9  20.3   16:30   9.5    2:15   2.7   0.4   0.3   0.0   0.0     ---   ---
 8  14.5  19.7   15:20  10.3    8:05   3.8   0.0   0.0   0.0   0.0     ---   ---
 9  12.8  18.6   16:05   8.2    6:00   5.5   0.0   0.0   0.0   0.0     ---   ---
10  12.9  20.3   16:40   7.3    7:15   5.6   0.2   0.0   0.0   0.0     ---   ---
11  13.9  21.8   15:55   7.7    6:50   4.9   0.5   0.0   0.0   0.0     ---   ---
12  12.6  17.2   16:30   8.6    6:55   5.7   0.0   2.5   0.0   0.0     ---   ---
13  15.8  20.0   12:50  11.8    1:05   2.7   0.2   0.0   0.0   0.0     ---   ---
14  15.8  20.2   15:55  11.6   00:00   2.6   0.1   0.0   0.0   0.0     ---   ---
15  14.6  20.5   14:55   9.1    7:00   3.9   0.3   0.0   0.0   0.0     ---   ---
16  12.2  14.9   15:00  10.3    4:45   6.1   0.0   0.0   0.0   0.0     ---   ---
17  13.6  18.7   16:35   9.4    5:40   4.8   0.0   0.0   0.0   0.0     ---   ---
18  16.0  20.4   17:00  13.3    7:50   2.5   0.2   0.0   0.0   0.0     ---   ---
19  13.3  16.2    0:05  10.7   23:55   5.0   0.0   2.8   0.0   0.0     ---   ---
20  14.8  18.9   16:05  11.1    2:50   3.5   0.0   0.0   0.0   0.0     ---   ---
21  12.1  14.6    0:05  10.1   13:00   6.3   0.0   6.6   0.0   0.0     ---   ---
22   7.0  11.4    0:05   5.1   11:15  11.3   0.0  11.7   0.0   0.0     ---   ---
23   6.5   8.1   18:00   5.0    6:45  11.8   0.0   2.5   0.0   0.0     ---   ---
24   7.1  10.8   14:50   3.4    7:50  11.2   0.0   3.6   0.0   0.0     ---   ---
25   7.1   7.6   15:20   6.4    7:35  10.7   0.0  17.5   0.0   0.0     ---   ---
26  10.4  13.0   12:25   7.5    0:40   7.9   0.0   0.5   0.0   0.0     ---   ---
27  12.4  18.2   13:45   8.8    7:55   5.9   0.0   1.3   0.0   0.0     ---   ---
28  12.6  17.2   17:30   9.1    7:50   5.8   0.0   0.0   0.0   0.0     ---   ---
29  13.5  20.6   18:15   7.6    6:30   5.1   0.3   0.0   0.0   0.0     ---   ---
30  13.1  20.0   17:55   7.6    7:00   5.3   0.1   0.0   0.0   0.0     ---   ---
31  13.1  16.1   17:45  10.6    5:35   5.2   0.0   0.0   0.0   0.0     ---   ---
-------------------------------------------------------------------------------------
    11.9  22.0     4    -2.4     1   200.1   3.3  61.5   0.0   0.0     ---   ---

Max >=  32.0:  0
Max <=   0.0:  0
Min <=   0.0:  1
Min <= -18.0:  0
Max Rain: 17.53 ON 25/03/18
Days of Rain: 14 (> .2 mm) 10 (> 2 mm) 0 (> 20 mm)
Heat Base:  18.3  Cool Base:  18.3  Method: Integration