NOAA-Style Climate Reports


Report for 2018 Ιανουάριος
                   MONTHLY CLIMATOLOGICAL SUMMARY for JAN. 2018

NAME: Veriaweather   CITY: Veria   STATE: Imathia 
ELEV:   158 m  LAT:  40° 31' 23" N  LONG:  22° 12' 19" E

                   TEMPERATURE (°C), RAIN  (mm), WIND SPEED (km/hr)

                                      HEAT  COOL        AVG
    MEAN                              DEG   DEG         WIND                 DOM
DAY TEMP  HIGH   TIME   LOW    TIME   DAYS  DAYS  RAIN  SPEED HIGH   TIME    DIR
------------------------------------------------------------------------------------
 1   8.2  13.9   14:35   4.4    7:25  10.1   0.0   0.0   1.9  14.5    3:35   WNW
 2  10.4  16.2   15:35   6.4    7:50   7.9   0.0   0.3   3.2  22.5   20:05   WNW
 3  10.1  14.5   15:15   7.0   20:55   8.2   0.0   0.0   3.9  30.6    4:20   WNW
 4   8.1  11.8   14:40   5.5    7:55  10.2   0.0   2.8   4.8  35.4   15:30    NE
 5   8.2  13.8   15:05   4.7    7:45  10.1   0.0   0.0   4.5  29.0    1:20   WNW
 6   8.3  14.1   13:55   4.9    8:10  10.0   0.0   0.0   3.2  17.7   21:40   WNW
 7   9.2  14.8   14:45   6.6    4:00   9.1   0.0   0.0   6.3  22.5    5:40   WNW
 8   8.9  12.0   13:20   6.8    5:20   9.4   0.0   0.0   1.3  14.5    1:25   WNW
 9   8.2  10.7   13:10   6.2    8:15  10.1   0.0   0.0   1.8  17.7    3:00   WNW
10   8.7   9.3    4:00   7.9    8:55   9.6   0.0   0.0   0.3  11.3    1:40   WNW
11   9.4  11.3   15:00   7.7    9:10   8.9   0.0   0.3   0.3  11.3   10:15   NNW
12   8.6   9.8    0:05   8.0   13:05   9.7   0.0  10.2   0.6  11.3   14:55    NW
13   7.3   8.6    2:10   5.9   21:05  11.0   0.0   9.7   0.0   0.0     ---   ---
14   5.6   6.5    0:05   4.3   00:00  12.7   0.0   0.5   0.0   0.0     ---   ---
15   3.8   4.6   16:10   2.6    9:10  14.5   0.0   2.5   0.0   0.0     ---   ---
16   6.0   9.9   16:25   3.0    8:05  12.3   0.0   0.0   0.0   0.0     ---   ---
17   6.7  14.9   20:50   4.2    7:40  11.6   0.0   0.8   0.0   0.0     ---   ---
18   7.7  12.1    0:05   4.6    8:20  10.6   0.0   1.0   0.0   0.0     ---   ---
19   6.7  12.8   15:25   2.2    7:45  11.6   0.0   0.0   0.0   0.0     ---   ---
20   8.1  12.4   15:15   4.8    8:30  10.2   0.0   0.0   0.0   0.0     ---   ---
21   6.8   8.9   15:40   5.1   10:00  11.4   0.0   0.0   0.0   0.0     ---   ---
22   6.3   8.7   14:05   2.4   00:00  11.9   0.0   2.5   0.0   0.0     ---   ---
23   4.8   9.7   13:20   0.7    8:15  13.5   0.0   0.0   0.0   0.0     ---   ---
24   4.3   8.7   14:05   1.7    7:45  14.0   0.0   0.0   0.0   0.0     ---   ---
25   3.5   8.9   16:15  -0.4    7:55  14.8   0.0   0.0   0.0   0.0     ---   ---
26   4.3  10.3   16:25   0.3    7:55  14.0   0.0   0.0   0.0   0.0     ---   ---
27   5.7  12.2   15:10   1.8    8:10  12.6   0.0   0.0   0.0   0.0     ---   ---
28   7.1  13.7   15:45   2.9    7:15  11.2   0.0   0.0   0.0   0.0     ---   ---
29  11.3  20.4   14:25   5.5    2:40   7.2   0.2   0.0   2.4  22.5   18:40   WNW
30  12.8  20.2   15:45   8.4    7:40   5.6   0.1   0.0   3.7  22.5   23:30   WNW
31  11.3  16.9   15:35   7.0   00:00   7.0   0.0   0.0   3.7  24.1    5:00   WNW
-------------------------------------------------------------------------------------
     7.6  20.4    29    -0.4    25   331.1   0.3  30.5   1.4  35.4     4     WNW

Max >=  32.0:  0
Max <=   0.0:  0
Min <=   0.0:  1
Min <= -18.0:  0
Max Rain: 10.16 ON 12/01/18
Days of Rain: 10 (> .2 mm) 5 (> 2 mm) 0 (> 20 mm)
Heat Base:  18.3  Cool Base:  18.3  Method: Integration