NOAA-Style Climate Reports


Report for 2017 Δεκέμβριος
                   MONTHLY CLIMATOLOGICAL SUMMARY for DEC. 2017

NAME: Veriaweather   CITY: Veria   STATE: Imathia 
ELEV:   158 m  LAT:  40° 31' 23" N  LONG:  22° 12' 19" E

                   TEMPERATURE (°C), RAIN  (mm), WIND SPEED (km/hr)

                                      HEAT  COOL        AVG
    MEAN                              DEG   DEG         WIND                 DOM
DAY TEMP  HIGH   TIME   LOW    TIME   DAYS  DAYS  RAIN  SPEED HIGH   TIME    DIR
------------------------------------------------------------------------------------
 1  13.3  15.6   13:30  10.3    1:55   5.0   0.0   1.5   0.8  16.1    8:35    NW
 2  13.1  14.3   13:45  11.5   21:30   5.2   0.0  13.5   1.3  25.7    2:00     W
 3  14.1  19.8   15:40  10.8   22:25   4.3   0.1   0.0   4.3  32.2   13:25     W
 4  11.7  16.1   15:30   6.8   23:55   6.6   0.0   0.0   3.9  27.4    8:25    NE
 5   6.6   9.9   12:50   3.7    6:45  11.7   0.0   0.0   6.4  40.2   12:10    NE
 6   7.6  13.8   15:00   2.3    3:15  10.7   0.0   0.0   4.0  24.1    0:35   WNW
 7  10.7  19.2   14:45   7.0    1:40   7.6   0.0   0.0   4.3  25.7    6:40   WNW
 8   8.8  14.1   14:15   5.1    6:35   9.5   0.0   0.0   3.1  17.7    0:45   WNW
 9   8.8  13.1   21:00   5.3    6:25   9.5   0.0   0.5   3.4  35.4   21:15   NNE
10   9.1  11.8   12:00   4.4   23:20   9.2   0.0   0.3   4.7  40.2    7:25    NW
11   7.0  13.1   14:25   3.2    5:25  11.3   0.0   0.0   3.4  19.3   21:40   WNW
12   9.1  14.3   15:25   5.2    4:20   9.2   0.0   0.0   1.9  16.1    0:05    NW
13  11.2  16.7   22:55   7.3    8:45   7.1   0.0   0.0   1.6  30.6   22:10   NNW
14  14.9  19.4   14:00  10.9    8:00   3.4   0.0   0.0   4.8  32.2   20:25   WNW
15  13.3  16.5   13:10  10.4   23:50   5.0   0.0   0.0   6.0  45.1    5:15   ENE
16  11.8  13.8   14:40   9.2    3:00   6.5   0.0   0.0   0.8  14.5    2:55    NW
17  10.2  12.8   15:10   6.4   00:00   8.1   0.0   0.5   1.0  14.5   15:45     W
18   5.2   6.6   13:55   3.8    9:25  13.1   0.0   0.3   1.3  14.5    9:30    SW
19   3.8   7.7   14:35   1.2   23:15  14.5   0.0   0.0   3.7  20.9   22:50   WNW
20   2.6   7.5   14:35  -0.5    8:05  15.7   0.0   0.0   6.1  25.7    8:00     W
21   2.4   3.4   22:45   1.1    0:10  15.9   0.0   0.0   1.9  12.9    2:05     W
22   2.3   4.2   14:45   0.6    8:50  16.0   0.0   0.0   2.9  22.5   23:05    SW
23   5.9   9.7   13:05   1.5    2:30  12.4   0.0   0.0  11.4  45.1   10:30    NE
24  10.8  18.6   14:40   5.2    3:35   7.5   0.0   0.0   5.6  27.4   20:25     W
25  11.6  17.4   14:55   8.2   23:55   6.7   0.0   0.0   3.7  30.6    0:25   WNW
26   8.7  14.6   14:40   5.4    8:15   9.6   0.0   0.0   3.1  17.7   22:50   WNW
27   8.0  10.4   13:15   6.2    6:10  10.3   0.0   0.0   2.1  17.7    2:05   WNW
28   8.8  10.8   15:10   6.6    1:40   9.5   0.0   0.8   1.6  19.3   22:30   WNW
29  10.4  13.9   15:10   7.9    3:15   7.9   0.0   0.0   4.3  29.0   17:50   WNW
30   8.3  14.2   14:20   4.9    8:10  10.0   0.0   0.0   4.5  24.1    4:40   WNW
31   7.4  12.7   14:35   3.9    8:00  10.8   0.0   0.0   4.2  24.1    0:25     W
-------------------------------------------------------------------------------------
     8.9  19.8     3    -0.5    20   290.2   0.2  17.3   3.6  45.1    15     WNW

Max >=  32.0:  0
Max <=   0.0:  0
Min <=   0.0:  1
Min <= -18.0:  0
Max Rain: 13.46 ON 02/12/17
Days of Rain: 7 (> .2 mm) 1 (> 2 mm) 0 (> 20 mm)
Heat Base:  18.3  Cool Base:  18.3  Method: Integration