NOAA-Style Climate Reports


Report for 2017 Νοέμβριος
                   MONTHLY CLIMATOLOGICAL SUMMARY for NOV. 2017

NAME: Veriaweather   CITY: Veria   STATE: Imathia 
ELEV:   158 m  LAT:  40° 31' 23" N  LONG:  22° 12' 19" E

                   TEMPERATURE (°C), RAIN  (mm), WIND SPEED (km/hr)

                                      HEAT  COOL        AVG
    MEAN                              DEG   DEG         WIND                 DOM
DAY TEMP  HIGH   TIME   LOW    TIME   DAYS  DAYS  RAIN  SPEED HIGH   TIME    DIR
------------------------------------------------------------------------------------
 1   9.7  15.6   15:20   5.6    6:40   8.6   0.0   0.0   0.0   0.0     ---   ---
 2  10.6  17.9   16:15   5.4    7:05   7.8   0.0   0.0   0.0   0.0     ---   ---
 3  11.2  15.2   15:20   7.6    4:35   7.1   0.0   0.0   0.0   0.0     ---   ---
 4  12.7  17.4   15:40  10.5    6:50   5.6   0.0   0.3   0.0   0.0     ---   ---
 5  11.9  17.8   15:40   8.7    6:30   6.4   0.0   0.0   0.0   0.0     ---   ---
 6  12.1  16.1   13:05   8.0    6:10   6.3   0.0   0.0   0.0   0.0     ---   ---
 7  12.3  13.3    0:05  11.8    4:50   6.0   0.0   0.0   0.0   0.0     ---   ---
 8  12.8  14.9   14:40  10.2   23:20   5.5   0.0   4.6   0.0   0.0     ---   ---
 9  12.9  18.8   14:10   9.3    7:25   5.4   0.0   0.0   0.0   0.0     ---   ---
10  13.2  18.7   13:15   9.2    7:35   5.1   0.0   0.0   0.0   0.0     ---   ---
11  12.1  13.7   15:15  10.9    5:15   6.2   0.0   7.1   0.0   0.0     ---   ---
12  13.3  17.2   12:40  11.2    5:40   4.9   0.0   0.0   0.0   0.0     ---   ---
13  14.6  17.3   10:05  12.7    0:35   3.8   0.0   0.0   0.0   0.0     ---   ---
14  15.0  17.1   10:50  12.5    2:25   3.3   0.0   5.1   0.0   0.0     ---   ---
15  14.7  16.3   14:35  13.0   00:00   3.1   0.0  28.7   0.0   0.0     ---   ---
16  12.8  14.3    0:40  11.9   13:55   5.5   0.0  86.6   0.0   0.0     ---   ---
17  11.6  12.3    0:05  11.1   12:05   6.7   0.0  40.6   0.0   0.0     ---   ---
18  12.5  13.7   16:00  11.6    5:30   5.8   0.0   1.0   0.0   0.0     ---   ---
19  12.1  15.4   14:35  10.1    8:15   6.2   0.0   0.0   0.0   0.0     ---   ---
20   9.4  11.6   12:50   7.7   00:00   8.9   0.0   0.0   0.0   0.0     ---   ---
21   8.2  13.9   15:55   4.3    5:30  10.2   0.0   0.0   0.0   0.0     ---   ---
22   9.4  15.0   14:00   5.3    7:40   8.8   0.0   0.0   0.0   0.0     ---   ---
23  11.6  18.4   15:20   7.4    6:30   6.7   0.0   0.0   0.0   0.0     ---   ---
24  11.2  16.9   15:25   7.4    6:40   7.1   0.0   0.0   0.0   0.0     ---   ---
25  10.6  15.8   13:50   7.6    5:35   7.7   0.0   0.0   0.0   0.0     ---   ---
26  11.0  16.2   13:55   7.2    7:50   7.3   0.0   0.0   0.0   0.0     ---   ---
27   8.6  10.8    0:05   4.6   23:30   9.7   0.0  11.2   0.0   0.0     ---   ---
28   5.8  11.0   14:45   3.1   23:55  12.5   0.0   0.0   0.0   0.0     ---   ---
29   5.3  10.7   15:40   1.7    7:25  13.0   0.0   0.0   2.1  17.7   18:55   WNW
30   8.2  10.6   15:55   5.3    0:05  10.1   0.0   0.0   0.6  12.9   19:05   WNW
-------------------------------------------------------------------------------------
    11.2  18.8     9     1.7    29   211.3   0.0 185.2   0.1  17.7    29     WNW

Max >=  32.0:  0
Max <=   0.0:  0
Min <=   0.0:  0
Min <= -18.0:  0
Max Rain: 86.61 ON 16/11/17
Days of Rain: 9 (> .2 mm) 7 (> 2 mm) 3 (> 20 mm)
Heat Base:  18.3  Cool Base:  18.3  Method: Integration