NOAA-Style Climate Reports


Report for 2017 Σεπτέμβριος
                   MONTHLY CLIMATOLOGICAL SUMMARY for SEP. 2017

NAME: Veriaweather   CITY: Veria   STATE: Imathia 
ELEV:   158 m  LAT:  40° 31' 23" N  LONG:  22° 12' 19" E

                   TEMPERATURE (°C), RAIN  (mm), WIND SPEED (km/hr)

                                      HEAT  COOL        AVG
    MEAN                              DEG   DEG         WIND                 DOM
DAY TEMP  HIGH   TIME   LOW    TIME   DAYS  DAYS  RAIN  SPEED HIGH   TIME    DIR
------------------------------------------------------------------------------------
 1  23.3  30.1   16:50  17.7    6:45   0.0   5.1   0.0   0.0   0.0     ---   ---
 2  24.9  31.6   16:20  19.4    6:35   0.0   6.6   0.0   0.0   0.0     ---   ---
 3  25.2  31.2   18:50  20.4    7:10   0.0   6.9   0.0   0.0   0.0     ---   ---
 4  24.2  28.8   16:40  20.2    6:05   0.0   5.9   0.0   0.0   0.0     ---   ---
 5  21.4  24.9   12:55  17.4   00:00   0.0   3.1   0.8   0.0   0.0     ---   ---
 6  21.7  28.7   16:40  16.1    3:40   0.6   4.0   0.3   0.0   0.0     ---   ---
 7  22.9  29.7   18:15  17.0    6:55   0.1   4.7   0.0   0.0   0.0     ---   ---
 8  23.8  30.3   16:20  18.2    7:15   0.0   5.5   0.0   0.0   0.0     ---   ---
 9  22.3  26.7   14:25  19.8   23:45   0.0   4.1   0.0   0.0   0.0     ---   ---
10  23.6  30.5   17:05  18.1    7:35   0.0   5.3   0.0   0.0   0.0     ---   ---
11  23.4  28.5   15:45  18.9    6:35   0.0   5.1   0.0   0.0   0.0     ---   ---
12  26.7  32.4   14:50  21.3    1:45   0.0   8.4   0.0   0.0   0.0     ---   ---
13  26.8  31.7   16:45  22.2    4:10   0.0   8.5   0.0   0.0   0.0     ---   ---
14  25.9  31.9   16:25  20.9    7:30   0.0   7.6   0.0   0.0   0.0     ---   ---
15  25.0  31.8   17:05  19.1    5:40   0.0   6.7   0.0   0.0   0.0     ---   ---
16  26.2  33.7   16:40  20.0    6:30   0.0   7.9   0.0   0.0   0.0     ---   ---
17  26.8  34.6   17:20  20.8    5:25   0.0   8.5   0.0   0.0   0.0     ---   ---
18  27.7  35.1   16:35  21.1    7:20   0.0   9.4   0.0   0.0   0.0     ---   ---
19  26.6  32.8   17:55  20.6    7:45   0.0   8.3   0.0   0.0   0.0     ---   ---
20  24.4  29.7   12:40  21.3    6:35   0.0   4.6   0.0   0.0   0.0     ---   ---
21  20.8  24.9   17:15  16.8   00:00   0.1   2.6   0.0   0.0   1.6   18:20   NNE
22  18.9  25.0   17:45  13.7    6:55   1.3   1.9   0.0   0.0   0.0     ---   ---
23  19.2  25.6   17:40  13.7    5:05   1.3   2.2   0.0   0.0   0.0     ---   ---
24  20.3  26.8   15:30  15.2    7:10   0.6   2.7   0.0   0.0   0.0     ---   ---
25  20.2  22.6   16:55  17.1    7:10   0.1   2.0   0.0   0.0   0.0     ---   ---
26  19.3  23.7   13:10  16.9   22:10   0.2   1.1   0.0   0.0   0.0     ---   ---
27  19.4  24.9   14:25  14.7    7:00   0.9   2.1   0.0   0.0   0.0     ---   ---
28  17.2  19.2   14:45  15.6    6:35   1.2   0.1   5.8   0.0   0.0     ---   ---
29  16.7  19.0   14:55  15.6    4:00   1.6   0.0   0.0   0.0   0.0     ---   ---
30  16.4  19.1   17:10  14.6    7:50   1.9   0.1   0.0   0.0   0.0     ---   ---
-------------------------------------------------------------------------------------
    22.7  35.1    18    13.7    22    10.1 140.8   6.9   0.0   1.6    21     NNE

Max >=  32.0:  5
Max <=   0.0:  0
Min <=   0.0:  0
Min <= -18.0:  0
Max Rain: 5.84 ON 28/09/17
Days of Rain: 3 (> .2 mm) 1 (> 2 mm) 0 (> 20 mm)
Heat Base:  18.3  Cool Base:  18.3  Method: Integration