NOAA-Style Climate Reports


Report for 2017 Αύγουστος
                   MONTHLY CLIMATOLOGICAL SUMMARY for AUG. 2017

NAME: Veriaweather   CITY: Veria   STATE: Imathia 
ELEV:   158 m  LAT:  40° 31' 23" N  LONG:  22° 12' 19" E

                   TEMPERATURE (°C), RAIN  (mm), WIND SPEED (km/hr)

                                      HEAT  COOL        AVG
    MEAN                              DEG   DEG         WIND                 DOM
DAY TEMP  HIGH   TIME   LOW    TIME   DAYS  DAYS  RAIN  SPEED HIGH   TIME    DIR
------------------------------------------------------------------------------------
 1  27.9  34.7   17:05  22.4    5:50   0.0   9.6   0.0   0.0   0.0     ---   ---
 2  28.6  36.0   18:25  22.8    6:00   0.0  10.3   0.0   0.0   0.0     ---   ---
 3  29.7  37.7   18:35  23.6    6:35   0.0  11.3   0.0   0.0   0.0     ---   ---
 4  30.6  38.2   18:25  24.2    5:10   0.0  12.3   0.0   0.0   0.0     ---   ---
 5  31.2  38.6   17:30  25.0    6:35   0.0  12.9   0.0   0.0   0.0     ---   ---
 6  32.1  39.1   18:40  26.1    6:50   0.0  13.7   0.0   0.0   0.0     ---   ---
 7  31.9  38.0   14:55  26.6    6:55   0.0  13.6   0.0   0.0   0.0     ---   ---
 8  31.0  36.1   16:00  26.4    7:55   0.0  12.7   0.0   0.0   0.0     ---   ---
 9  31.2  37.3   16:10  25.8    6:45   0.0  12.9   0.0   0.0   0.0     ---   ---
10  31.1  37.1   16:55  25.9    7:30   0.0  12.8   0.0   0.0   0.0     ---   ---
11  30.4  36.4   16:45  25.1    7:05   0.0  12.1   0.0   0.0   0.0     ---   ---
12  29.4  35.8   16:40  24.5    7:10   0.0  11.1   0.0   0.0   0.0     ---   ---
13  26.0  30.1   14:20  21.3   23:40   0.0   7.7   0.0   0.0   0.0     ---   ---
14  24.9  31.3   19:25  18.7    6:45   0.0   6.6   0.0   0.0   0.0     ---   ---
15  26.6  32.6   17:20  20.7    7:20   0.0   8.3   0.0   0.0   0.0     ---   ---
16  29.1  35.0   17:20  23.4    7:25   0.0  10.8   0.0   0.0   0.0     ---   ---
17  29.7  34.9   17:15  24.6    5:50   0.0  11.4   0.0   0.0   0.0     ---   ---
18  29.0  34.7   16:10  24.0    7:00   0.0  10.7   0.0   0.0   0.0     ---   ---
19  29.7  35.8   15:55  24.5    6:15   0.0  11.4   0.0   0.0   0.0     ---   ---
20  28.6  34.8   16:50  22.9    6:55   0.0  10.3   0.0   0.0   0.0     ---   ---
21  23.9  28.0   14:05  20.1    9:35   0.0   5.7   9.7   0.0   0.0     ---   ---
22  22.6  27.6   15:15  17.6    7:05   0.0   4.3   0.0   0.0   0.0     ---   ---
23  22.9  29.3   17:00  17.7    7:15   0.0   4.7   0.0   0.0   0.0     ---   ---
24  24.2  30.7   16:10  18.7    6:55   0.0   5.9   0.0   0.0   0.0     ---   ---
25  24.2  31.4   17:20  17.6    5:55   0.0   5.9   0.0   0.0   0.0     ---   ---
26  25.0  33.8   18:30  18.7    6:45   0.0   6.7   0.0   0.0   0.0     ---   ---
27  26.3  35.1   18:10  20.1    5:25   0.0   8.1   0.0   0.0   0.0     ---   ---
28  27.4  36.1   17:00  20.6    7:05   0.0   9.1   0.0   0.0   0.0     ---   ---
29  24.7  28.2    0:05  20.0   23:20   0.0   6.4   5.6   0.0   0.0     ---   ---
30  22.2  28.2   16:25  18.6    4:30   0.0   3.9  10.2   0.0   0.0     ---   ---
31  22.7  29.1   16:10  17.4    7:15   0.1   4.5   0.0   0.0   0.0     ---   ---
-------------------------------------------------------------------------------------
    27.6  39.1     6    17.4    31     0.2 287.8  25.4   0.0   0.0     ---   ---

Max >=  32.0: 21
Max <=   0.0:  0
Min <=   0.0:  0
Min <= -18.0:  0
Max Rain: 10.16 ON 30/08/17
Days of Rain: 3 (> .2 mm) 3 (> 2 mm) 0 (> 20 mm)
Heat Base:  18.3  Cool Base:  18.3  Method: Integration